-- Table structure for table `form_types`
--

CREATE TABLE `form_types` (
  `form_type_id` bigint NOT NULL,
  `form_type_name` varchar(200) NOT NULL,
  PRIMARY KEY (`form_type_id`),
  KEY `form_type_id` (`form_type_id`),
  KEY `form_type_name` (`form_type_name`)
) ENGINE=InnoDB DEFAULT CHARSET=utf8mb4 COLLATE=utf8mb4_0900_ai_ci;

--
-- Dumping data for table `form_types`
--

INSERT INTO `form_types` VALUES (230707104316784126,'Budget'),(230707104342928093,'Daily'),(230707104324159089,'Measure'),(230707104335642135,'Planned');

--
-- Table structure for table `forms_group`
--

CREATE TABLE `forms_group` (
  `form_group_id` bigint NOT NULL,
  `form_group_name` varchar(200) NOT NULL,
  PRIMARY KEY (`form_group_id`),
  KEY `form_group_id` (`form_group_id`)
) ENGINE=InnoDB DEFAULT CHARSET=utf8mb4 COLLATE=utf8mb4_0900_ai_ci;

--
-- Dumping data for table `forms_group`
--

INSERT INTO `forms_group` VALUES (230710095837465124,'General details'),(230710095837465125,'Issues'),(230710095837465126,'Associated details'),(230710095837465127,'Descriptive details'),(230710095837465128,'Scope/deliverable details'),(230710095837465129,'Timeline details'),(230710095837465130,'Cost details'),(230710095837465131,'Owner details'),(230710095837465132,'Staff on site details'),(230710095837465133,'Sub-Contractors on site details'),(230710095837465134,'Overtime details'),(230710095837465135,'Information outstanding details'),(230710095837465136,'Work done details'),(230710095837465137,'Variation Received/written instructions details');

--
-- Table structure for table `forms_group_title`
--

CREATE TABLE `forms_group_title` (
  `form_group_title_id` bigint NOT NULL,
  `form_group_title` varchar(200) NOT NULL,
  `form_group_id` bigint NOT NULL,
  `project_form_id` bigint NOT NULL,
  PRIMARY KEY (`form_group_title_id`),
  KEY `form_group_title_id` (`form_group_title_id`),
  KEY `form_group_id` (`form_group_id`),
  KEY `project_form_id` (`project_form_id`),
  CONSTRAINT `forms_group_title_ibfk_1` FOREIGN KEY (`form_group_id`) REFERENCES `forms_group` (`form_group_id`) ON DELETE RESTRICT ON UPDATE CASCADE,
  CONSTRAINT `forms_group_title_ibfk_2` FOREIGN KEY (`project_form_id`) REFERENCES `project_forms` (`project_form_id`) ON DELETE RESTRICT ON UPDATE CASCADE
) ENGINE=InnoDB DEFAULT CHARSET=utf8mb4 COLLATE=utf8mb4_0900_ai_ci;

--
-- Dumping data for table `forms_group_title`
--


--
-- Table structure for table `planned_field`
--

CREATE TABLE `planned_field` (
  `planned_field_id` bigint NOT NULL,
  `planned_field` varchar(200) NOT NULL,
  `created_date` date NOT NULL,
  `sort_order` int NOT NULL,
  `is_active` int NOT NULL DEFAULT '0',
  `project_form_id` bigint NOT NULL,
  PRIMARY KEY (`planned_field_id`),
  KEY `planned_field_id` (`planned_field_id`),
  KEY `project_form_id` (`project_form_id`),
  CONSTRAINT `planned_field_ibfk_1` FOREIGN KEY (`project_form_id`) REFERENCES `project_forms` (`project_form_id`) ON DELETE RESTRICT ON UPDATE CASCADE
) ENGINE=InnoDB DEFAULT CHARSET=utf8mb4 COLLATE=utf8mb4_0900_ai_ci;

--
-- Dumping data for table `planned_field`
--

INSERT INTO `planned_field` VALUES (240321154009645116,'Clear & Grubb','2024-03-21',1,1,240321142436556167),(240321154024666348,'Base Layer ','2024-03-21',2,1,240321142436556167),(240321154039357640,'Culverts','2024-03-21',3,1,240321142436556167),(240529085600385316,'Cut to Spoil','2024-05-29',1,1,240529084256060142),(240529085621518268,'Roadbed','2024-05-29',2,1,240529084256060142),(240529085655928195,'G7 Fillayer','2024-05-29',3,1,240529084256060142),(240529091317282222,'Clear & Grub','2024-05-29',1,1,240529091144352174),(240529091348639786,'Stripping Topsoil to Spoil','2024-05-29',2,1,240529091144352174),(240529091420319380,'Cut to Spoil / Box Cut','2024-05-29',3,1,240529091144352174),(240529091438554209,'Roadbed','2024-05-29',4,1,240529091144352174),(240529091458913128,'G7 Fillayer','2024-05-29',5,1,240529091144352174),(240529171627818113,'Fill','2024-05-29',1,1,240529171015458133),(240529172355499323,'Box Cut / Cut to Spoil','2024-05-29',1,1,240529172026502718),(240529172418189106,'Roadbed','2024-05-29',2,1,240529172026502718),(240529172439312145,'G7 Fillayer','2024-05-29',3,1,240529172026502718),(240529173337008330,'C3 Layer 150mm','2024-05-29',3,1,240529173049783133),(240529174001139224,'Clear & Grub','2024-05-29',1,1,240529173733413151),(240529174028378101,'Stripping Topsoil','2024-05-29',2,1,240529173733413151),(240529174123193890,'G7 fill layer','2024-05-29',3,1,240529173733413151),(240529174158065168,'Cut to Spoil ','2024-05-29',4,1,240529173733413151),(240529174223665280,'Roadbed','2024-05-29',5,1,240529173733413151),(240529175553819232,'C4 Layer 150mm','2024-05-29',2,1,240529175244979136),(240529180219771477,'Clear & Grub','2024-05-29',1,1,240529180017423368),(240529180245595169,'Stripping Topsoil','2024-05-29',2,1,240529180017423368),(240529180309453220,'Load & Haul Topsoil','2024-05-29',3,1,240529180017423368),(240529181203864203,'Excavate Footing ','2024-05-29',1,1,240529180825403170),(240529181230737236,'G7 Foundation','2024-05-29',2,1,240529180825403170),(240529181252169407,'Installation','2024-05-29',3,1,240529180825403170),(240529181312933279,'Blinding','2024-05-29',4,1,240529180825403170),(240529182656557160,'Clear & Grub','2024-05-29',1,1,240529181730068117),(240529182745638218,'Load & Hauling of Houses','2024-05-29',2,1,240529181730068117),(240529182830297132,'Stripping of Topsoil','2024-05-29',3,1,240529181730068117),(240529182849618417,'Roadbed','2024-05-29',4,1,240529181730068117),(240529182914126257,'Import to Fill','2024-05-29',5,1,240529181730068117),(240529183657375049,'Cut to Spoil','2024-05-29',1,1,240529183417436117),(240529184311053294,'Fill','2024-05-29',1,1,240529184054734114),(240529185000754276,'G7','2024-05-29',1,1,240529184739973061),(240530092533218247,'Clear & Grub','2024-05-30',1,1,240530092331942080),(240530092557542121,'Excavation','2024-05-30',2,1,240530092331942080),(240530092621413133,'Bedding','2024-05-30',3,1,240530092331942080),(240530092635061236,'Pipe Laying','2024-05-30',4,1,240530092331942080),(240530092649182091,'Backfill','2024-05-30',5,1,240530092331942080),(240530094453146407,'Demolishing of Existing Structures','2024-05-30',1,1,240530093433480069),(240530094535095386,'Removing Existing Concrete (Max 300 mm)','2024-05-30',2,1,240530093433480069),(240530094601620058,'Excavation','2024-05-30',3,1,240530093433480069),(240530094621150050,'Bedding','2024-05-30',4,1,240530093433480069),(240530094657699441,'Pipe Laying','2024-05-30',5,1,240530093433480069),(240530101504084063,'Backfill','2024-05-30',5,1,240530101152263073),(240530101629304369,'Removing Existing Concrete (Max  300 mm)','2024-05-30',1,1,240530101152263073),(240530101659062127,'Excavation','2024-05-30',2,1,240530101152263073),(240530101725876108,'Bedding','2024-05-30',3,1,240530101152263073),(240530101750174230,'Pipe Laying ','2024-05-30',4,1,240530101152263073),(240530103025040055,'Inspection of Trees','2024-05-30',1,1,240530102728513090),(240530103140803335,'Number of Trees Fell - I1','2024-05-30',2,1,240530102728513090),(240530103457791479,'Number of Trees Fell - I2','2024-05-30',3,1,240530102728513090),(240530103542031183,'Number of Truck Loads to be Removed - I3','2024-05-30',4,1,240530102728513090),(240605123431210345,'C3 Layer 150mm','2024-06-05',3,1,240529175244979136),(240605123459283062,'BTB Layer 180mm','2024-06-05',4,1,240529175244979136),(240605123512527065,'Import to Fill','2024-06-05',1,1,240529175244979136),(240605123541167264,'Wearing Course 45mm','2024-06-05',5,1,240529175244979136),(240612091505631449,'Clear & Grub','2024-06-12',1,0,240612080857420139),(240612091539711561,'Stripping Topsoil','2024-06-12',2,0,240612080857420139),(240612091646731229,'Excavation','2024-06-12',1,1,240612080857420139),(240612091745255474,'Bedding','2024-06-12',2,1,240612080857420139),(240612091759369129,'Pipe Laying','2024-06-12',3,1,240612080857420139),(240612091840637175,'Backfilling','2024-06-12',4,1,240612080857420139),(240612142706062458,'Excavation','2024-06-12',1,1,240612142118849073),(240612142712459099,'Bedding','2024-06-12',2,1,240612142118849073),(240612142732134120,'Pipe Laying','2024-06-12',3,1,240612142118849073),(240612142803270109,'Backfill Half Pipe','2024-06-12',4,1,240612142118849073),(240612142815576057,'Backfill Full Depth','2024-06-12',5,1,240612142118849073),(240613063010033233,'Casting of Panels','2024-06-13',5,1,240529180825403170),(240619113103086419,'Clear & Grub','2024-06-19',1,1,240613052439726058),(240619113117623112,'Cut to Spoil','2024-06-19',2,1,240613052439726058),(240619113539361067,'Loading & hualing','2024-06-19',3,1,240613052439726058),(240622081150917079,'Drilling Anchors','2024-06-22',1,1,240606081118597052),(240622081555852075,'Install & Grout Anchors','2024-06-22',2,1,240606081118597052),(240622083056395114,'Flash Coat 50mm','2024-06-22',3,1,240606081118597052),(240622083209807054,'Rebar & Cast In Items Installation','2024-06-22',4,1,240606081118597052),(240622083526394039,'Final Shotcrete Layer','2024-06-22',5,1,240606081118597052),(240711064938588025,'Import to Fill','2024-07-11',1,1,240529173049783133),(240711065934138036,'C4 Layer 150mm','2024-07-11',2,1,240529173049783133),(240711070033060059,'BTB layer 180mm','2024-07-11',4,1,240529173049783133),(240711070049090027,'Wearing Course 45mm','2024-07-11',5,1,240529173049783133),(240711070858704040,'Stage B1 Excavate & Lay Pipe','2024-07-11',5,1,240709141158850031),(240711070910256030,'Stage A2+A4 Excavate & Lay Pipe','2024-07-11',4,1,240709141158850031),(240711070918813026,'Stage A1 Excavate & Lay Pipe','2024-07-11',1,1,240709141158850031),(240711070953270033,'Stage A5 Excavate & Lay Pipe','2024-07-11',2,1,240709141158850031),(240711071001705025,'Stage A10 Excavate & Lay Pipe','2024-07-11',3,1,240709141158850031),(240712071048363024,'Cut to Spoil','2024-07-12',1,1,240712065644636028),(240712071734557026,'Subgrade 150mm G7','2024-07-12',2,1,240712065644636028),(240712071810160018,'C3 LSB 200mm ','2024-07-12',3,1,240712065644636028),(240712071829909018,'C3 MSB 200mm','2024-07-12',4,1,240712065644636028),(240712071849872023,'C3 USB 200mm','2024-07-12',5,1,240712065644636028),(240719071732979019,'A5 - G7 Fill Delivered ','2024-07-19',1,1,240719071211578024),(240719071739878016,'A8 - G7 Fill Delivered ','2024-07-19',2,1,240719071211578024),(240719071751241025,'B1 - G7 Fill Delivered ','2024-07-19',3,1,240719071211578024),(240719071759623016,'B5 - G7 Fill Delivered ','2024-07-19',4,1,240719071211578024),(240724142751876021,'G7 & G8 Material','2024-07-24',1,1,240712072625145020),(240724142839138017,'Blasted Rock','2024-07-24',2,1,240712072625145020),(240724142905268016,'G5 Material','2024-07-24',3,1,240712072625145020),(240806144240413020,'G7 Fill layer','2024-08-06',2,1,240529183417436117),(240812072110115025,'Roadbed','2024-08-12',3,1,240529183417436117),(240819030621864034,'G7 fill layer','2024-08-19',4,1,240613052439726058),(240819073045323054,'Formwork Installation','2024-08-19',1,0,240819064522136019),(240819073055341017,'Formwork Installation','2024-08-19',1,1,240819064522136019),(240819074450071045,'Rebar Installation','2024-08-19',2,1,240819064522136019),(240819074459841028,'Concrete','2024-08-19',3,1,240819064522136019),(240819080340984024,'Formwork Installation','2024-08-19',1,1,240819075608011020),(240819080352087024,'Rebar Installation','2024-08-19',2,1,240819075608011020),(240819080401727024,'Concrete','2024-08-19',3,1,240819075608011020),(240912061848765048,'Miscellaneous Works','2024-09-12',4,1,240819075608011020),(240912062106738020,'Miscellaneous Works','2024-09-12',4,1,240819064522136019),(240912062121577017,'Quality Snag Works','2024-09-12',5,1,240819064522136019),(240916092825723053,'G2','2024-09-16',4,1,240712072625145020),(241007023703586036,'Stabilization','2024-10-07',4,1,240529172026502718),(241007024130275019,'Stabilization','2024-10-07',4,1,240529084256060142);

--
-- Table structure for table `planned_field_details`
--

CREATE TABLE `planned_field_details` (
  `planned_field_detail_id` bigint NOT NULL,
  `planned_date` date NOT NULL,
  `planned_field_detail` decimal(16,2) NOT NULL,
  `planned_field_id` bigint NOT NULL,
  PRIMARY KEY (`planned_field_detail_id`),
  KEY `planned_field_detail_id` (`planned_field_detail_id`),
  KEY `planned_field_id` (`planned_field_id`),
  CONSTRAINT `planned_field_details_ibfk_1` FOREIGN KEY (`planned_field_id`) REFERENCES `planned_field` (`planned_field_id`) ON DELETE RESTRICT ON UPDATE CASCADE
) ENGINE=InnoDB DEFAULT CHARSET=utf8mb4 COLLATE=utf8mb4_0900_ai_ci;

--
-- Dumping data for table `planned_field_details`
--

INSERT INTO `planned_field_details` VALUES (240321154912764543,'2024-03-01',500.00,240321154009645116),(240321154912849117,'2024-03-01',250.00,240321154024666348),(240321154912887113,'2024-03-01',100.00,240321154039357640),(240321155021045439,'2024-03-04',300.00,240321154009645116),(240321155021107097,'2024-03-04',200.00,240321154024666348),(240321155021161336,'2024-03-04',100.00,240321154039357640),(240321155052083247,'2024-03-05',300.00,240321154009645116),(240321155052131097,'2024-03-05',200.00,240321154024666348),(240321155052161129,'2024-03-05',100.00,240321154039357640),(240321155103989200,'2024-03-06',300.00,240321154009645116),(240321155104057131,'2024-03-06',200.00,240321154024666348),(240321155104103174,'2024-03-06',100.00,240321154039357640),(240321155113667130,'2024-03-07',300.00,240321154009645116),(240321155113706160,'2024-03-07',200.00,240321154024666348),(240321155113744110,'2024-03-07',100.00,240321154039357640),(240321155125382131,'2024-03-08',300.00,240321154009645116),(240321155125420075,'2024-03-08',200.00,240321154024666348),(240321155125455102,'2024-03-08',50.00,240321154039357640),(240321155140360108,'2024-03-11',500.00,240321154009645116),(240321155140399130,'2024-03-11',300.00,240321154024666348),(240321155140437766,'2024-03-11',100.00,240321154039357640),(240529090549477715,'2024-05-20',500.00,240529085600385316),(240529090549564132,'2024-05-20',640.00,240529085655928195),(240529090632071331,'2024-05-17',500.00,240529085655928195),(240529090718486184,'2024-05-21',500.00,240529085600385316),(240529090756781138,'2024-05-22',500.00,240529085600385316),(240529090756819115,'2024-05-22',500.00,240529085655928195),(240529092720921383,'2024-05-16',0.00,240529091458913128),(240529092755966700,'2024-05-18',0.00,240529091458913128),(240529092903878169,'2024-05-21',500.00,240529091458913128),(240529092909979153,'2024-05-22',500.00,240529091458913128),(240529172718709089,'2024-05-16',500.00,240529172439312145),(240529172740726484,'2024-05-17',103.00,240529172439312145),(240529174633555424,'2024-05-17',1104.00,240529174028378101),(240529174633606090,'2024-05-17',437.50,240529174158065168),(240529174633636090,'2024-05-17',345.00,240529174223665280),(240529174740389361,'2024-05-16',1100.00,240529174123193890),(240529174740430079,'2024-05-16',500.00,240529174158065168),(240529174740454084,'2024-05-16',675.00,240529174223665280),(240529183150985584,'2024-05-16',3000.00,240529182656557160),(240529183900427137,'2024-05-20',400.00,240529183657375049),(240529183905774050,'2024-05-21',400.00,240529183657375049),(240529183911256060,'2024-05-22',400.00,240529183657375049),(240529184501562067,'2024-05-16',400.00,240529184311053294),(240529184507965056,'2024-05-17',400.00,240529184311053294),(240529184514077060,'2024-05-18',400.00,240529184311053294),(240529184520200077,'2024-05-20',400.00,240529184311053294),(240529184527165133,'2024-05-21',400.00,240529184311053294),(240529184532537068,'2024-05-22',400.00,240529184311053294),(240530092922686293,'2024-05-16',50.00,240530092557542121),(240530092922726066,'2024-05-16',6.00,240530092621413133),(240530093025817083,'2024-05-17',80.00,240530092557542121),(240530093025856062,'2024-05-17',6.00,240530092621413133),(240530093056890163,'2024-05-18',50.00,240530092557542121),(240530093056925061,'2024-05-18',6.00,240530092621413133),(240530093142797409,'2024-05-20',6.00,240530092621413133),(240530093149384076,'2024-05-21',1.00,240530092621413133),(240530093155575087,'2024-05-22',5.00,240530092621413133),(240530094904438074,'2024-05-16',50.00,240530094601620058),(240530094910814061,'2024-05-17',50.00,240530094601620058),(240530102139185196,'2024-05-17',7.00,240530101725876108),(240530102139223060,'2024-05-17',40.00,240530101750174230),(240530102151368123,'2024-05-18',15.00,240530101750174230),(240530102228656172,'2024-05-19',15.00,240530101750174230),(240530102316461121,'2024-05-20',15.00,240530101750174230),(240530103836597234,'2024-05-17',12.00,240530103457791479),(240530103854375066,'2024-05-20',12.00,240530103457791479),(240530103900475054,'2024-05-21',12.00,240530103457791479),(240530103906283062,'2024-05-22',12.00,240530103457791479),(240605123819652388,'2024-05-30',500.00,240605123512527065),(240605123857117145,'2024-06-03',500.00,240605123512527065),(240605123932467194,'2024-06-04',500.00,240605123512527065),(240605123940122056,'2024-06-05',500.00,240605123512527065),(240605123947553057,'2024-06-06',500.00,240605123512527065),(240605124009522330,'2024-06-07',500.00,240605123512527065),(240605124015540053,'2024-06-08',500.00,240605123512527065),(240605124023322127,'2024-06-10',500.00,240605123512527065),(240605124029319066,'2024-06-11',500.00,240605123512527065),(240605124036569050,'2024-06-12',500.00,240605123512527065),(240605124049615068,'2024-06-13',500.00,240605123512527065),(240605124059813076,'2024-06-14',500.00,240605123512527065),(240605124108759057,'2024-06-15',500.00,240605123512527065),(240605130733981380,'2024-06-05',500.00,240529091420319380),(240605130741559056,'2024-06-06',500.00,240529091420319380),(240605130825081067,'2024-06-07',0.00,240529091420319380),(240606062522887372,'2024-05-10',500.00,240529085600385316),(240606073642847122,'2024-06-03',0.00,240529085600385316),(240606073642878035,'2024-06-03',0.00,240529085621518268),(240606073917337281,'2024-06-10',0.00,240529085600385316),(240606073917367078,'2024-06-10',0.00,240529085621518268),(240607054811813446,'2024-06-03',500.00,240529174223665280),(240607054833146127,'2024-06-04',0.00,240529174223665280),(240607054841765087,'2024-06-06',0.00,240529174223665280),(240607054851078065,'2024-06-05',0.00,240529174223665280),(240607085829765630,'2024-06-03',0.00,240529085655928195),(240607085844455054,'2024-06-10',0.00,240529085655928195),(240607094443768372,'2024-05-09',544.00,240530092533218247),(240607094443821039,'2024-05-09',-2.00,240530092557542121),(240607094641111243,'2024-06-08',0.00,240530092533218247),(240607100112165374,'2024-05-08',471.00,240530092533218247),(240607103421930384,'2024-05-10',14.00,240530092557542121),(240607112732549376,'2024-05-23',500.00,240529085655928195),(240607112836826350,'2024-05-10',0.00,240529085621518268),(240607112836857029,'2024-05-10',500.00,240529085655928195),(240607112930149228,'2024-05-23',0.00,240529085600385316),(240607113024809480,'2024-05-27',500.00,240529085655928195),(240607121909171555,'2024-06-06',35.00,240530092635061236),(240607122643112312,'2024-06-05',90.00,240530092635061236),(240608073952704468,'2024-05-23',400.00,240529183657375049),(240608074002701098,'2024-05-24',400.00,240529183657375049),(240608074010398274,'2024-05-25',400.00,240529183657375049),(240608074024547096,'2024-05-27',400.00,240529183657375049),(240608074032474067,'2024-07-03',400.00,240529183657375049),(240608074041618067,'2024-06-04',400.00,240529183657375049),(240608074050228076,'2024-06-05',400.00,240529183657375049),(240608074100987095,'2024-06-03',400.00,240529183657375049),(240608105146939399,'2024-05-23',500.00,240529091458913128),(240608105213302115,'2024-05-25',500.00,240529091458913128),(240608105229249057,'2024-06-03',500.00,240529091458913128),(240608105244430091,'2024-06-05',500.00,240529091458913128),(240610081830585333,'2024-05-25',1.20,240530092621413133),(240610083550939442,'2024-05-24',1.30,240530092621413133),(240610084351578266,'2024-05-23',8.50,240530092621413133),(240610093647816497,'2024-05-20',2300.00,240529182656557160),(240610094924504309,'2024-05-21',2300.00,240529182656557160),(240610095711510343,'2024-05-22',280.00,240529182914126257),(240610100448373331,'2024-05-23',280.00,240529182914126257),(240610104640379213,'2024-05-24',380.00,240529182914126257),(240610105308602245,'2024-05-25',300.00,240529182914126257),(240610112330845345,'2024-05-16',4.00,240530103457791479),(240610112700822166,'2024-05-15',12.00,240530103457791479),(240610115628276240,'2024-05-18',12.00,240530103457791479),(240611115942482173,'2024-06-04',30.00,240530094601620058),(240611121704592331,'2024-05-24',15.00,240530094621150050),(240612082518350703,'2024-06-11',15.00,240530092621413133),(240612083011688383,'2024-06-10',15.00,240530092621413133),(240612083318929320,'2024-06-07',15.00,240530092621413133),(240612095329032526,'2024-06-07',35.00,240530092635061236),(240612100135885456,'2024-06-06',500.00,240529182914126257),(240612101626882520,'2024-06-07',500.00,240529182914126257),(240612101645804157,'2024-06-08',300.00,240529182914126257),(240612102638057334,'2024-06-10',500.00,240529182914126257),(240612105946152384,'2024-06-05',500.00,240529182914126257),(240612112423724358,'2024-06-11',500.00,240529182914126257),(240612123552513479,'2024-06-08',20.00,240530094657699441),(240612125122615631,'2024-06-10',250.00,240612091646731229),(240612125519539532,'2024-06-07',250.00,240612091646731229),(240612125648540318,'2024-06-08',250.00,240612091646731229),(240612130448879646,'2024-06-10',35.00,240530092635061236),(240612132716120426,'2024-06-09',0.00,240612091646731229),(240612143144584458,'2024-06-04',30.00,240612142706062458),(240612163042879596,'2024-06-06',600.00,240529174158065168),(240612163053169143,'2024-06-11',0.00,240529174158065168),(240612163100482096,'2024-06-12',0.00,240529174158065168),(240612164154434277,'2024-06-06',600.00,240529183657375049),(240612164200376050,'2024-06-12',600.00,240529183657375049),(240612164522235233,'2024-06-11',500.00,240529091438554209),(240612164757741297,'2024-06-06',600.00,240529085600385316),(240612164757771055,'2024-06-06',500.00,240529085655928195),(240612165607323247,'2024-06-11',600.00,240529182745638218),(240613054029519269,'2024-05-23',600.00,240529174158065168),(240613054100200084,'2024-05-24',600.00,240529174158065168),(240613054117638038,'2024-05-25',600.00,240529174158065168),(240613054136983048,'2024-06-04',600.00,240529174158065168),(240613055023880195,'2024-06-07',30.00,240612142706062458),(240613060919812286,'2024-06-12',35.00,240530092635061236),(240613061027973415,'2024-06-04',600.00,240529085600385316),(240613061040903079,'2024-06-05',600.00,240529085600385316),(240613062154825246,'2024-06-11',600.00,240529085600385316),(240613062154847049,'2024-06-11',850.00,240529085621518268),(240613064340036370,'2024-06-05',17.00,240613063010033233),(240613064352114036,'2024-06-11',17.00,240613063010033233),(240613064401076038,'2024-06-12',17.00,240613063010033233),(240619111638110336,'2024-06-13',400.00,240529085600385316),(240619111650793060,'2024-06-18',600.00,240529085600385316),(240619111700734065,'2024-06-19',0.00,240529085600385316),(240619113339675117,'2024-06-13',0.00,240619113103086419),(240619113432830122,'2024-06-14',500.00,240619113117623112),(240619113448067087,'2024-06-15',500.00,240619113117623112),(240619113639835280,'2024-06-15',500.00,240619113539361067),(240619113722217163,'2024-06-18',500.00,240619113117623112),(240619113722261097,'2024-06-18',500.00,240619113539361067),(240619113731790140,'2024-06-19',500.00,240619113117623112),(240619113731831222,'2024-06-19',500.00,240619113539361067),(240619114305962090,'2024-06-13',500.00,240619113539361067),(240619115054912102,'2024-06-13',500.00,240529091458913128),(240619115111357126,'2024-06-18',500.00,240529091458913128),(240619115118414082,'2024-06-19',500.00,240529091458913128),(240619120426618099,'2024-06-12',500.00,240529174123193890),(240619120915241142,'2024-06-12',500.00,240529091438554209),(240619121454115121,'2024-06-12',550.00,240619113103086419),(240619122719115071,'2024-06-13',250.00,240612091646731229),(240619123714831054,'2024-06-14',250.00,240612091646731229),(240619124125349051,'2024-06-17',0.00,240612091646731229),(240619124820543060,'2024-06-13',0.00,240613063010033233),(240619124840920085,'2024-06-18',21.00,240613063010033233),(240619124853502068,'2024-06-20',21.00,240613063010033233),(240619125203778051,'2024-06-18',250.00,240612091646731229),(240620084928093233,'2024-06-13',36.00,240530092635061236),(240620085337194135,'2024-06-13',0.00,240530092649182091),(240620085658327052,'2024-06-14',36.00,240530092635061236),(240620093145480076,'2024-06-17',0.00,240530092635061236),(240620094317510078,'2024-06-19',500.00,240529182914126257),(240620095700364136,'2024-06-18',500.00,240605123512527065),(240620103059462074,'2024-06-13',500.00,240529182914126257),(240620122525630157,'2024-06-18',40.00,240530094601620058),(240620123257169135,'2024-06-18',10.00,240530094657699441),(240620123910188050,'2024-06-17',0.00,240530094601620058),(240620123910229088,'2024-06-17',0.00,240530094621150050),(240620123910262072,'2024-06-17',0.00,240530094657699441),(240620125619118320,'2024-06-13',28.00,240530094621150050),(240620130106706109,'2024-06-14',10.00,240530094657699441),(240620131152451178,'2024-06-14',40.00,240612142706062458),(240620131625870071,'2024-06-17',0.00,240612142706062458),(240620131901724082,'2024-06-18',10.00,240612142732134120),(240620131901771098,'2024-06-18',0.00,240612142815576057),(240620140554467715,'2024-06-19',250.00,240612091646731229),(240620141318686161,'2024-06-14',500.00,240529182914126257),(240620141741445109,'2024-06-18',500.00,240529182914126257),(240622075524209063,'2024-06-19',500.00,240529091420319380),(240622094216546092,'2024-06-20',500.00,240529182914126257),(240622114758352136,'2024-06-19',0.00,240529175553819232),(240622114758382055,'2024-06-19',500.00,240605123512527065),(240625064201250166,'2024-06-20',40.00,240530092557542121),(240625065233170056,'2024-06-21',15.00,240530092557542121),(240625095418410128,'2024-06-19',15.00,240530092557542121),(240625095418450072,'2024-06-19',1.00,240530092621413133),(240625102538922107,'2024-06-18',15.00,240530092557542121),(240625115522509153,'2024-06-20',500.00,240605123512527065),(240626121422896103,'2024-06-21',600.00,240529181203864203),(240626121422923050,'2024-06-21',0.00,240613063010033233),(240626122130405061,'2024-06-22',600.00,240529181203864203),(240626122130431056,'2024-06-22',21.00,240613063010033233),(240626130001074127,'2024-06-24',600.00,240529181203864203),(240626130106523051,'2024-06-24',21.00,240613063010033233),(240626130836494054,'2024-06-25',600.00,240529181203864203),(240626130836532042,'2024-06-25',21.00,240613063010033233),(240626134649118080,'2024-06-20',500.00,240529091458913128),(240626134701500048,'2024-06-21',500.00,240529091458913128),(240626134711714060,'2024-06-22',0.00,240529091458913128),(240626134757506038,'2024-06-24',500.00,240529091458913128),(240626134814873047,'2024-06-25',500.00,240529091458913128),(240626135805219047,'2024-06-20',0.00,240529085600385316),(240626135820320042,'2024-06-21',0.00,240529085600385316),(240626135830642048,'2024-06-22',0.00,240529085600385316),(240626140742425041,'2024-06-24',0.00,240529085600385316),(240626140930824050,'2024-06-25',0.00,240529085600385316),(240626141330252107,'2024-06-20',500.00,240619113117623112),(240626141345271044,'2024-06-21',500.00,240619113117623112),(240626141357095048,'2024-06-22',300.00,240619113117623112),(240626141429253053,'2024-06-24',500.00,240619113117623112),(240626144836915141,'2024-06-25',20.00,240612142803270109),(240626151219443056,'2024-06-24',20.00,240612142815576057),(240627124249678120,'2024-06-26',0.00,240529085600385316),(240627124806609038,'2024-06-26',600.00,240529181203864203),(240627135413752139,'2024-05-13',60.00,240530092557542121),(240627135534474064,'2024-05-14',60.00,240530092557542121),(240627135823162064,'2024-05-15',60.00,240530092557542121),(240627141830762044,'2024-06-06',26.00,240530092649182091),(240627142248789095,'2024-06-07',26.00,240530092649182091),(240627142535143044,'2024-06-08',26.00,240530092649182091),(240627142942519043,'2024-06-08',14.00,240530092621413133),(240627143131160086,'2024-06-10',25.00,240530092649182091),(240627143435478043,'2024-06-11',26.00,240530092649182091),(240702081840997101,'2024-01-25',1000.00,240529085600385316),(240702081907985047,'2024-01-26',1000.00,240529085600385316),(240702082010380047,'2024-01-27',700.00,240529085600385316),(240702082357706060,'2024-01-29',1000.00,240529085600385316),(240702082418081059,'2024-01-30',1000.00,240529085600385316),(240702083704411044,'2024-02-01',900.00,240529085600385316),(240702083724627036,'2024-02-02',900.00,240529085600385316),(240702083802406042,'2024-02-03',594.00,240529085600385316),(240702083827341037,'2024-02-05',900.00,240529085600385316),(240702083841161067,'2024-02-06',900.00,240529085600385316),(240702083903232038,'2024-02-07',900.00,240529085600385316),(240702090254420047,'2024-02-08',900.00,240529085600385316),(240702090312185106,'2024-02-09',0.00,240529085600385316),(240702090325880060,'2024-02-10',0.00,240529085600385316),(240702090341123080,'2024-02-12',0.00,240529085600385316),(240702090350748041,'2024-02-13',900.00,240529085600385316),(240702090401988043,'2024-02-14',900.00,240529085600385316),(240702092011193055,'2024-02-15',900.00,240529085600385316),(240702092023971068,'2024-02-16',900.00,240529085600385316),(240702092039633057,'2024-02-17',600.00,240529085600385316),(240702092054325038,'2024-02-19',900.00,240529085600385316),(240702092107699041,'2024-02-20',900.00,240529085600385316),(240702092117470035,'2024-02-21',900.00,240529085600385316),(240702175121217149,'2024-07-26',30.00,240612142815576057),(240703015016671095,'2024-06-26',30.00,240612142815576057),(240703015245302030,'2024-06-25',30.00,240612142815576057),(240703015540621069,'2024-07-24',20.00,240612142803270109),(240703015724499031,'2024-06-24',20.00,240612142803270109),(240703020430699038,'2024-06-22',20.00,240612142803270109),(240703020430720034,'2024-06-22',30.00,240612142815576057),(240703020642235044,'2024-06-21',20.00,240612142803270109),(240703021106418042,'2024-06-20',20.00,240612142803270109),(240703021412713067,'2024-06-19',20.00,240612142803270109),(240703021908562047,'2024-06-17',0.00,240612142712459099),(240703021908583032,'2024-06-17',0.00,240612142732134120),(240703052313185041,'2024-02-22',900.00,240529085600385316),(240703052341454045,'2024-02-23',900.00,240529085600385316),(240703052412753057,'2024-02-24',600.00,240529085600385316),(240703052427629045,'2024-02-26',900.00,240529085600385316),(240703052502679035,'2024-02-27',900.00,240529085600385316),(240703052512135051,'2024-02-28',900.00,240529085600385316),(240703054942460045,'2024-02-29',900.00,240529085600385316),(240703055031597046,'2024-03-05',900.00,240529085600385316),(240703055056291054,'2024-03-06',900.00,240529085600385316),(240703060020456037,'2024-03-07',900.00,240529085600385316),(240703060028240043,'2024-03-08',900.00,240529085600385316),(240703060051798061,'2024-03-09',900.00,240529085600385316),(240703060105016044,'2024-03-11',900.00,240529085600385316),(240703060115733039,'2024-03-12',900.00,240529085600385316),(240703060132648031,'2024-03-20',900.00,240529085600385316),(240703060226942054,'2024-03-13',900.00,240529085600385316),(240703062329974036,'2024-03-14',900.00,240529085600385316),(240703062341983055,'2024-03-15',900.00,240529085600385316),(240703062355180033,'2024-03-16',600.00,240529085600385316),(240703062409838040,'2024-03-18',900.00,240529085600385316),(240703062423314039,'2024-03-19',900.00,240529085600385316),(240703064709652038,'2024-03-22',900.00,240529085600385316),(240703064737032059,'2024-03-23',600.00,240529085600385316),(240703064804833052,'2024-03-25',900.00,240529085600385316),(240703064818239046,'2024-03-26',900.00,240529085600385316),(240703064827641057,'2024-03-27',450.00,240529085600385316),(240703070449056061,'2024-04-03',900.00,240529085600385316),(240703070545551049,'2024-04-04',900.00,240529085600385316),(240703070555652055,'2024-04-05',900.00,240529085600385316),(240703070612131066,'2024-04-06',600.00,240529085600385316),(240703070625016053,'2024-04-08',900.00,240529085600385316),(240703070636308042,'2024-04-09',900.00,240529085600385316),(240703070647522046,'2024-04-10',900.00,240529085600385316),(240703071740956074,'2024-04-11',120.00,240529085600385316),(240703071804873059,'2024-04-15',900.00,240529085600385316),(240703071812764064,'2024-04-16',900.00,240529085600385316),(240703071822057045,'2024-04-17',900.00,240529085600385316),(240703072835416040,'2024-04-18',900.00,240529085600385316),(240703072844819048,'2024-04-19',900.00,240529085600385316),(240703072906940033,'2024-04-22',900.00,240529085600385316),(240703085226659133,'2024-06-26',500.00,240605123541167264),(240703085459223047,'2024-06-25',0.00,240605123541167264),(240703085527383035,'2024-06-25',500.00,240605123512527065),(240703085748651041,'2024-06-25',500.00,240529182914126257),(240703090801354076,'2024-06-22',500.00,240605123512527065),(240703090925428059,'2024-06-21',500.00,240605123512527065),(240703091228130042,'2024-06-24',500.00,240529182914126257),(240703102146914099,'2024-06-26',30.00,240530101659062127),(240703102241309059,'2024-06-26',60.00,240530094601620058),(240703103354516037,'2024-06-04',10.00,240530094657699441),(240703104514229046,'2024-06-25',10.00,240530094657699441),(240703105342262051,'2024-06-24',18.00,240622081150917079),(240703105453943041,'2024-06-25',18.00,240622081150917079),(240703111958441071,'2024-04-15',900.00,240529085621518268),(240703112010320070,'2024-04-16',900.00,240529085621518268),(240703112055624046,'2024-04-17',900.00,240529085621518268),(240703113405501067,'2024-06-08',10.00,240612142732134120),(240703113615286044,'2024-06-10',40.00,240612142803270109),(240703113852781056,'2024-04-18',900.00,240529085655928195),(240703113903098063,'2024-04-19',500.00,240529085655928195),(240703113923262033,'2024-07-18',0.00,240529085655928195),(240703113955048038,'2024-04-20',333.33,240529085655928195),(240703114019616033,'2024-04-22',500.00,240529085655928195),(240703114027905033,'2024-04-23',500.00,240529085655928195),(240703114036971032,'2024-04-24',500.00,240529085655928195),(240703114412434050,'2024-06-21',60.00,240530094601620058),(240703115350265044,'2024-06-13',30.00,240530094601620058),(240703115411525046,'2024-06-18',30.00,240530094621150050),(240703115601752045,'2024-06-11',10.00,240530094621150050),(240703115830778034,'2024-06-10',20.00,240530094601620058),(240703115830803042,'2024-06-10',10.00,240530094621150050),(240703115830828037,'2024-06-10',10.00,240530094657699441),(240703120227417044,'2024-05-02',100.00,240529085600385316),(240703120244654040,'2024-05-03',900.00,240529085600385316),(240703120302223045,'2024-05-04',600.00,240529085600385316),(240703120331435060,'2024-05-06',900.00,240529085600385316),(240703120339828040,'2024-05-07',900.00,240529085600385316),(240703120348230055,'2024-05-08',900.00,240529085600385316),(240703120506439047,'2024-05-02',500.00,240529085655928195),(240703120524005043,'2024-05-03',500.00,240529085655928195),(240703120540811049,'2024-05-04',333.33,240529085655928195),(240703120601567037,'2024-05-06',500.00,240529085655928195),(240703120609361046,'2024-05-07',500.00,240529085655928195),(240703120619401056,'2024-05-08',500.00,240529085655928195),(240703122346209079,'2024-05-09',500.00,240529085655928195),(240703123008664064,'2024-05-11',333.00,240529085655928195),(240703123106075044,'2024-05-13',500.00,240529085600385316),(240703123106102048,'2024-05-13',500.00,240529085655928195),(240703123137886038,'2024-06-07',20.00,240530094601620058),(240703123139970040,'2024-05-14',500.00,240529085600385316),(240703123139997038,'2024-05-14',500.00,240529085655928195),(240703123153415049,'2024-05-15',500.00,240529085600385316),(240703123153438037,'2024-05-15',500.00,240529085655928195),(240703124506512042,'2024-05-16',500.00,240529085600385316),(240703124506552042,'2024-05-16',500.00,240529085655928195),(240703124539540039,'2024-05-17',500.00,240529085600385316),(240703124611508045,'2024-05-18',500.00,240529085600385316),(240703124611532048,'2024-05-18',500.00,240529085655928195),(240703124712315057,'2024-05-21',500.00,240529085655928195),(240703124846602056,'2024-07-25',18.00,240622081555852075),(240703124907814040,'2024-06-25',18.00,240622081555852075),(240703132629081070,'2024-01-18',9500.00,240529091317282222),(240703132643024050,'2024-01-19',9500.00,240529091317282222),(240703132708569050,'2024-01-20',6300.00,240529091317282222),(240703132759895049,'2024-01-22',9500.00,240529091317282222),(240703132853238040,'2024-01-23',9500.00,240529091317282222),(240703132853261038,'2024-01-23',132.00,240529091348639786),(240703132927105035,'2024-01-24',9500.00,240529091317282222),(240703134858405043,'2024-01-25',900.00,240529091348639786),(240703135452673047,'2024-01-30',900.00,240529091348639786),(240703135524594042,'2024-01-31',900.00,240529091348639786),(240703141557394046,'2024-02-07',900.00,240529091348639786),(240703142258507064,'2024-02-08',900.00,240529091348639786),(240703142351657050,'2024-02-13',900.00,240529091348639786),(240703142410004036,'2024-02-14',900.00,240529091348639786),(240703143716657062,'2024-02-15',900.00,240529091348639786),(240703143730379068,'2024-02-16',185.00,240529091348639786),(240703143819724044,'2024-02-19',900.00,240529091348639786),(240703164406573134,'2024-07-03',0.00,240529085600385316),(240703164417656041,'2024-06-27',0.00,240529085600385316),(240703164440267057,'2024-07-02',0.00,240529085600385316),(240703172156600049,'2024-06-27',500.00,240529183657375049),(240703172246853043,'2024-07-02',500.00,240529183657375049),(240703172842611036,'2024-07-03',500.00,240619113117623112),(240703172849409043,'2024-07-02',500.00,240619113117623112),(240703172906126035,'2024-06-27',500.00,240619113117623112),(240703174253449043,'2024-06-27',500.00,240529091458913128),(240703174302435041,'2024-07-02',500.00,240529091458913128),(240703174317926045,'2024-07-03',500.00,240529091458913128),(240704053258286121,'2024-02-19',130.00,240529091420319380),(240704053313548047,'2024-02-20',150.00,240529091420319380),(240704053337615070,'2024-02-21',235.00,240529091420319380),(240704054059634108,'2024-02-22',900.00,240529091420319380),(240704054124227036,'2024-02-23',900.00,240529091420319380),(240704054135460047,'2024-02-24',600.00,240529091420319380),(240704054147615032,'2024-02-26',900.00,240529091420319380),(240704054157718070,'2024-02-27',900.00,240529091420319380),(240704054215461046,'2024-02-28',900.00,240529091420319380),(240704055355893066,'2024-02-29',900.00,240529091420319380),(240704055439832035,'2024-03-05',900.00,240529091420319380),(240704055451792057,'2024-03-06',900.00,240529091420319380),(240704060151196039,'2024-03-07',900.00,240529091420319380),(240704060209226045,'2024-03-08',900.00,240529091420319380),(240704060222596050,'2024-03-09',600.00,240529091420319380),(240704060237987046,'2024-03-11',900.00,240529091420319380),(240704060253496034,'2024-03-12',900.00,240529091420319380),(240704060303935047,'2024-03-13',900.00,240529091420319380),(240704061236262077,'2024-03-14',900.00,240529091420319380),(240704061250278051,'2024-03-15',900.00,240529091420319380),(240704061300381046,'2024-03-16',600.00,240529091420319380),(240704061350900054,'2024-03-18',900.00,240529091420319380),(240704061406559049,'2024-03-19',900.00,240529091420319380),(240704063954257075,'2024-07-03',40.00,240530092557542121),(240704063954285049,'2024-07-03',15.00,240530092621413133),(240704065032463073,'2024-07-02',40.00,240530092557542121),(240704065032491046,'2024-07-02',40.00,240530092635061236),(240704071616006155,'2024-06-27',5.00,240530092557542121),(240704072044913074,'2024-07-22',0.00,240612091745255474),(240704072141029043,'2024-06-22',30.00,240612091745255474),(240704072454880034,'2024-06-24',250.00,240612091646731229),(240704072454906045,'2024-06-24',30.00,240612091745255474),(240704110222263108,'2024-06-25',250.00,240612091646731229),(240704110222294046,'2024-06-25',30.00,240612091745255474),(240704111736469060,'2024-06-26',250.00,240612091646731229),(240704111736503046,'2024-06-26',15.00,240612091745255474),(240704112320736068,'2024-03-22',900.00,240529091420319380),(240704162708434129,'2024-07-03',14.00,240612091745255474),(240704162708460058,'2024-07-03',20.00,240612091759369129),(240704163232292041,'2024-07-03',10.00,240530092635061236),(240704163911316039,'2024-07-04',18.00,240622081150917079),(240704163911337039,'2024-07-04',18.00,240622081555852075),(240704163911361046,'2024-07-04',10.00,240622083056395114),(240704164550540057,'2024-07-03',18.00,240622081150917079),(240704164550575035,'2024-07-03',18.00,240622081555852075),(240704164819052060,'2024-06-26',18.00,240622081150917079),(240704164848116033,'2024-07-26',0.00,240622081150917079),(240704165322878057,'2024-06-27',18.00,240622081150917079),(240704165712600041,'2024-07-27',0.00,240622081150917079),(240704165712624037,'2024-07-27',0.00,240622081555852075),(240704165736491054,'2024-06-27',18.00,240622081555852075),(240704170503006081,'2024-06-27',0.00,240605123541167264),(240704170519791034,'2024-06-27',500.00,240605123512527065),(240704170856111032,'2024-06-27',500.00,240529182914126257),(240704171207368036,'2024-07-02',500.00,240605123512527065),(240704171320215051,'2024-07-03',500.00,240605123512527065),(240704171654539050,'2024-07-04',500.00,240605123512527065),(240704171707090032,'2024-07-05',500.00,240605123512527065),(240704171922514043,'2024-07-06',500.00,240605123512527065),(240704171959825076,'2024-07-08',500.00,240605123512527065),(240704172022184034,'2024-07-09',500.00,240605123512527065),(240704172123042054,'2024-07-10',500.00,240605123512527065),(240704172619968047,'2024-07-02',500.00,240529182914126257),(240704172703618048,'2024-07-03',500.00,240529182914126257),(240704172727375044,'2024-07-04',500.00,240529182914126257),(240705023857633189,'2024-06-27',50.00,240612091840637175),(240705024109327044,'2024-07-03',10.00,240612091840637175),(240705024243133097,'2024-07-02',200.00,240612091646731229),(240705025759506059,'2024-07-02',10.00,240530094657699441),(240705030108644054,'2024-07-03',10.00,240530101659062127),(240705030251174084,'2024-06-27',10.00,240530094657699441),(240705030540944071,'2024-06-27',4.00,240530101504084063),(240705031533991050,'2024-06-25',5.00,240530101504084063),(240705032300510059,'2024-07-02',18.00,240622081150917079),(240705032300536056,'2024-07-02',18.00,240622081555852075),(240705061647605099,'2024-03-23',600.00,240529091420319380),(240705061701034097,'2024-03-25',900.00,240529091420319380),(240705061715771092,'2024-03-26',900.00,240529091420319380),(240705061731816058,'2024-03-27',450.00,240529091420319380),(240705062207661042,'2024-08-03',900.00,240529091420319380),(240705062725856047,'2024-04-03',900.00,240529091420319380),(240705063252725057,'2024-04-04',900.00,240529091420319380),(240705063305792041,'2024-04-05',900.00,240529091420319380),(240705063322460032,'2024-04-06',600.00,240529091420319380),(240705063346262057,'2024-04-08',900.00,240529091420319380),(240705063356056056,'2024-04-09',900.00,240529091420319380),(240705063426294044,'2024-04-10',450.00,240529091420319380),(240705064936744062,'2024-04-11',900.00,240529091420319380),(240705065000809045,'2024-04-12',900.00,240529091420319380),(240705065000841033,'2024-04-12',900.00,240529091438554209),(240705065057506033,'2024-04-15',900.00,240529091420319380),(240705065057535051,'2024-04-15',450.00,240529091438554209),(240705065125663051,'2024-04-16',900.00,240529091420319380),(240705065146263222,'2024-04-17',900.00,240529091420319380),(240705065146286092,'2024-04-17',900.00,240529091438554209),(240706054431205092,'2024-04-18',900.00,240529091420319380),(240706054442668033,'2024-04-19',900.00,240529091420319380),(240706054506810047,'2024-04-20',450.00,240529091420319380),(240706054520056059,'2024-04-22',900.00,240529091420319380),(240706054531134048,'2024-04-23',900.00,240529091420319380),(240706054545486040,'2024-04-24',900.00,240529091420319380),(240706055948300030,'2024-04-25',900.00,240529091420319380),(240706061448225035,'2024-05-02',900.00,240529091420319380),(240706061500036028,'2024-05-03',900.00,240529091420319380),(240706061516989026,'2024-05-04',600.00,240529091420319380),(240706061538011022,'2024-05-06',900.00,240529091420319380),(240706061552354016,'2024-05-07',900.00,240529091420319380),(240706061715018017,'2024-05-06',500.00,240529091458913128),(240706061759901016,'2024-05-07',500.00,240529091458913128),(240706061814794024,'2024-05-08',900.00,240529091420319380),(240706061814817020,'2024-05-08',500.00,240529091458913128),(240706063928374019,'2024-05-09',500.00,240529091458913128),(240706095606178057,'2024-07-05',500.00,240529182914126257),(240708121034407062,'2024-07-04',30.00,240530092557542121),(240708121034437023,'2024-07-04',30.00,240530092635061236),(240708122312591026,'2024-07-05',30.00,240530092557542121),(240708122312617021,'2024-07-05',15.00,240530092621413133),(240708122312642021,'2024-07-05',30.00,240530092635061236),(240708122410428021,'2024-07-04',15.00,240530092621413133),(240708123800101025,'2024-07-05',20.00,240530092649182091),(240708132108820080,'2024-07-04',30.00,240612091840637175),(240709111012840155,'2024-01-25',950.00,240529171627818113),(240709111049570089,'2024-01-30',950.00,240529171627818113),(240709111102638030,'2024-01-31',950.00,240529171627818113),(240709111259782018,'2024-02-07',900.00,240529171627818113),(240709111341198034,'2024-02-12',900.00,240529171627818113),(240709111400865062,'2024-02-13',950.00,240529171627818113),(240709111428708027,'2024-02-15',950.00,240529171627818113),(240709111501365048,'2024-02-16',950.00,240529171627818113),(240709111517515026,'2024-02-17',540.00,240529171627818113),(240709111533840031,'2024-02-19',950.00,240529171627818113),(240709111543061031,'2024-02-20',950.00,240529171627818113),(240709111551328016,'2024-02-21',950.00,240529171627818113),(240709111617610023,'2024-02-22',950.00,240529171627818113),(240709111629843029,'2024-02-23',950.00,240529171627818113),(240709111648038025,'2024-02-24',540.00,240529171627818113),(240709111712670020,'2024-02-26',950.00,240529171627818113),(240709111734036027,'2024-02-27',950.00,240529171627818113),(240709111743563017,'2024-02-28',950.00,240529171627818113),(240709111755151036,'2024-02-29',950.00,240529171627818113),(240709111853790016,'2024-03-05',950.00,240529171627818113),(240709111902721015,'2024-03-06',950.00,240529171627818113),(240709111945397015,'2024-03-16',950.00,240529171627818113),(240709112004548030,'2024-03-18',950.00,240529171627818113),(240709112012762016,'2024-03-19',950.00,240529171627818113),(240709112022372042,'2024-03-20',950.00,240529171627818113),(240709112057122031,'2024-03-22',500.00,240529171627818113),(240709112107800026,'2024-03-23',333.33,240529171627818113),(240709112125652016,'2024-03-26',500.00,240529171627818113),(240709112216259015,'2024-04-04',500.00,240529171627818113),(240709112232925024,'2024-04-19',500.00,240529171627818113),(240709112406215014,'2024-04-05',500.00,240529171627818113),(240709112428235028,'2024-04-06',333.33,240529171627818113),(240709112450860024,'2024-04-09',500.00,240529171627818113),(240709112515259022,'2024-04-10',500.00,240529171627818113),(240709121933486099,'2024-06-10',15.00,240612142712459099),(240709122206890039,'2024-06-05',15.00,240612142712459099),(240709125117566048,'2024-06-18',16.00,240612142712459099),(240709130726779032,'2024-06-08',20.00,240612142803270109),(240709130956938032,'2024-07-05',50.00,240622083526394039),(240709131523493034,'2024-06-19',10.00,240612142732134120),(240709140009341037,'2024-06-24',35.00,240530092635061236),(240709140009403021,'2024-06-24',26.00,240530092649182091),(240709140305666020,'2024-06-25',16.00,240530092557542121),(240709140305698017,'2024-06-25',34.00,240530092635061236),(240709140305745016,'2024-06-25',26.00,240530092649182091),(240709141755200024,'2024-06-26',38.00,240530092557542121),(240709142133395019,'2024-06-26',35.00,240530092635061236),(240709143627495022,'2024-07-05',200.00,240612091646731229),(240709144056948021,'2024-07-08',200.00,240612091646731229),(240709144350057027,'2024-07-06',200.00,240612091646731229),(240710051327147076,'2024-07-06',18.00,240622081150917079),(240710051327190023,'2024-07-06',18.00,240622081555852075),(240710051931255019,'2024-07-08',0.00,240622081150917079),(240710051931277026,'2024-07-08',0.00,240622081555852075),(240710051931301028,'2024-07-08',0.00,240622083056395114),(240710052403816047,'2024-07-25',0.00,240622081150917079),(240710112914880063,'2024-07-05',50.00,240622083209807054),(240710140122798037,'2024-07-09',18.00,240622081150917079),(240710140122831025,'2024-07-09',18.00,240622081555852075),(240710140122863023,'2024-07-09',10.00,240622083056395114),(240710140224180021,'2024-07-05',18.00,240622081150917079),(240710140224209017,'2024-07-05',18.00,240622081555852075),(240710181152408073,'2024-07-09',500.00,240529091458913128),(240710181938183018,'2024-07-06',240.00,240529182849618417),(240710182958000044,'2024-07-05',1600.00,240529182656557160),(240710183318725016,'2024-07-04',0.00,240529091420319380),(240710183332885014,'2024-07-05',500.00,240529091458913128),(240710183340283015,'2024-07-08',500.00,240529091458913128),(240710183347570022,'2024-07-06',300.00,240529091458913128),(240710183402460016,'2024-07-10',500.00,240529091458913128),(240710183551441015,'2024-07-04',500.00,240529091458913128),(240710184132219025,'2024-07-06',300.00,240529182830297132),(240710184142631015,'2024-07-08',500.00,240529182830297132),(240710184401407020,'2024-07-09',500.00,240529182830297132),(240710190359038028,'2024-07-04',0.00,240529085600385316),(240710190407659014,'2024-07-05',0.00,240529085600385316),(240710190431224016,'2024-07-06',0.00,240529085600385316),(240710190446840030,'2024-07-08',0.00,240529085600385316),(240710192333805029,'2024-07-04',0.00,240529181203864203),(240710192340513021,'2024-07-05',500.00,240529181203864203),(240710192349267021,'2024-07-06',300.00,240529181203864203),(240710192358666020,'2024-07-08',500.00,240529181203864203),(240710192406737014,'2024-07-09',500.00,240529181203864203),(240710192418742019,'2024-07-10',0.00,240529181203864203),(240710192440187020,'2024-07-04',0.00,240613063010033233),(240710192448257019,'2024-07-05',21.00,240613063010033233),(240710192453796020,'2024-07-06',21.00,240613063010033233),(240710192459739021,'2024-07-08',21.00,240613063010033233),(240710192505267026,'2024-07-09',21.00,240613063010033233),(240710192510577018,'2024-07-10',21.00,240613063010033233),(240710203718465045,'2024-07-04',400.00,240529183657375049),(240710203728781014,'2024-07-05',400.00,240529183657375049),(240710203740976019,'2024-07-06',250.00,240529183657375049),(240710203754364015,'2024-07-08',0.00,240529183657375049),(240710203805626016,'2024-07-09',0.00,240529183657375049),(240710203815426020,'2024-07-10',0.00,240529183657375049),(240711080432181061,'2024-07-10',300.00,240529181230737236),(240711080638987021,'2024-07-10',18.00,240622081150917079),(240711080639011027,'2024-07-10',18.00,240622081555852075),(240711080639037021,'2024-07-10',10.00,240622083056395114),(240711081809052026,'2024-07-10',0.00,240529085600385316),(240711083649414017,'2024-07-10',12.00,240622083526394039),(240711140803151084,'2024-07-11',50.00,240622083209807054),(240711140803184014,'2024-07-11',12.00,240622083526394039),(240711142706068018,'2024-02-14',950.00,240529171627818113),(240712051849320017,'2024-02-08',950.00,240529171627818113),(240712060727334052,'2024-07-25',21.00,240613063010033233),(240712063542835055,'2024-06-27',21.00,240613063010033233),(240712063559546013,'2024-07-02',21.00,240613063010033233),(240712063651789010,'2024-07-03',21.00,240613063010033233),(240712063918873019,'2024-07-11',21.00,240613063010033233),(240712084954309039,'2024-06-05',0.00,240711070953270033),(240712092139912036,'2024-05-09',30.00,240711070918813026),(240712092429648023,'2024-05-10',30.00,240711070918813026),(240712092722530010,'2024-05-11',30.00,240711070918813026),(240712092722574021,'2024-05-11',0.00,240711070953270033),(240712093131434018,'2024-05-13',30.00,240711070918813026),(240712094018113011,'2024-05-14',30.00,240711070918813026),(240712094224365017,'2024-05-15',30.00,240711070918813026),(240712094422105017,'2024-05-16',30.00,240711070918813026),(240712094519291017,'2024-07-16',0.00,240711070918813026),(240712094901936012,'2024-05-17',30.00,240711070918813026),(240712095308629011,'2024-05-18',30.00,240711070918813026),(240712095453661015,'2024-06-18',30.00,240711070918813026),(240712095607981010,'2024-05-20',30.00,240711070918813026),(240712100358030023,'2024-05-21',30.00,240711070918813026),(240712103437676066,'2024-05-22',30.00,240711070918813026),(240712103920486022,'2024-05-23',0.00,240711070918813026),(240712104308010026,'2024-06-24',0.00,240711070918813026),(240712104533256020,'2024-05-24',0.00,240711070918813026),(240712104940516011,'2024-05-25',30.00,240711070918813026),(240712105528967111,'2024-05-23',30.00,240711071001705025),(240712105835988042,'2024-05-24',30.00,240711071001705025),(240712110059371020,'2020-05-27',30.00,240711070918813026),(240712110114111024,'2024-05-27',30.00,240711070918813026),(240712110409401019,'2024-05-28',0.00,240711070918813026),(240712110422274026,'2024-05-29',0.00,240711070918813026),(240712110435876026,'2024-06-29',0.00,240711070918813026),(240712110455489023,'2024-05-30',0.00,240711070918813026),(240712110516968025,'2024-05-31',0.00,240711070918813026),(240712111201951017,'2024-06-03',30.00,240711070918813026),(240712112253634017,'2024-06-04',30.00,240711070953270033),(240712112822697024,'2024-06-05',0.00,240711070918813026),(240712112822747386,'2024-06-05',30.00,240711071001705025),(240712113215150010,'2024-06-06',30.00,240711071001705025),(240712113637446056,'2024-06-07',30.00,240711071001705025),(240712114005827013,'2024-06-08',30.00,240711070953270033),(240712114440978061,'2024-06-10',30.00,240711071001705025),(240712115259383013,'2024-07-18',0.00,240711070918813026),(240712115604590027,'2024-06-19',400.00,240712071048363024),(240712115606440019,'2024-06-11',0.00,240711070918813026),(240712115614709016,'2024-06-20',500.00,240712071048363024),(240712115630097013,'2024-06-21',500.00,240712071048363024),(240712115651481019,'2024-06-11',30.00,240711071001705025),(240712115703312025,'2024-06-22',300.00,240712071048363024),(240712115722946010,'2024-06-24',500.00,240712071048363024),(240712115730577020,'2024-06-25',500.00,240712071048363024),(240712115738294017,'2024-06-26',500.00,240712071048363024),(240712115745868015,'2024-06-27',500.00,240712071048363024),(240712115804624017,'2024-07-02',500.00,240712071048363024),(240712115810346017,'2024-07-03',500.00,240712071048363024),(240712115819219015,'2024-07-04',500.00,240712071048363024),(240712115827879046,'2024-07-05',500.00,240712071048363024),(240712115838360012,'2024-07-06',300.00,240712071048363024),(240712122936378024,'2024-07-10',500.00,240712071048363024),(240712123818453085,'2024-07-11',0.00,240529085600385316),(240712130829287093,'2024-06-12',30.00,240711071001705025),(240712131839055016,'2024-06-13',30.00,240711071001705025),(240712135241949016,'2024-06-14',30.00,240711070918813026),(240712135241978018,'2024-06-14',31.00,240711070953270033),(240712135751216014,'2024-06-17',0.00,240711070918813026),(240712135751242010,'2024-06-17',0.00,240711070953270033),(240712135751265011,'2024-06-17',0.00,240711071001705025),(240712135804045014,'2024-04-15',250.00,240529171627818113),(240712135814445012,'2024-04-16',250.00,240529171627818113),(240712135824728019,'2024-04-17',250.00,240529171627818113),(240712135857894012,'2024-04-11',500.00,240529171627818113),(240712135918850013,'2024-04-12',500.00,240529171627818113),(240712140030954018,'2024-06-18',30.00,240711070953270033),(240712140030986052,'2024-06-18',30.00,240711071001705025),(240712141755428013,'2024-06-19',30.00,240711070918813026),(240712141755452012,'2024-06-19',30.00,240711070953270033),(240714103459854052,'2024-06-20',30.00,240711070953270033),(240714103459886016,'2024-06-20',30.00,240711071001705025),(240714110540117011,'2024-06-21',30.00,240711070953270033),(240714110540141013,'2024-06-21',30.00,240711071001705025),(240714154740514043,'2024-06-22',30.00,240711070918813026),(240714162114716011,'2024-06-24',28.00,240711071001705025),(240714162606648012,'2024-06-24',30.00,240711070953270033),(240715015310382074,'2024-06-25',30.00,240711070918813026),(240715015310415013,'2024-06-25',30.00,240711070953270033),(240715020935894012,'2024-06-26',30.00,240711070918813026),(240715020935914009,'2024-06-26',30.00,240711070953270033),(240715020935932013,'2024-06-26',30.00,240711071001705025),(240715021651395018,'2024-06-27',30.00,240711070918813026),(240715021651415009,'2024-06-27',30.00,240711071001705025),(240715022341461011,'2024-07-02',30.00,240711071001705025),(240715022341481016,'2024-07-02',29.00,240711070910256030),(240715063646915031,'2024-03-15',880.00,240529172355499323),(240715063727793015,'2024-03-18',880.00,240529172355499323),(240715063754357019,'2024-03-19',880.00,240529172355499323),(240715063912601011,'2024-03-22',880.00,240529172355499323),(240715063931535014,'2024-03-23',880.00,240529172355499323),(240715064019839020,'2024-03-25',880.00,240529172355499323),(240715064030856009,'2024-03-26',880.00,240529172355499323),(240715064128374010,'2024-04-15',450.00,240529172418189106),(240715092125011045,'2024-04-20',600.00,240529172355499323),(240715092153436010,'2024-04-18',810.00,240529172418189106),(240715092222741018,'2024-04-22',900.00,240529172355499323),(240715092230790011,'2024-04-23',900.00,240529172355499323),(240715092241143014,'2024-04-24',900.00,240529172355499323),(240715092443462010,'2024-05-08',810.00,240529172355499323),(240715092546416023,'2024-05-09',500.00,240529172439312145),(240715092619864010,'2024-05-10',500.00,240529172439312145),(240715092723849019,'2024-05-13',500.00,240529172439312145),(240715092734551012,'2024-05-14',500.00,240529172439312145),(240715092743622011,'2024-05-15',500.00,240529172439312145),(240717122119276015,'2024-07-12',18.00,240622081150917079),(240717122119316011,'2024-07-12',18.00,240622081555852075),(240717122119339010,'2024-07-12',0.00,240622083056395114),(240717122119363015,'2024-07-12',50.00,240622083209807054),(240717122119386020,'2024-07-12',12.00,240622083526394039),(240717123014878015,'2024-07-12',500.00,240712071048363024),(240717123050527014,'2024-07-11',500.00,240712071048363024),(240717123103903010,'2024-07-13',300.00,240712071048363024),(240717125243097012,'2024-07-15',500.00,240619113117623112),(240717125257304010,'2024-07-16',500.00,240619113117623112),(240717133534410061,'2024-07-13',18.00,240622081150917079),(240717134934762015,'2024-07-10',30.00,240612091840637175),(240717135812129027,'2024-07-10',200.00,240612091646731229),(240717140208181039,'2024-07-11',200.00,240612091646731229),(240717140208205010,'2024-07-11',30.00,240612091840637175),(240717151741267058,'2024-07-18',18.00,240622081150917079),(240717164617198093,'2024-07-11',500.00,240529091458913128),(240717164623621014,'2024-07-12',500.00,240529091458913128),(240717164631412022,'2024-07-15',500.00,240529091458913128),(240717164647646014,'2024-07-16',500.00,240529091458913128),(240717164701511010,'2024-07-17',500.00,240529091458913128),(240717165631880018,'2024-07-11',0.00,240529181230737236),(240717165907362013,'2024-07-12',21.00,240613063010033233),(240717165917151057,'2024-07-15',21.00,240613063010033233),(240717165925568014,'2024-07-16',21.00,240613063010033233),(240717165943687021,'2024-07-17',21.00,240613063010033233),(240717173633307027,'2024-07-10',500.00,240529182830297132),(240717173643085011,'2024-07-11',500.00,240529182830297132),(240717181113161073,'2024-07-12',500.00,240529183657375049),(240717182153942054,'2024-07-12',300.00,240529181230737236),(240717183057723014,'2024-07-13',500.00,240529182830297132),(240718062326231024,'2024-07-15',500.00,240529182830297132),(240718062347117013,'2024-07-16',500.00,240529182830297132),(240718134424830080,'2024-07-16',18.00,240622081150917079),(240718134424852010,'2024-07-16',18.00,240622081555852075),(240718134424877014,'2024-07-16',0.00,240622083056395114),(240718134424895010,'2024-07-16',50.00,240622083209807054),(240718134424915012,'2024-07-16',50.00,240622083526394039),(240718142118945014,'2024-07-15',18.00,240622081150917079),(240718142118971016,'2024-07-15',50.00,240622083209807054),(240718142118998014,'2024-07-15',12.00,240622083526394039),(240718144110678035,'2024-07-13',15.00,240622081555852075),(240718144511482015,'2024-07-17',750.00,240529182830297132),(240718144926533010,'2024-07-17',500.00,240529183657375049),(240718145614184012,'2024-07-17',250.00,240619113117623112),(240719052835007038,'2024-07-18',21.00,240613063010033233),(240719053514358028,'2024-07-17',500.00,240605123512527065),(240719054537542010,'2024-07-16',500.00,240605123512527065),(240719072913334038,'2024-07-11',500.00,240605123512527065),(240719074652392014,'2024-07-12',500.00,240605123512527065),(240719080223992011,'2024-07-18',500.00,240529182830297132),(240719081925535023,'2024-07-18',500.00,240605123512527065),(240719082622825019,'2024-07-05',500.00,240711064938588025),(240719083315014013,'2024-07-18',500.00,240529183657375049),(240719084605829016,'2024-07-08',500.00,240711064938588025),(240719085351082012,'2024-07-18',500.00,240529091458913128),(240719090704725013,'2024-07-18',0.00,240529085600385316),(240719092735529019,'2024-07-09',500.00,240711064938588025),(240719093101252020,'2024-07-10',500.00,240711064938588025),(240719093416594018,'2024-07-15',500.00,240711064938588025),(240719094856714028,'2024-07-06',500.00,240529182914126257),(240719095529811011,'2024-07-10',500.00,240529182914126257),(240719120433417138,'2024-07-15',500.00,240529182914126257),(240719122241135017,'2024-07-11',0.00,240719071732979019),(240719123221933039,'2024-07-11',500.00,240719071739878016),(240719125908180043,'2024-07-12',500.00,240719071732979019),(240719131821761023,'2024-07-15',500.00,240719071759623016),(240719132359195051,'2024-07-16',500.00,240719071759623016),(240719132735864011,'2024-07-17',500.00,240719071739878016),(240719134004098015,'2024-07-16',200.00,240612091646731229),(240719135442394086,'2024-07-17',30.00,240711070918813026),(240719135442417010,'2024-07-17',60.00,240711070858704040),(240719140409257045,'2024-07-16',0.00,240711070910256030),(240719140851664016,'2024-07-15',30.00,240711071001705025),(240719141455601041,'2024-07-16',30.00,240711071001705025),(240719142502477058,'2024-07-11',30.00,240711071001705025),(240719143527016018,'2024-07-12',30.00,240711070918813026),(240719143527041015,'2024-07-12',30.00,240711071001705025),(240722065550609025,'2024-07-19',500.00,240529091458913128),(240722065715687015,'2024-07-19',500.00,240529183657375049),(240722065739500013,'2024-07-20',300.00,240529183657375049),(240723054301830045,'2024-07-19',21.00,240613063010033233),(240723054312414032,'2024-07-22',21.00,240613063010033233),(240723061710649048,'2024-07-20',500.00,240529085655928195),(240724122839106045,'2024-07-16',500.00,240711064938588025),(240724124025584037,'2024-07-22',500.00,240605123512527065),(240724125319447016,'2024-07-22',50.00,240529182914126257),(240724131800354115,'2024-07-20',300.00,240529091458913128),(240724131842102016,'2024-07-22',500.00,240529091458913128),(240724131850560014,'2024-07-23',500.00,240529091458913128),(240724131900872009,'2024-07-24',500.00,240529091458913128),(240724132529934020,'2024-07-23',200.00,240529181203864203),(240724132555108024,'2024-07-23',21.00,240613063010033233),(240724132611260016,'2024-07-24',0.00,240529181203864203),(240724132611282009,'2024-07-24',21.00,240613063010033233),(240724133418149019,'2024-07-19',500.00,240529182830297132),(240724133427370009,'2024-07-20',300.00,240529182830297132),(240724133435914018,'2024-07-22',500.00,240529182830297132),(240724133442876015,'2024-07-23',500.00,240529182830297132),(240724133504275014,'2024-07-24',0.00,240529182830297132),(240724134623252015,'2024-07-22',0.00,240529183657375049),(240724134632242012,'2024-07-23',0.00,240529183657375049),(240724134641720010,'2024-07-24',0.00,240529183657375049),(240724135940607015,'2024-07-22',500.00,240529085655928195),(240724135946765011,'2024-07-23',500.00,240529085655928195),(240724135952304012,'2024-07-24',500.00,240529085655928195),(240724140903718029,'2024-07-23',18.00,240622081555852075),(240724140903746016,'2024-07-23',10.00,240622083056395114),(240724140903773010,'2024-07-23',100.00,240622083209807054),(240724140903800010,'2024-07-23',0.00,240622083526394039),(240724144648554011,'2024-07-22',18.00,240622081555852075),(240724144648578010,'2024-07-22',10.00,240622083056395114),(240724144648600010,'2024-07-22',0.00,240622083209807054),(240724144648629009,'2024-07-22',0.00,240622083526394039),(240725055617719024,'2024-07-18',500.00,240724142751876021),(240725055617743045,'2024-07-18',500.00,240724142839138017),(240725055625292010,'2024-07-19',500.00,240724142751876021),(240725055625314014,'2024-07-19',500.00,240724142839138017),(240725055634843009,'2024-07-22',500.00,240724142751876021),(240725055634866014,'2024-07-22',500.00,240724142839138017),(240725055645529013,'2024-07-23',500.00,240724142751876021),(240725055645557011,'2024-07-23',500.00,240724142839138017),(240725055653642010,'2024-07-24',500.00,240724142751876021),(240725055653667023,'2024-07-24',500.00,240724142839138017),(240725055702640011,'2024-07-25',500.00,240724142751876021),(240725055702662013,'2024-07-25',0.00,240724142839138017),(240730063702012056,'2024-07-24',18.00,240622081555852075),(240730063702048015,'2024-07-24',10.00,240622083056395114),(240730063702083029,'2024-07-24',100.00,240622083209807054),(240730065653711016,'2024-07-20',18.00,240622081555852075),(240730070731536023,'2024-07-19',18.00,240622081150917079),(240730070731566018,'2024-07-19',12.00,240622083526394039),(240731060221447072,'2024-07-18',500.00,240711064938588025),(240731061245108024,'2024-07-20',150.00,240529182914126257),(240731062313886023,'2024-07-23',550.00,240529182914126257),(240731062721382015,'2024-07-30',200.00,240612091646731229),(240731062721416016,'2024-07-30',30.00,240612091840637175),(240731063245858040,'2024-07-25',200.00,240612091646731229),(240731063245892020,'2024-07-25',30.00,240612091840637175),(240731063613508018,'2024-07-24',550.00,240529182914126257),(240731063908155020,'2024-07-24',198.00,240612091646731229),(240731071437213015,'2024-07-23',200.00,240612091646731229),(240731071840638016,'2024-07-22',200.00,240612091646731229),(240731071840668017,'2024-07-22',20.00,240612091759369129),(240731093309608046,'2024-07-25',200.00,240529181230737236),(240731094510426239,'2024-07-25',0.00,240529085600385316),(240731094818484010,'2024-07-25',500.00,240529091458913128),(240731095609671015,'2024-07-30',500.00,240529182830297132),(240731095636481017,'2024-07-25',0.00,240529182830297132),(240731111505664021,'2024-07-30',500.00,240724142839138017),(240731111708498017,'2024-07-30',0.00,240529085600385316),(240731112358379037,'2024-07-30',500.00,240529091458913128),(240731114511413014,'2024-07-30',500.00,240724142751876021),(240731123049898031,'2024-07-04',30.00,240711070918813026),(240731123049931033,'2024-07-04',30.00,240711071001705025),(240731124711814096,'2024-07-06',30.00,240711071001705025),(240731124711859021,'2024-07-06',30.00,240711070910256030),(240801054238001169,'2024-08-17',12.00,240622083526394039),(240801054354889013,'2024-07-17',18.00,240622081150917079),(240801054354911017,'2024-07-17',100.00,240622083209807054),(240801054354932015,'2024-07-17',12.00,240622083526394039),(240801060348301059,'2024-08-30',0.00,240622083526394039),(240801060738293017,'2024-07-30',12.00,240622083526394039),(240801061753157044,'2024-08-30',0.00,240529182830297132),(240801064303595055,'2024-07-25',500.00,240712071048363024),(240801064325683016,'2024-07-30',500.00,240712071048363024),(240801124928298025,'2024-07-31',500.00,240724142751876021),(240801125019564031,'2024-07-31',500.00,240712071048363024),(240801125300363015,'2024-07-31',500.00,240529183657375049),(240802135117180017,'2024-07-31',500.00,240529182830297132),(240802143010876060,'2024-07-31',0.00,240529181203864203),(240802143439498035,'2024-08-01',500.00,240712071048363024),(240802143715761020,'2024-08-01',500.00,240529183657375049),(240803082555494081,'2024-07-08',30.00,240711071001705025),(240803082555529012,'2024-07-08',30.00,240711070910256030),(240803084112567040,'2024-07-17',0.00,240711071001705025),(240803084112806012,'2024-07-17',0.00,240711070910256030),(240803085537925029,'2024-07-18',90.00,240711070858704040),(240805114432027061,'2024-08-02',500.00,240529182830297132),(240805114900811057,'2024-08-02',5.00,240529181312933279),(240805132052878144,'2024-08-02',500.00,240529183657375049),(240805132338266021,'2024-08-02',500.00,240712071048363024),(240805132542607020,'2024-08-03',500.00,240529183657375049),(240805132956993014,'2024-08-03',350.00,240529091458913128),(240805133323333011,'2024-08-03',350.00,240712071048363024),(240806144302020013,'2024-08-05',500.00,240806144240413020),(240807070611081057,'2024-08-01',30.00,240613063010033233),(240807070624786014,'2024-08-02',30.00,240613063010033233),(240807070637166025,'2024-08-05',30.00,240613063010033233),(240807070647888016,'2024-08-06',30.00,240613063010033233),(240807072111155017,'2024-08-05',500.00,240529091458913128),(240807072812035036,'2024-08-05',500.00,240529182830297132),(240807112040470024,'2024-08-06',500.00,240529085655928195),(240807121700266038,'2024-08-06',500.00,240529183657375049),(240807124326497020,'2024-08-06',500.00,240529182830297132),(240808062724836382,'2024-08-07',30.00,240613063010033233),(240808073226554045,'2024-08-05',500.00,240712071048363024),(240808073510929014,'2024-08-06',500.00,240712071048363024),(240808074716560012,'2024-08-07',500.00,240529182914126257),(240808082053536029,'2024-08-07',500.00,240712071048363024),(240808084156847050,'2024-08-01',18.00,240622081150917079),(240808084156877018,'2024-08-01',18.00,240622081555852075),(240808084156906028,'2024-08-01',10.00,240622083056395114),(240808084156932046,'2024-08-01',50.00,240622083209807054),(240808092701698011,'2024-07-23',4.50,240530092635061236),(240808092958317018,'2024-07-22',4.50,240530092635061236),(240808093436672015,'2024-08-05',18.00,240622081150917079),(240808093436702016,'2024-08-05',18.00,240622081555852075),(240808093436727015,'2024-08-05',10.00,240622083056395114),(240808093436754016,'2024-08-05',50.00,240622083209807054),(240808093436777020,'2024-08-05',0.00,240622083526394039),(240808094032494020,'2024-07-08',70.00,240530092635061236),(240808094228506014,'2024-07-09',70.00,240530092635061236),(240808094440681018,'2024-07-10',70.00,240530092635061236),(240808094614485016,'2024-07-11',65.00,240530092635061236),(240808094734262017,'2024-07-12',70.00,240530092635061236),(240810153421860060,'2024-08-08',18.00,240622081150917079),(240811073835253061,'2024-08-06',10.00,240622083056395114),(240811073835282027,'2024-08-06',50.00,240622083209807054),(240811074514658011,'2024-08-06',18.00,240622081150917079),(240811082353805012,'2024-08-07',18.00,240622081150917079),(240811082353831013,'2024-08-07',18.00,240622081555852075),(240811082353858015,'2024-08-07',12.00,240622083526394039),(240811173646293041,'2024-08-08',18.00,240622081555852075),(240811173646320017,'2024-08-08',12.00,240622083526394039),(240811173921840018,'2024-08-02',18.00,240622081150917079),(240812051826549047,'2024-08-08',21.00,240613063010033233),(240812052909293027,'2024-08-01',500.00,240529091458913128),(240812052925973015,'2024-08-02',500.00,240529091458913128),(240812053102739011,'2024-08-07',0.00,240529091458913128),(240812053113705015,'2024-08-06',500.00,240529091458913128),(240812053908226010,'2024-08-06',50.00,240529182914126257),(240812054246491014,'2024-08-03',500.00,240529182914126257),(240812055123446017,'2024-08-02',50.00,240529182914126257),(240812055512427021,'2024-08-01',500.00,240529182914126257),(240812060923119015,'2024-08-05',500.00,240605123512527065),(240812061303889024,'2024-08-01',500.00,240605123512527065),(240812061640442069,'2024-08-02',500.00,240711064938588025),(240812062330607013,'2024-08-07',500.00,240711064938588025),(240812070247259042,'2024-08-08',500.00,240529182830297132),(240812070300010019,'2024-08-07',500.00,240529182830297132),(240812070916907017,'2024-08-01',500.00,240724142751876021),(240812070922978012,'2024-08-02',500.00,240724142751876021),(240812070928797017,'2024-08-03',500.00,240724142751876021),(240812070935164017,'2024-08-05',500.00,240724142751876021),(240812070941279072,'2024-08-06',500.00,240724142751876021),(240812070956548044,'2024-08-07',500.00,240724142751876021),(240812071010425014,'2024-08-08',500.00,240724142905268016),(240812071909711015,'2024-08-08',50.00,240622083209807054),(240812071923846017,'2024-08-07',30.00,240711070910256030),(240812071923879022,'2024-08-07',90.00,240711070858704040),(240812072011885015,'2024-08-07',500.00,240806144240413020),(240812072204733014,'2024-08-08',900.00,240812072110115025),(240812072548952016,'2024-08-16',50.00,240622083209807054),(240812072831850018,'2024-08-06',30.00,240711070858704040),(240812073712263015,'2024-08-02',30.00,240711071001705025),(240812073712299054,'2024-08-02',30.00,240711070858704040),(240812074104341012,'2024-08-01',30.00,240711070910256030),(240812074104377018,'2024-08-01',30.00,240711070858704040),(240812074150020033,'2024-08-20',0.00,240529085655928195),(240812080501960046,'2024-07-19',60.00,240711070858704040),(240812081342455015,'2024-07-20',60.00,240711070858704040),(240813052432630016,'2024-08-08',0.00,240529091420319380),(240813131216402017,'2024-08-12',3.50,240529181312933279),(240813132536869017,'2024-08-12',400.00,240712071048363024),(240813134003430018,'2024-08-08',400.00,240712071048363024),(240813140213885048,'2024-08-08',500.00,240724142751876021),(240813140222408026,'2024-08-12',500.00,240724142751876021),(240813140234848023,'2024-08-12',500.00,240724142905268016),(240814060127876041,'2024-08-13',21.00,240613063010033233),(240814201843518036,'2024-08-13',500.00,240724142751876021),(240814201843554020,'2024-08-13',500.00,240724142905268016),(240814203427792015,'2024-08-13',500.00,240812072110115025),(240814204005098041,'2024-08-13',500.00,240529183657375049),(240814204237263028,'2024-08-13',400.00,240712071048363024),(240815063351369079,'2024-08-14',18.00,240622081150917079),(240815063351403015,'2024-08-14',18.00,240622081555852075),(240815063351431014,'2024-08-14',0.00,240622083056395114),(240815063351460029,'2024-08-14',0.00,240622083209807054),(240815063351489014,'2024-08-14',12.00,240622083526394039),(240815070628671016,'2024-07-25',10.00,240622083056395114),(240815071601163019,'2024-07-31',18.00,240622081150917079),(240815071601401012,'2024-07-31',18.00,240622081555852075),(240815071601427051,'2024-07-31',12.00,240622083526394039),(240815072519323017,'2024-08-13',18.00,240622081150917079),(240815072519357019,'2024-08-13',17.00,240622081555852075),(240815072519387018,'2024-08-13',12.00,240622083526394039),(240815083524091019,'2024-08-13',500.00,240529182830297132),(240815090844236017,'2024-08-14',400.00,240529183657375049),(240815092132686014,'2024-08-12',10.00,240622083056395114),(240815092132715012,'2024-08-12',100.00,240622083209807054),(240815092753953017,'2024-08-09',18.00,240622081555852075),(240815092844639024,'2024-08-02',12.00,240622083526394039),(240815123349322036,'2024-08-14',500.00,240724142751876021),(240815123349361015,'2024-08-14',500.00,240724142905268016),(240815142730093068,'2024-08-14',500.00,240529182914126257),(240816054821558083,'2024-08-15',21.00,240613063010033233),(240819025707287062,'2024-08-15',500.00,240724142751876021),(240819025716385010,'2024-08-16',500.00,240724142751876021),(240819030702255021,'2024-08-15',0.00,240819030621864034),(240819030709049032,'2024-08-16',0.00,240819030621864034),(240819032416426014,'2024-08-15',500.00,240529182849618417),(240819032648315010,'2024-08-15',400.00,240712071048363024),(240819032656956014,'2024-08-16',400.00,240712071048363024),(240819033102802015,'2024-08-14',400.00,240712071048363024),(240819033318292018,'2024-08-16',500.00,240529183657375049),(240819033330640014,'2024-08-15',500.00,240529183657375049),(240819142653227044,'2024-08-17',400.00,240529174001139224),(240819142824237019,'2024-08-17',500.00,240724142751876021),(240820115303826042,'2024-08-19',500.00,240529085600385316),(240820115803808012,'2024-08-19',400.00,240529174223665280),(240820120110954013,'2024-08-19',500.00,240819030621864034),(240821053758764081,'2024-08-19',500.00,240724142751876021),(240821055913575014,'2024-08-20',18.00,240622081150917079),(240821055913605015,'2024-08-20',18.00,240622081555852075),(240821055913627015,'2024-08-20',10.00,240622083056395114),(240821065347488015,'2024-08-19',18.00,240622081150917079),(240821065347517021,'2024-08-19',18.00,240622081555852075),(240821065347541022,'2024-08-19',10.00,240622083056395114),(240821101509224034,'2024-08-08',0.00,240819073055341017),(240821125653608015,'2024-08-15',500.00,240529182914126257),(240821132731211021,'2024-08-08',500.00,240529182914126257),(240821133106257046,'2024-08-08',20.00,240819074459841028),(240821133358913010,'2024-08-09',0.00,240819073055341017),(240821133358939019,'2024-08-09',0.00,240819074450071045),(240821133358961010,'2024-08-09',0.00,240819074459841028),(240821140630224015,'2024-08-20',500.00,240724142751876021),(240821140826532038,'2024-08-14',60.00,240605123512527065),(240821141608685013,'2024-08-20',400.00,240529085600385316),(240821142219849014,'2024-08-20',500.00,240819030621864034),(240821143257614020,'2024-08-12',15.00,240819073055341017),(240821143257649010,'2024-08-12',5.00,240819074450071045),(240821143257680011,'2024-08-12',0.00,240819074459841028),(240821145349199012,'2024-08-13',15.00,240819073055341017),(240821145349237011,'2024-08-13',5.00,240819074450071045),(240821145349268010,'2024-08-13',0.00,240819074459841028),(240821145726495015,'2024-08-14',15.00,240819073055341017),(240821145726525149,'2024-08-14',0.00,240819074450071045),(240821145726556017,'2024-08-14',0.00,240819074459841028),(240821150044189016,'2024-08-15',0.00,240819073055341017),(240821150044233015,'2024-08-15',0.00,240819074450071045),(240821150044263020,'2024-08-15',24.00,240819074459841028),(240822053354220022,'2024-08-06',100.00,240605123512527065),(240822054453945017,'2024-08-19',500.00,240711064938588025),(240822054802740015,'2024-08-17',500.00,240711064938588025),(240822065154881040,'2024-08-17',0.00,240819073055341017),(240822065154906011,'2024-08-17',1.00,240819074450071045),(240822065154928020,'2024-08-17',0.00,240819074459841028),(240822072541876029,'2024-08-14',500.00,240711064938588025),(240822074149470051,'2024-08-19',0.00,240819074450071045),(240822074453263014,'2024-08-19',21.00,240613063010033233),(240822074500867015,'2024-08-20',21.00,240613063010033233),(240822074509147013,'2024-08-21',21.00,240613063010033233),(240822075604068014,'2024-08-19',500.00,240712071048363024),(240822075623470014,'2024-08-20',500.00,240712071048363024),(240822080028703014,'2024-08-21',500.00,240712071048363024),(240822080307108014,'2024-08-21',500.00,240724142751876021),(240822080647334014,'2024-08-21',400.00,240529172439312145),(240822082536326030,'2024-08-19',40.00,240819073055341017),(240822082536377018,'2024-08-19',0.00,240819074459841028),(240822082725089019,'2024-08-21',30.00,240819080340984024),(240822082725127011,'2024-08-21',0.00,240819080352087024),(240822082725165012,'2024-08-21',0.00,240819080401727024),(240822083551899010,'2024-08-20',35.00,240819080340984024),(240822083551925014,'2024-08-20',2.00,240819080352087024),(240822083551952012,'2024-08-20',0.00,240819080401727024),(240822084718152015,'2024-08-19',0.00,240819080340984024),(240822084718179018,'2024-08-19',3.00,240819080352087024),(240822084718202011,'2024-08-19',0.00,240819080401727024),(240822091745888015,'2024-08-17',24.00,240819080401727024),(240822092308929013,'2024-08-17',0.00,240819080340984024),(240822092308960019,'2024-08-17',0.00,240819080352087024),(240822092439071015,'2024-08-16',0.00,240819080340984024),(240822092439115017,'2024-08-16',5.00,240819080352087024),(240822092439151017,'2024-08-16',0.00,240819080401727024),(240822092906311015,'2024-08-15',0.00,240819080340984024),(240822092906367015,'2024-08-15',2.00,240819080352087024),(240822092906404010,'2024-08-15',0.00,240819080401727024),(240822093838934016,'2024-08-13',35.00,240819080340984024),(240822093838954011,'2024-08-13',0.00,240819080352087024),(240822093838972013,'2024-08-13',0.00,240819080401727024),(240822115518896026,'2024-08-21',500.00,240724142905268016),(240824105044154037,'2024-08-22',18.00,240622081150917079),(240824105044183010,'2024-08-22',18.00,240622081555852075),(240824105044204018,'2024-08-22',0.00,240622083056395114),(240824105044230016,'2024-08-22',50.00,240622083209807054),(240824105044253012,'2024-08-22',12.00,240622083526394039),(240826065424821029,'2024-08-23',21.00,240613063010033233),(240826065817092013,'2024-08-23',500.00,240724142751876021),(240826065817118015,'2024-08-23',500.00,240724142905268016),(240826070513561019,'2024-08-23',500.00,240529174158065168),(240826072110527013,'2024-08-23',500.00,240712071048363024),(240826072417775016,'2024-08-24',500.00,240724142751876021),(240826072837582017,'2024-08-24',500.00,240529174158065168),(240826073153658014,'2024-08-24',500.00,240712071048363024),(240826073448140011,'2024-08-22',500.00,240529174158065168),(240826074420153018,'2024-08-22',500.00,240529085621518268),(240826074738837014,'2024-08-22',500.00,240712071048363024),(240826075105955019,'2024-08-22',21.00,240613063010033233),(240826075815513017,'2024-08-22',500.00,240724142751876021),(240826081026472043,'2024-08-17',500.00,240529174158065168),(240826150550259076,'2024-08-26',0.00,240622081555852075),(240826150550287021,'2024-08-26',50.00,240622083056395114),(240826150550317019,'2024-08-26',0.00,240622083209807054),(240826150550345011,'2024-08-26',0.00,240622083526394039),(240826150806745014,'2024-08-23',18.00,240622081555852075),(240826150806980012,'2024-08-23',10.00,240622083056395114),(240826150807011044,'2024-08-23',50.00,240622083209807054),(240826150807035042,'2024-08-23',0.00,240622083526394039),(240827085352421017,'2024-08-24',18.00,240622081150917079),(240827085352446016,'2024-08-24',18.00,240622081555852075),(240827085352472011,'2024-08-24',50.00,240622083056395114),(240827090010929015,'2024-08-26',18.00,240622081150917079),(240827144620144041,'2024-08-22',0.00,240819080340984024),(240827144620180025,'2024-08-22',1.00,240819080352087024),(240827144620202026,'2024-08-22',0.00,240819080401727024),(240828085339421015,'2024-08-23',35.00,240819080340984024),(240828085339453014,'2024-08-23',1.80,240819080352087024),(240828114842586012,'2024-08-24',0.00,240819080340984024),(240828114842606029,'2024-08-24',0.00,240819080352087024),(240828114842630016,'2024-08-24',0.00,240819080401727024),(240828120259853015,'2024-08-26',0.00,240819080340984024),(240828120259881014,'2024-08-26',0.00,240819080352087024),(240828120259906015,'2024-08-26',0.00,240819080401727024),(240828124326404013,'2024-08-27',35.00,240819080340984024),(240828124326426016,'2024-08-27',1.00,240819080352087024),(240828124326448011,'2024-08-27',0.00,240819080401727024),(240828125434097027,'2024-08-22',0.00,240819073055341017),(240828125434155015,'2024-08-22',0.00,240819074450071045),(240828125434233011,'2024-08-22',0.00,240819074459841028),(240828130022906041,'2024-08-23',0.00,240819073055341017),(240828130022941014,'2024-08-23',0.00,240819074450071045),(240828130022975016,'2024-08-23',0.00,240819074459841028),(240828165209027044,'2024-08-26',500.00,240724142751876021),(240828165753837021,'2024-08-26',400.00,240529085621518268),(240828165922886017,'2024-08-26',500.00,240724142905268016),(240828170144237029,'2024-08-26',500.00,240529174158065168),(240829053814048053,'2024-08-26',21.00,240613063010033233),(240829060211523021,'2024-08-27',500.00,240724142751876021),(240829060553993014,'2024-08-27',400.00,240529085600385316),(240829060818082070,'2024-08-27',500.00,240529085655928195),(240829060932183013,'2024-08-27',400.00,240529172355499323),(240902024550781017,'2024-08-27',400.00,240712071048363024),(240903061444094111,'2024-08-28',400.00,240712071048363024),(240903062043249015,'2024-08-28',500.00,240724142751876021),(240903062722644011,'2024-08-27',400.00,240529091420319380),(240905055149840042,'2024-08-28',21.00,240613063010033233),(240905055202238016,'2024-08-27',21.00,240613063010033233),(240905055215303015,'2024-09-03',21.00,240613063010033233),(240905055227040011,'2024-09-04',21.00,240613063010033233),(240905060329884042,'2024-08-29',500.00,240724142751876021),(240905060647989012,'2024-08-29',500.00,240819030621864034),(240905062313729014,'2024-09-03',500.00,240529091420319380),(240905063026243018,'2024-09-03',500.00,240724142751876021),(240905074238546069,'2024-09-04',400.00,240712071048363024),(240905074633041016,'2024-09-04',500.00,240529091420319380),(240905074916567010,'2024-09-04',500.00,240724142751876021),(240905075937917016,'2024-09-04',24.00,240529181252169407),(240905080357667014,'2024-08-22',400.00,240529183657375049),(240906065354901033,'2024-08-29',0.00,240819080340984024),(240906065354923010,'2024-08-29',0.00,240819080352087024),(240906065354947009,'2024-08-29',24.00,240819080401727024),(240906071142595014,'2024-08-30',0.00,240819080340984024),(240906071142625014,'2024-08-30',0.00,240819080352087024),(240906071142648020,'2024-08-30',0.00,240819080401727024),(240906071212410015,'2024-08-31',0.00,240819080340984024),(240906071212437016,'2024-08-31',0.00,240819080352087024),(240906071212464017,'2024-08-31',0.00,240819080401727024),(240906071649083016,'2024-09-02',0.00,240819080340984024),(240906071649105017,'2024-09-02',0.00,240819080352087024),(240906071649127012,'2024-09-02',0.00,240819080401727024),(240909052444297029,'2024-09-04',0.00,240529182914126257),(240909054146997014,'2024-09-06',500.00,240812072110115025),(240909054420286011,'2024-09-06',21.00,240613063010033233),(240909054805886018,'2024-09-06',400.00,240712071048363024),(240909055307478010,'2024-09-06',500.00,240724142751876021),(240909055737107014,'2024-09-06',24.00,240529181252169407),(240909060044098011,'2024-09-05',500.00,240529091420319380),(240909060307473018,'2024-09-05',500.00,240712071048363024),(240909060545162019,'2024-09-05',500.00,240529174123193890),(240909061011570022,'2024-09-05',24.00,240529181252169407),(240909061339462021,'2024-09-05',500.00,240724142751876021),(240909061720897014,'2024-09-07',24.00,240529181252169407),(240910052836967037,'2024-09-09',500.00,240529091420319380),(240910053102333014,'2024-09-07',500.00,240529091420319380),(240910053457355017,'2024-09-09',500.00,240724142751876021),(240910064738798024,'2024-09-03',18.00,240622081150917079),(240910065927561012,'2024-09-04',18.00,240622081150917079),(240910065927584013,'2024-09-04',18.00,240622081555852075),(240910065927607011,'2024-09-04',10.00,240622083056395114),(240910075124070022,'2024-09-05',18.00,240622081150917079),(240910075124098010,'2024-09-05',18.00,240622081555852075),(240910075124121011,'2024-09-05',10.00,240622083056395114),(240911133748663039,'2024-09-03',0.00,240819080340984024),(240911133748693031,'2024-09-03',0.00,240819080352087024),(240911133748722016,'2024-09-03',28.00,240819080401727024),(240911134005661031,'2024-09-04',0.00,240819080340984024),(240911134005706013,'2024-09-04',0.00,240819080352087024),(240911134005746016,'2024-09-04',28.00,240819080401727024),(240911180909480053,'2024-09-07',500.00,240529183657375049),(240911181219419012,'2024-09-07',500.00,240724142751876021),(240911182352047093,'2024-09-10',0.00,240529182914126257),(240911182640148016,'2024-09-10',500.00,240724142751876021),(240912063809977016,'2024-09-10',24.00,240529181252169407),(240912063829146015,'2024-09-11',24.00,240529181252169407),(240912063843546040,'2024-09-09',24.00,240529181252169407),(240912064712047058,'2024-09-05',0.00,240819080340984024),(240912064712075013,'2024-09-05',0.00,240819080352087024),(240912064712100016,'2024-09-05',0.00,240819080401727024),(240912064712125012,'2024-09-05',64.00,240912061848765048),(240912065017744011,'2024-09-06',35.00,240819080340984024),(240912065017769016,'2024-09-06',2.00,240819080352087024),(240912065017794013,'2024-09-06',65.00,240912061848765048),(240912082313156012,'2024-09-09',4.00,240819080340984024),(240912082313186018,'2024-09-09',2.00,240819080352087024),(240912082313209023,'2024-09-09',66.00,240912061848765048),(240912083652598017,'2024-09-10',35.00,240819080340984024),(240912083652622015,'2024-09-10',0.00,240819080352087024),(240912083652648012,'2024-09-10',0.00,240819080401727024),(240912083652673012,'2024-09-10',66.00,240912061848765048),(240912083924961018,'2024-09-12',500.00,240711064938588025),(240912085652104013,'2024-09-10',500.00,240711064938588025),(240912090013872017,'2024-09-07',0.00,240819080340984024),(240912090013980011,'2024-09-07',0.00,240819080352087024),(240912090014154024,'2024-09-07',0.00,240819080401727024),(240912090014220014,'2024-09-07',0.00,240912061848765048),(240912090333691017,'2024-09-11',0.00,240819080340984024),(240912090333727018,'2024-09-11',0.00,240819080352087024),(240912090333752012,'2024-09-11',28.00,240819080401727024),(240912090333775014,'2024-09-11',66.00,240912061848765048),(240912091454524017,'2024-08-27',18.00,240622081150917079),(240912091454557012,'2024-08-27',0.00,240622081555852075),(240912091454584016,'2024-08-27',10.00,240622083056395114),(240912100432699014,'2024-09-09',500.00,240711064938588025),(240912100807526014,'2024-09-07',500.00,240711064938588025),(240912101150689020,'2024-09-06',500.00,240711064938588025),(240912101515282014,'2024-09-05',500.00,240711064938588025),(240912101911319012,'2024-09-04',500.00,240711064938588025),(240912102554250016,'2024-09-03',500.00,240711064938588025),(240912102628697017,'2024-08-28',18.00,240622081150917079),(240912102628744019,'2024-08-28',18.00,240622081555852075),(240912102628783014,'2024-08-28',10.00,240622083056395114),(240912103647992016,'2024-08-29',500.00,240711064938588025),(240912104202331015,'2024-08-28',500.00,240711064938588025),(240912104650157014,'2024-08-27',500.00,240711064938588025),(240912105852922016,'2024-08-26',500.00,240711064938588025),(240912110112896020,'2024-08-24',500.00,240711064938588025),(240912110330053015,'2024-08-23',500.00,240711064938588025),(240912110611217014,'2024-08-22',500.00,240711064938588025),(240912115159880014,'2024-08-21',500.00,240711064938588025),(240912115617281017,'2024-08-20',500.00,240711064938588025),(240912125501048036,'2024-09-06',18.00,240622081150917079),(240912125501078019,'2024-09-06',18.00,240622081555852075),(240912125501111015,'2024-09-06',50.00,240622083209807054),(240912125501154019,'2024-09-06',12.00,240622083526394039),(240912130609341026,'2024-09-07',18.00,240622081150917079),(240912130609381020,'2024-09-07',17.00,240622081555852075),(240912130609412015,'2024-09-07',10.00,240622083056395114),(240912130609445018,'2024-09-07',12.00,240622083526394039),(240912130738154016,'2024-09-09',18.00,240622081150917079),(240912130738177016,'2024-09-09',18.00,240622081555852075),(240912130738207013,'2024-09-09',10.00,240622083056395114),(240912130738234013,'2024-09-09',50.00,240622083209807054),(240912130738265021,'2024-09-09',12.00,240622083526394039),(240912134622053039,'2024-09-11',500.00,240711064938588025),(240913052855376028,'2024-09-11',500.00,240529183657375049),(240914051209827036,'2024-09-10',500.00,240529091420319380),(240914051812446012,'2024-09-11',500.00,240529091420319380),(240914052751525034,'2024-09-11',500.00,240724142751876021),(240914054149705062,'2024-09-12',500.00,240724142751876021),(240914055021400016,'2024-09-12',500.00,240529183657375049),(240914060225411015,'2024-09-12',400.00,240724142839138017),(240914060430435013,'2024-09-12',500.00,240806144240413020),(240914061153904012,'2024-09-12',500.00,240529091420319380),(240914065216743028,'2024-09-13',500.00,240529183657375049),(240914070803123054,'2024-09-13',500.00,240724142751876021),(240914071025999016,'2024-09-13',500.00,240529091420319380),(240916060620162033,'2024-09-14',500.00,240529183657375049),(240916061119656013,'2024-09-14',500.00,240529174123193890),(240916061400718014,'2024-09-12',24.00,240529181252169407),(240916062451055068,'2024-09-13',24.00,240529181252169407),(240916062502558016,'2024-09-14',24.00,240529181252169407),(240917052624696028,'2024-09-16',24.00,240529181252169407),(240917060421365037,'2024-09-14',500.00,240529091420319380),(240917065741649047,'2024-09-16',500.00,240529174123193890),(240917072443359043,'2024-09-14',500.00,240916092825723053),(240917072702706018,'2024-09-16',500.00,240724142751876021),(240917075712975021,'2024-09-14',500.00,240724142751876021),(240917080316824017,'2024-09-16',500.00,240529183657375049),(240917081113115019,'2024-09-16',500.00,240916092825723053),(240918133845069018,'2024-09-17',500.00,240529183657375049),(240918134128512047,'2024-09-17',500.00,240806144240413020),(240918134202383031,'2024-09-17',1000.00,240724142751876021),(240918135143462017,'2024-09-17',24.00,240529181252169407),(240918135512112099,'2024-09-17',400.00,240724142839138017),(240918135512151019,'2024-09-17',1000.00,240916092825723053),(240919060904500063,'2024-09-12',0.00,240819080340984024),(240919060904567047,'2024-09-12',2.00,240819080352087024),(240919060904801020,'2024-09-12',0.00,240819080401727024),(240919060904829017,'2024-09-12',66.00,240912061848765048),(240919085335581038,'2024-09-18',10.00,240529181203864203),(240919085335611022,'2024-09-18',24.00,240529181252169407),(240920043614564012,'2024-09-13',35.00,240819080340984024),(240920043614586028,'2024-09-13',2.00,240819080352087024),(240920043614606012,'2024-09-13',0.00,240819080401727024),(240920043614628014,'2024-09-13',66.00,240912061848765048),(240920045514822016,'2024-09-14',0.00,240819080340984024),(240920045514849020,'2024-09-14',0.00,240819080352087024),(240920045514871149,'2024-09-14',0.00,240819080401727024),(240920045514889011,'2024-09-14',66.00,240912061848765048),(240920060424820015,'2024-09-18',800.00,240724142751876021),(240920060424840016,'2024-09-18',50.00,240724142839138017),(240920060859128015,'2024-09-18',0.00,240529182914126257),(240920062341288018,'2024-09-16',35.00,240819080340984024),(240920062341311031,'2024-09-16',0.00,240819080352087024),(240920062341332011,'2024-09-16',0.00,240819080401727024),(240920062341354017,'2024-09-16',66.00,240912061848765048),(240920062627350030,'2024-09-19',4.00,240529181312933279),(240920062755390017,'2024-09-17',0.00,240819080340984024),(240920062755413016,'2024-09-17',0.00,240819080352087024),(240920062755431014,'2024-09-17',0.00,240819080401727024),(240920062755453017,'2024-09-17',66.00,240912061848765048),(240920063640794012,'2024-09-18',66.00,240912061848765048),(240920070131967021,'2024-09-14',90.00,240612091840637175),(240920070419942033,'2024-09-14',200.00,240612091646731229),(240920071608757019,'2024-09-13',30.00,240612091745255474),(240920071608791015,'2024-09-13',90.00,240612091840637175),(240920071846165012,'2024-09-13',25.00,240612091759369129),(240920073236988021,'2024-09-10',18.00,240622081150917079),(240920073237009013,'2024-09-10',18.00,240622081555852075),(240920073237028013,'2024-09-10',10.00,240622083056395114),(240920073237048019,'2024-09-10',50.00,240622083209807054),(240920073310772017,'2024-09-11',17.00,240622081150917079),(240920073310794016,'2024-09-11',18.00,240622081555852075),(240920073310820016,'2024-09-11',10.00,240622083056395114),(240920073310842011,'2024-09-11',50.00,240622083209807054),(240920073330045022,'2024-09-12',18.00,240622081150917079),(240920073330070013,'2024-09-12',18.00,240622081555852075),(240920073330093013,'2024-09-12',10.00,240622083056395114),(240920073425101012,'2024-09-12',50.00,240622083209807054),(240920073621088018,'2024-09-13',18.00,240622081150917079),(240920073621223012,'2024-09-13',18.00,240622081555852075),(240920073621689026,'2024-09-13',10.00,240622083056395114),(240920073800854018,'2024-09-14',18.00,240622081150917079),(240920073800878016,'2024-09-14',18.00,240622081555852075),(240920073800899016,'2024-09-14',10.00,240622083056395114),(240920090209437018,'2024-09-16',18.00,240622081150917079),(240920090209461023,'2024-09-16',18.00,240622081555852075),(240920090209487016,'2024-09-16',10.00,240622083056395114),(240920090249023012,'2024-09-17',18.00,240622081150917079),(240920090249043012,'2024-09-17',18.00,240622081555852075),(240920090249067017,'2024-09-17',10.00,240622083056395114),(240920090336115018,'2024-09-18',18.00,240622081150917079),(240920090336136015,'2024-09-18',18.00,240622081555852075),(240920090336159015,'2024-09-18',10.00,240622083056395114),(240920130045955038,'2024-09-19',500.00,240529183657375049),(240920130647880014,'2024-09-19',500.00,240812072110115025),(240920132300887017,'2024-09-19',500.00,240724142751876021),(240920132300911015,'2024-09-19',500.00,240724142839138017),(240920132300932015,'2024-09-19',500.00,240916092825723053),(240921055425828043,'2024-09-12',25.00,240612091759369129),(240921055457841012,'2024-09-12',30.00,240612091840637175),(240921062019281023,'2024-09-11',200.00,240612091646731229),(240921062019307014,'2024-09-11',0.00,240612091840637175),(240921064249294065,'2024-09-11',30.00,240612091745255474),(240921070606995019,'2024-09-10',100.00,240612091646731229),(240921070947910018,'2024-09-10',90.00,240612091840637175),(240921072256157014,'2024-09-09',100.00,240612091646731229),(240921072736189032,'2024-09-07',100.00,240612091646731229),(240921072736210012,'2024-09-07',30.00,240612091840637175),(240921073430682012,'2024-09-06',90.00,240612091840637175),(240921074216453016,'2024-09-05',100.00,240612091646731229),(240921074837094015,'2024-09-04',100.00,240612091646731229),(240921074837121015,'2024-09-04',60.00,240612091840637175),(240921080020772013,'2024-09-03',100.00,240612091646731229),(240921084707759025,'2024-08-29',100.00,240612091646731229),(240921085219140013,'2024-08-28',100.00,240612091646731229),(240921085219163017,'2024-08-28',30.00,240612091840637175),(240921085646019011,'2024-08-27',100.00,240612091646731229),(240921085646043012,'2024-08-27',60.00,240612091840637175),(240921090345441010,'2024-08-26',100.00,240612091646731229),(240921090345469014,'2024-08-26',60.00,240612091840637175),(240921090841054012,'2024-08-24',100.00,240612091646731229),(240921091545807013,'2024-08-23',100.00,240612091646731229),(240921091545828020,'2024-08-23',30.00,240612091840637175),(240921092524479011,'2024-08-21',100.00,240612091646731229),(240921092524503013,'2024-08-21',30.00,240612091840637175),(240921093054425012,'2024-08-20',100.00,240612091646731229),(240921093054445019,'2024-08-20',30.00,240612091840637175),(240921093553105015,'2024-08-19',30.00,240612091745255474),(240921093553137016,'2024-08-19',25.00,240612091759369129),(240921093553163014,'2024-08-19',30.00,240612091840637175),(240921094955761012,'2024-08-17',30.00,240612091745255474),(240921095553545016,'2024-08-16',100.00,240612091646731229),(240921100619308013,'2024-08-15',100.00,240612091646731229),(240921101352914027,'2024-08-14',100.00,240612091646731229),(240921101608653016,'2024-08-13',100.00,240612091646731229),(240921102752609013,'2024-08-12',100.00,240612091646731229),(240921103834967033,'2024-08-08',100.00,240612091646731229),(240921104108393012,'2024-08-07',100.00,240612091646731229),(240923055858430079,'2024-09-14',30.00,240711070858704040),(240923062713513015,'2024-09-13',25.00,240711070858704040),(240923092621571040,'2024-09-20',18.00,240622081150917079),(240923092621600012,'2024-09-20',18.00,240622081555852075),(240923092621623012,'2024-09-20',10.00,240622083056395114),(240923092700446019,'2024-09-19',18.00,240622081150917079),(240923092700478021,'2024-09-19',18.00,240622081555852075),(240923092700504020,'2024-09-19',10.00,240622083056395114),(240923141054389038,'2024-09-10',60.00,240711070858704040),(240923143628384076,'2024-09-06',25.00,240711070910256030),(240924052159178031,'2024-09-23',66.00,240912061848765048),(240924061017183042,'2024-09-05',100.00,240711071001705025),(240924062208439012,'2024-09-04',30.00,240711070910256030),(240924062627723011,'2024-09-03',30.00,240711070858704040),(240924091541085040,'2024-09-23',18.00,240622081150917079),(240924091541119015,'2024-09-23',18.00,240622081555852075),(240924091541148015,'2024-09-23',10.00,240622083056395114),(240925050428381042,'2024-09-24',18.00,240622081555852075),(240925050428410019,'2024-09-24',10.00,240622083056395114),(240925050428438013,'2024-09-24',50.00,240622083209807054),(241001022311675036,'2024-09-20',500.00,240529174158065168),(241001022609115016,'2024-09-20',500.00,240806144240413020),(241001022900630025,'2024-09-20',500.00,240724142751876021),(241001022900652014,'2024-09-20',50.00,240724142839138017),(241001023350297014,'2024-09-23',500.00,240724142751876021),(241001023350322012,'2024-09-23',300.00,240724142839138017),(241001023748065011,'2024-09-23',500.00,240529183657375049),(241001024139960012,'2024-09-23',500.00,240916092825723053),(241001053632259027,'2024-09-25',400.00,240529174123193890),(241001054052489017,'2024-09-24',400.00,240529174158065168),(241001054543596016,'2024-09-24',1000.00,240529174123193890),(241001080912056040,'2024-09-24',500.00,240724142751876021),(241001080912085018,'2024-09-24',300.00,240724142839138017),(241001082644987031,'2024-09-25',400.00,240529183657375049),(241001090336750019,'2024-09-25',500.00,240916092825723053),(241001090352826013,'2024-09-26',200.00,240916092825723053),(241001090410482013,'2024-10-26',100.00,240916092825723053),(241002072014693049,'2024-10-29',100.00,240711070858704040),(241002073045731016,'2024-08-27',25.00,240711070858704040),(241002075154956037,'2024-08-27',30.00,240711070910256030),(241002081318955021,'2024-08-29',100.00,240711070858704040),(241002081812964061,'2024-08-28',30.00,240711070910256030),(241002081813019013,'2024-08-28',10.00,240711070858704040),(241002094411208022,'2024-08-26',100.00,240711070858704040),(241002095544727013,'2024-08-24',30.00,240711070858704040),(241002101321966069,'2024-08-23',30.00,240711070910256030),(241002101321998019,'2024-08-23',15.00,240711070858704040),(241002104445574016,'2024-08-22',3.00,240711070910256030),(241002104445603016,'2024-08-22',60.00,240711070858704040),(241002105837095016,'2024-08-21',60.00,240711070910256030),(241002105837122036,'2024-08-21',20.00,240711070858704040),(241002130804713019,'2024-08-20',5.00,240711070910256030),(241002131445559016,'2024-08-19',60.00,240711070910256030),(241002133922687018,'2024-08-16',25.00,240711071001705025),(241002133922717027,'2024-08-16',30.00,240711070910256030),(241002140450334013,'2024-08-15',25.00,240711070910256030),(241002140450364047,'2024-08-15',30.00,240711070858704040),(241003050139745080,'2024-09-19',66.00,240912061848765048),(241003054234204028,'2024-09-18',500.00,240605123512527065),(241003061430582018,'2024-10-20',35.00,240819080340984024),(241003061430638016,'2024-10-20',0.00,240819080352087024),(241003061430664022,'2024-10-20',0.00,240819080401727024),(241003061430698017,'2024-10-20',66.00,240912061848765048),(241003061452211025,'2024-09-20',35.00,240819080340984024),(241003061452241033,'2024-09-20',0.00,240819080352087024),(241003061452266013,'2024-09-20',0.00,240819080401727024),(241003061452286020,'2024-09-20',66.00,240912061848765048),(241003062130075017,'2024-09-23',35.00,240819080340984024),(241003062130100014,'2024-09-23',0.00,240819080352087024),(241003062130126029,'2024-09-23',0.00,240819080401727024),(241003063444264021,'2024-09-24',35.00,240819080340984024),(241003063444288016,'2024-09-24',2.00,240819080352087024),(241003063444307017,'2024-09-24',65.00,240912061848765048),(241003063538409017,'2024-09-21',35.00,240819080340984024),(241003063538432016,'2024-09-21',66.00,240912061848765048),(241003064406034012,'2024-09-25',35.00,240819080340984024),(241003064406063012,'2024-09-25',0.00,240819080352087024),(241003064406087034,'2024-09-25',28.00,240819080401727024),(241003064406108046,'2024-09-25',66.00,240912061848765048),(241003070335645012,'2024-09-26',0.00,240819080340984024),(241003070335667020,'2024-09-26',0.00,240819080352087024),(241003070335696013,'2024-09-26',0.00,240819080401727024),(241003070335724020,'2024-09-26',0.00,240912061848765048),(241003070454606018,'2024-09-27',0.00,240819080340984024),(241003070454632018,'2024-09-27',0.00,240819080352087024),(241003070454656016,'2024-09-27',0.00,240819080401727024),(241003070454678019,'2024-09-27',0.00,240912061848765048),(241003070553249012,'2024-09-28',0.00,240819080340984024),(241003070553277016,'2024-09-28',0.00,240819080352087024),(241003070553301015,'2024-09-28',0.00,240819080401727024),(241003070553329016,'2024-09-28',0.00,240912061848765048),(241003070723029019,'2024-09-30',0.00,240819080340984024),(241003070723058020,'2024-09-30',0.00,240819080352087024),(241003070723087023,'2024-09-30',0.00,240819080401727024),(241003070723116020,'2024-09-30',0.00,240912061848765048),(241003072929363024,'2024-10-01',35.00,240819080340984024),(241003072929389013,'2024-10-01',0.00,240819080352087024),(241003072929411018,'2024-10-01',0.00,240819080401727024),(241003072929435015,'2024-10-01',65.00,240912061848765048),(241003073626314034,'2024-09-23',500.00,240711064938588025),(241003074135904019,'2024-09-24',500.00,240711064938588025),(241003082504507020,'2024-09-17',0.00,240529182914126257),(241003083052375017,'2024-09-13',0.00,240529182656557160),(241003083341384019,'2024-09-13',500.00,240529182914126257),(241003090558960015,'2024-10-02',35.00,240819080340984024),(241003090652979012,'2024-10-02',0.00,240819080352087024),(241003090653003012,'2024-10-02',0.00,240819080401727024),(241003090653025017,'2024-10-02',66.00,240912061848765048),(241003093004221016,'2024-09-26',0.00,240622081150917079),(241003093004263019,'2024-09-26',0.00,240622081555852075),(241003093004536015,'2024-09-26',0.00,240622083056395114),(241003093004574027,'2024-09-26',0.00,240622083209807054),(241003093004609018,'2024-09-26',0.00,240622083526394039),(241003093020351020,'2024-09-27',0.00,240622081150917079),(241003093020382018,'2024-09-27',0.00,240622081555852075),(241003093020406014,'2024-09-27',0.00,240622083056395114),(241003093020437018,'2024-09-27',0.00,240622083209807054),(241003093020463047,'2024-09-27',0.00,240622083526394039),(241003093034381013,'2024-09-28',0.00,240622081150917079),(241003093034406017,'2024-09-28',0.00,240622081555852075),(241003093034434016,'2024-09-28',0.00,240622083056395114),(241003093034464023,'2024-09-28',0.00,240622083209807054),(241003093034494014,'2024-09-28',0.00,240622083526394039),(241003093047827018,'2024-09-30',0.00,240622081150917079),(241003093047859021,'2024-09-30',0.00,240622081555852075),(241003093047885014,'2024-09-30',0.00,240622083056395114),(241003093047907017,'2024-09-30',0.00,240622083209807054),(241003093047933016,'2024-09-30',0.00,240622083526394039),(241003094407847018,'2024-10-03',0.00,240711064938588025),(241003094454922019,'2024-10-02',0.00,240622081150917079),(241003094454951016,'2024-10-02',0.00,240622081555852075),(241003094454977017,'2024-10-02',10.00,240622083056395114),(241003094455002020,'2024-10-02',0.00,240622083526394039),(241003095241060018,'2024-10-01',18.00,240622081150917079),(241003095241087020,'2024-10-01',10.00,240622083056395114),(241003095241113013,'2024-10-01',50.00,240622083209807054),(241003095241148020,'2024-10-01',0.00,240622083526394039),(241003095737069020,'2024-10-02',50.00,240622083209807054),(241003095937511022,'2024-10-25',0.00,240622081150917079),(241003095937541012,'2024-10-25',0.00,240622081555852075),(241003095937566013,'2024-10-25',0.00,240622083056395114),(241003095937589016,'2024-10-25',0.00,240622083209807054),(241003095937613013,'2024-10-25',0.00,240622083526394039),(241003100000600021,'2024-09-25',0.00,240622081150917079),(241003100000631018,'2024-09-25',18.00,240622081555852075),(241003100000660017,'2024-09-25',0.00,240622083056395114),(241003100000684019,'2024-09-25',50.00,240622083209807054),(241003100000713016,'2024-09-25',0.00,240622083526394039),(241007022654808013,'2024-09-25',500.00,240724142751876021),(241007022654830013,'2024-09-25',400.00,240724142839138017),(241007023818562025,'2024-09-19',327.60,241007023703586036),(241007024004954014,'2024-09-23',270.48,241007023703586036),(241007024317541025,'2024-09-17',240.00,241007024130275019),(241007024407993012,'2024-09-16',592.80,241007024130275019),(241007024540048017,'2024-09-14',624.96,241007024130275019),(241007024709493011,'2024-09-13',637.20,241007024130275019),(241007024834868014,'2024-09-12',590.40,241007024130275019),(241007025013065015,'2024-10-02',348.60,241007024130275019),(241007025131302018,'2024-09-24',369.00,241007024130275019),(241007140305188041,'2024-10-02',1000.00,240916092825723053),(241007140320044032,'2024-10-03',300.00,240916092825723053),(241007141605541014,'2024-10-02',300.00,240529183657375049),(241009053421285048,'2024-10-02',200.00,240529174158065168),(241009054131598013,'2024-10-02',1000.00,240724142751876021),(241009054858846023,'2024-10-03',500.00,240724142751876021),(241009055131502011,'2024-10-03',200.00,240529174158065168),(241009060125525041,'2024-10-04',500.00,240724142751876021),(241009060125546067,'2024-10-04',0.00,240916092825723053),(241009060531018013,'2024-10-04',500.00,240724142905268016),(241009060659409012,'2024-10-04',150.00,240529174158065168),(241009061210368015,'2024-10-07',500.00,240529085600385316),(241009061840524018,'2024-10-07',400.00,240724142751876021),(241009061840566014,'2024-10-07',500.00,240724142905268016),(241009062203106017,'2024-10-07',500.00,240529174123193890),(241009062649063012,'2024-10-05',200.00,240529085600385316),(241009065421919016,'2024-10-05',200.00,240724142751876021),(241009065421950015,'2024-10-05',200.00,240724142839138017),(241009071259452026,'2024-10-07',500.00,240724142839138017);

--
-- Table structure for table `planned_field_uom`
--

CREATE TABLE `planned_field_uom` (
  `planned_field_uom_id` bigint NOT NULL,
  `planned_field_id` bigint NOT NULL,
  `uom_id` bigint NOT NULL,
  PRIMARY KEY (`planned_field_uom_id`),
  KEY `planned_field_uom_id` (`planned_field_uom_id`),
  KEY `planned_field_id` (`planned_field_id`),
  KEY `uom_id` (`uom_id`),
  CONSTRAINT `planned_field_uom_ibfk_1` FOREIGN KEY (`planned_field_id`) REFERENCES `planned_field` (`planned_field_id`) ON DELETE RESTRICT ON UPDATE CASCADE,
  CONSTRAINT `planned_field_uom_ibfk_2` FOREIGN KEY (`uom_id`) REFERENCES `uom` (`uom_id`) ON DELETE RESTRICT ON UPDATE CASCADE
) ENGINE=InnoDB DEFAULT CHARSET=utf8mb4 COLLATE=utf8mb4_0900_ai_ci;

--
-- Dumping data for table `planned_field_uom`
--

INSERT INTO `planned_field_uom` VALUES (240321154009942269,240321154009645116,230710095837465130),(240321154024782177,240321154024666348,230710095837465129),(240321154039484178,240321154039357640,230710095837465126),(240529085600508178,240529085600385316,230710095837465130),(240529085621584137,240529085621518268,230710095837465130),(240529085656004157,240529085655928195,230710095837465130),(240529091317344143,240529091317282222,230710095837465130),(240529091348725092,240529091348639786,230710095837465130),(240529091420394123,240529091420319380,230710095837465130),(240529091438605131,240529091438554209,230710095837465130),(240529091458961104,240529091458913128,230710095837465130),(240529171627879149,240529171627818113,230710095837465130),(240529172355558108,240529172355499323,230710095837465130),(240529172418241093,240529172418189106,230710095837465130),(240529172439354109,240529172439312145,230710095837465130),(240529173337070086,240529173337008330,230710095837465130),(240529174001206119,240529174001139224,230710095837465130),(240529174028421085,240529174028378101,230710095837465130),(240529174123266145,240529174123193890,230710095837465130),(240529174158126123,240529174158065168,230710095837465130),(240529174223719123,240529174223665280,230710095837465130),(240529175553893184,240529175553819232,230710095837465130),(240529180219840083,240529180219771477,230710095837465129),(240529180245650089,240529180245595169,230710095837465130),(240529180309492211,240529180309453220,230710095837465130),(240529181203925114,240529181203864203,230710095837465130),(240529181230789076,240529181230737236,230710095837465130),(240529181252226121,240529181252169407,230710095837465241),(240529181313000089,240529181312933279,230710095837465130),(240529182656606107,240529182656557160,230710095837465129),(240529182745694097,240529182745638218,230710095837465130),(240529182830373189,240529182830297132,230710095837465130),(240529182849670093,240529182849618417,230710095837465130),(240529182914174136,240529182914126257,230710095837465130),(240529183657448047,240529183657375049,230710095837465130),(240529184311132101,240529184311053294,230710095837465134),(240529185000816062,240529185000754276,230710095837465130),(240530092533273079,240530092533218247,230710095837465129),(240530092557584075,240530092557542121,230710095837465129),(240530092621456062,240530092621413133,230710095837465129),(240530092635106062,240530092635061236,230710095837465129),(240530092649227066,240530092649182091,230710095837465129),(240530094453208048,240530094453146407,230710095837465130),(240530094535150068,240530094535095386,230710095837465126),(240530094601672050,240530094601620058,230710095837465126),(240530094621193095,240530094621150050,230710095837465126),(240530094657773086,240530094657699441,230710095837465126),(240530101504144078,240530101504084063,230710095837465130),(240530101629376068,240530101629304369,230710095837465126),(240530101659117085,240530101659062127,230710095837465126),(240530101725924065,240530101725876108,230710095837465126),(240530101750221051,240530101750174230,230710095837465126),(240530103025116060,240530103025040055,230710095837465130),(240530103140899063,240530103140803335,230710095837465139),(240530103457867060,240530103457791479,230710095837465139),(240530103542083058,240530103542031183,230710095837465139),(240605123431254092,240605123431210345,230710095837465130),(240605123459321050,240605123459283062,230710095837465130),(240605123512586074,240605123512527065,230710095837465130),(240605123541216056,240605123541167264,230710095837465130),(240612091505927118,240612091505631449,230710095837465129),(240612091539766121,240612091539711561,230710095837465129),(240612091646990086,240612091646731229,230710095837465130),(240612091745312084,240612091745255474,230710095837465130),(240612091759410107,240612091759369129,230710095837465126),(240612091840908091,240612091840637175,230710095837465130),(240612142706106064,240612142706062458,230710095837465130),(240612142712499065,240612142712459099,230710095837465130),(240612142732171064,240612142732134120,230710095837465126),(240612142803304072,240612142803270109,230710095837465130),(240612142815611078,240612142815576057,230710095837465130),(240613063010084051,240613063010033233,230710095837465241),(240619113103166075,240619113103086419,230710095837465129),(240619113117698117,240619113117623112,230710095837465130),(240619113539429217,240619113539361067,230710095837465130),(240622083056455053,240622083056395114,230710095837465130),(240622083209867044,240622083209807054,230710095837465126),(240622083526454061,240622083526394039,230710095837465130),(240622083533569076,240622081150917079,230710095837465241),(240622083545512047,240622081555852075,230710095837465241),(240711064938638018,240711064938588025,230710095837465130),(240711065934179023,240711065934138036,230710095837465130),(240711070033109017,240711070033060059,230710095837465130),(240711070049125022,240711070049090027,230710095837465130),(240711070858743022,240711070858704040,230710095837465126),(240711070910299019,240711070910256030,230710095837465126),(240711070918855027,240711070918813026,230710095837465126),(240711070953304024,240711070953270033,230710095837465126),(240711071001760019,240711071001705025,230710095837465126),(240712071048403019,240712071048363024,230710095837465130),(240712071734600018,240712071734557026,230710095837465130),(240712071810199017,240712071810160018,230710095837465130),(240712071829947012,240712071829909018,230710095837465130),(240712071849914028,240712071849872023,230710095837465130),(240719071733021012,240719071732979019,230710095837465130),(240719071739913024,240719071739878016,230710095837465130),(240719071751278019,240719071751241025,230710095837465130),(240719071759664013,240719071759623016,230710095837465130),(240724142751929019,240724142751876021,230710095837465130),(240724142839185014,240724142839138017,230710095837465134),(240724142905325014,240724142905268016,230710095837465134),(240806144240460014,240806144240413020,230710095837465130),(240812072110165019,240812072110115025,230710095837465130),(240819030621913018,240819030621864034,230710095837465130),(240819073055385013,240819073055341017,230710095837465129),(240819074450114017,240819074450071045,230710095837465134),(240819074459885019,240819074459841028,230710095837465130),(240819080341039019,240819080340984024,230710095837465129),(240819080352141014,240819080352087024,230710095837465134),(240819080401771016,240819080401727024,230710095837465130),(240912061848813018,240912061848765048,230710095837465142),(240912062106780021,240912062106738020,230710095837465141),(240912062121620023,240912062121577017,230710095837465141),(240916092825766023,240916092825723053,230710095837465134),(241007023703635019,241007023703586036,230710095837465130),(241007024130317015,241007024130275019,230710095837465130);

--
-- Table structure for table `project_forms`
--

CREATE TABLE `project_forms` (
  `project_form_id` bigint NOT NULL,
  `form_type_id` bigint NOT NULL,
  `project_id` bigint NOT NULL,
  `project_form_name` varchar(200) NOT NULL,
  `created_date` datetime NOT NULL,
  `published_date` datetime DEFAULT NULL,
  `is_published` int NOT NULL DEFAULT '0',
  PRIMARY KEY (`project_form_id`),
  KEY `project_form_id` (`project_form_id`),
  KEY `form_type_id` (`form_type_id`),
  KEY `project_id` (`project_id`),
  CONSTRAINT `project_forms_ibfk_1` FOREIGN KEY (`form_type_id`) REFERENCES `form_types` (`form_type_id`) ON DELETE RESTRICT ON UPDATE CASCADE,
  CONSTRAINT `project_forms_ibfk_2` FOREIGN KEY (`project_id`) REFERENCES `projects` (`project_id`) ON DELETE RESTRICT ON UPDATE CASCADE
) ENGINE=InnoDB DEFAULT CHARSET=utf8mb4 COLLATE=utf8mb4_0900_ai_ci;

--
-- Dumping data for table `project_forms`
--

INSERT INTO `project_forms` VALUES (240321140142464232,230707104316784126,240321140142335372,'Budget','2024-03-21 14:01:42',NULL,0),(240321140142516202,230707104335642135,240321140142335372,'Planned','2024-03-21 14:01:43',NULL,0),(240321140142545256,230707104324159089,240321140142335372,'Measurements','2024-03-21 14:01:43',NULL,0),(240321140142573292,230707104342928093,240321140142335372,'Daily Diary','2024-03-21 14:01:43',NULL,0),(240321142436526207,230707104316784126,240321142436425957,'Budget','2024-03-21 14:24:37',NULL,0),(240321142436556167,230707104335642135,240321142436425957,'Planned','2024-03-21 14:24:37',NULL,0),(240321142436590205,230707104324159089,240321142436425957,'Measurements','2024-03-21 12:24:37','2024-03-21 15:44:00',1),(240321142436613259,230707104342928093,240321142436425957,'Daily Diary','2024-03-21 14:24:37',NULL,0),(240529084256029198,230707104316784126,240529084255929820,'Budget','2024-05-29 08:42:56',NULL,0),(240529084256060142,230707104335642135,240529084255929820,'Planned','2024-05-29 08:42:56',NULL,0),(240529084256080143,230707104324159089,240529084255929820,'Measurements','2024-05-29 06:42:56','2024-05-29 09:02:21',1),(240529084256101173,230707104342928093,240529084255929820,'Daily Diary','2024-05-29 08:42:56',NULL,0),(240529091144332174,230707104316784126,240529091144275920,'Budget','2024-05-29 09:11:44',NULL,0),(240529091144352174,230707104335642135,240529091144275920,'Planned','2024-05-29 09:11:44',NULL,0),(240529091144373185,230707104324159089,240529091144275920,'Measurements','2024-05-29 07:11:44','2024-05-29 09:25:02',1),(240529091144393187,230707104342928093,240529091144275920,'Daily Diary','2024-05-29 09:11:44',NULL,0),(240529171015441215,230707104316784126,240529171015384784,'Budget','2024-05-29 17:10:15',NULL,0),(240529171015458133,230707104335642135,240529171015384784,'Planned','2024-05-29 17:10:15',NULL,0),(240529171015476136,230707104324159089,240529171015384784,'Measurements','2024-05-29 15:10:15','2024-05-29 17:18:17',1),(240529171015500117,230707104342928093,240529171015384784,'Daily Diary','2024-05-29 17:10:16',NULL,0),(240529172026468139,230707104316784126,240529172026417961,'Budget','2024-05-29 17:20:26',NULL,0),(240529172026502718,230707104335642135,240529172026417961,'Planned','2024-05-29 17:20:27',NULL,0),(240529172026520161,230707104324159089,240529172026417961,'Measurements','2024-05-29 15:20:27','2024-05-29 17:26:29',1),(240529172026543213,230707104342928093,240529172026417961,'Daily Diary','2024-05-29 17:20:27',NULL,0),(240529173049764118,230707104316784126,240529173049711949,'Budget','2024-05-29 17:30:50',NULL,0),(240529173049783133,230707104335642135,240529173049711949,'Planned','2024-05-29 17:30:50',NULL,0),(240529173049797115,230707104324159089,240529173049711949,'Measurements','2024-05-29 15:30:50','2024-05-29 17:35:07',1),(240529173049811144,230707104342928093,240529173049711949,'Daily Diary','2024-05-29 17:30:50',NULL,0),(240529173733393127,230707104316784126,240529173733340695,'Budget','2024-05-29 17:37:33',NULL,0),(240529173733413151,230707104335642135,240529173733340695,'Planned','2024-05-29 17:37:33',NULL,0),(240529173733427125,230707104324159089,240529173733340695,'Measurements','2024-05-29 15:37:33','2024-05-29 17:44:58',1),(240529173733446106,230707104342928093,240529173733340695,'Daily Diary','2024-05-29 17:37:33',NULL,0),(240529175244958140,230707104316784126,240529175244907760,'Budget','2024-05-29 17:52:45',NULL,0),(240529175244979136,230707104335642135,240529175244907760,'Planned','2024-05-29 17:52:45',NULL,0),(240529175244998106,230707104324159089,240529175244907760,'Measurements','2024-05-29 15:52:45','2024-05-29 17:57:53',1),(240529175245012132,230707104342928093,240529175244907760,'Daily Diary','2024-05-29 17:52:45',NULL,0),(240529180017404088,230707104316784126,240529180017360889,'Budget','2024-05-29 18:00:17',NULL,0),(240529180017423368,230707104335642135,240529180017360889,'Planned','2024-05-29 18:00:17',NULL,0),(240529180017437190,230707104324159089,240529180017360889,'Measurements','2024-05-29 16:00:17','2024-05-29 18:04:54',1),(240529180017452191,230707104342928093,240529180017360889,'Daily Diary','2024-05-29 18:00:17',NULL,0),(240529180825386112,230707104316784126,240529180825331892,'Budget','2024-05-29 18:08:25',NULL,0),(240529180825403170,230707104335642135,240529180825331892,'Planned','2024-05-29 18:08:25',NULL,0),(240529180825429132,230707104324159089,240529180825331892,'Measurements','2024-05-29 16:08:25','2024-05-29 18:14:34',1),(240529180825444104,230707104342928093,240529180825331892,'Daily Diary','2024-05-29 18:08:25',NULL,0),(240529181730053103,230707104316784126,240529181730003904,'Budget','2024-05-29 18:17:30',NULL,0),(240529181730068117,230707104335642135,240529181730003904,'Planned','2024-05-29 18:17:30',NULL,0),(240529181730083104,230707104324159089,240529181730003904,'Measurements','2024-05-29 16:17:30','2024-05-29 18:30:32',1),(240529181730098084,230707104342928093,240529181730003904,'Daily Diary','2024-05-29 18:17:30',NULL,0),(240529183417421106,230707104316784126,240529183417383512,'Budget','2024-05-29 18:34:17',NULL,0),(240529183417436117,230707104335642135,240529183417383512,'Planned','2024-05-29 18:34:17',NULL,0),(240529183417450138,230707104324159089,240529183417383512,'Measurements','2024-05-29 16:34:17','2024-05-29 18:38:35',1),(240529183417464121,230707104342928093,240529183417383512,'Daily Diary','2024-05-29 18:34:17',NULL,0),(240529184054717062,230707104316784126,240529184054668420,'Budget','2024-05-29 18:40:55',NULL,0),(240529184054734114,230707104335642135,240529184054668420,'Planned','2024-05-29 18:40:55',NULL,0),(240529184054751099,230707104324159089,240529184054668420,'Measurements','2024-05-29 16:40:55','2024-05-29 18:44:26',1),(240529184054768104,230707104342928093,240529184054668420,'Daily Diary','2024-05-29 18:40:55',NULL,0),(240529184739957078,230707104316784126,240529184739912305,'Budget','2024-05-29 18:47:40',NULL,0),(240529184739973061,230707104335642135,240529184739912305,'Planned','2024-05-29 18:47:40',NULL,0),(240529184739986055,230707104324159089,240529184739912305,'Measurements','2024-05-29 16:47:40','2024-05-29 18:51:55',1),(240529184740000063,230707104342928093,240529184739912305,'Daily Diary','2024-05-29 18:47:40',NULL,0),(240530092331926118,230707104316784126,240530092331874182,'Budget','2024-05-30 09:23:32',NULL,0),(240530092331942080,230707104335642135,240530092331874182,'Planned','2024-05-30 09:23:32',NULL,0),(240530092331956140,230707104324159089,240530092331874182,'Measurements','2024-05-30 07:23:32','2024-05-30 09:28:10',1),(240530092331969066,230707104342928093,240530092331874182,'Daily Diary','2024-05-30 09:23:32',NULL,0),(240530093433463085,230707104316784126,240530093433415691,'Budget','2024-05-30 09:34:33',NULL,0),(240530093433480069,230707104335642135,240530093433415691,'Planned','2024-05-30 09:34:33',NULL,0),(240530093433497072,230707104324159089,240530093433415691,'Measurements','2024-05-30 07:34:33','2024-05-30 09:48:25',1),(240530093433515077,230707104342928093,240530093433415691,'Daily Diary','2024-05-30 09:34:34',NULL,0),(240530101152242069,230707104316784126,240530101152191562,'Budget','2024-05-30 10:11:52',NULL,0),(240530101152263073,230707104335642135,240530101152191562,'Planned','2024-05-30 10:11:52',NULL,0),(240530101152301087,230707104324159089,240530101152191562,'Measurements','2024-05-30 08:11:52','2024-05-30 10:20:28',1),(240530101152315065,230707104342928093,240530101152191562,'Daily Diary','2024-05-30 10:11:52',NULL,0),(240530102728500070,230707104316784126,240530102728456429,'Budget','2024-05-30 10:27:29',NULL,0),(240530102728513090,230707104335642135,240530102728456429,'Planned','2024-05-30 10:27:29',NULL,0),(240530102728528093,230707104324159089,240530102728456429,'Measurements','2024-05-30 08:27:29','2024-05-30 10:37:32',1),(240530102728546105,230707104342928093,240530102728456429,'Daily Diary','2024-05-30 10:27:29',NULL,0),(240606081118571054,230707104316784126,240606081118516097,'Budget','2024-06-06 08:11:19',NULL,0),(240606081118597052,230707104335642135,240606081118516097,'Planned','2024-06-06 08:11:19',NULL,0),(240606081118631070,230707104324159089,240606081118516097,'Measurements','2024-06-06 06:11:19','2024-06-22 08:37:23',1),(240606081118648051,230707104342928093,240606081118516097,'Daily Diary','2024-06-06 08:11:19',NULL,0),(240612080857394146,230707104316784126,240612080857332397,'Budget','2024-06-12 08:08:57',NULL,0),(240612080857420139,230707104335642135,240612080857332397,'Planned','2024-06-12 08:08:57',NULL,0),(240612080857432144,230707104324159089,240612080857332397,'Measurements','2024-06-12 06:08:57','2024-06-12 09:30:06',1),(240612080857450119,230707104342928093,240612080857332397,'Daily Diary','2024-06-12 08:08:57',NULL,0),(240612142118829111,230707104316784126,240612142118791526,'Budget','2024-06-12 14:21:19',NULL,0),(240612142118849073,230707104335642135,240612142118791526,'Planned','2024-06-12 14:21:19',NULL,0),(240612142118866106,230707104324159089,240612142118791526,'Measurements','2024-06-12 14:21:19',NULL,0),(240612142118881081,230707104342928093,240612142118791526,'Daily Diary','2024-06-12 14:21:19',NULL,0),(240613052439713066,230707104316784126,240613052439672410,'Budget','2024-06-13 05:24:40',NULL,0),(240613052439726058,230707104335642135,240613052439672410,'Planned','2024-06-13 05:24:40',NULL,0),(240613052439738063,230707104324159089,240613052439672410,'Measurements','2024-06-13 03:24:40','2024-08-19 03:19:59',1),(240613052439751052,230707104342928093,240613052439672410,'Daily Diary','2024-06-13 05:24:40',NULL,0),(240709141158829035,230707104316784126,240709141158766033,'Budget','2024-07-09 14:11:59',NULL,0),(240709141158850031,230707104335642135,240709141158766033,'Planned','2024-07-09 14:11:59',NULL,0),(240709141158867026,230707104324159089,240709141158766033,'Measurements','2024-07-09 12:11:59','2024-07-11 07:21:28',1),(240709141158884026,230707104342928093,240709141158766033,'Daily Diary','2024-07-09 14:11:59',NULL,0),(240712065644619019,230707104316784126,240712065644586050,'Budget','2024-07-12 06:56:45',NULL,0),(240712065644636028,230707104335642135,240712065644586050,'Planned','2024-07-12 06:56:45',NULL,0),(240712065644668019,230707104324159089,240712065644586050,'Measurements','2024-07-12 04:56:45','2024-07-12 07:20:31',1),(240712065644681026,230707104342928093,240712065644586050,'Daily Diary','2024-07-12 06:56:45',NULL,0),(240712072327414020,230707104316784126,240712072327387013,'Budget','2024-07-12 07:23:27',NULL,0),(240712072327428028,230707104335642135,240712072327387013,'Planned','2024-07-12 07:23:27',NULL,0),(240712072327447024,230707104324159089,240712072327387013,'Measurements','2024-07-12 07:23:27',NULL,0),(240712072327465020,230707104342928093,240712072327387013,'Daily Diary','2024-07-12 07:23:27',NULL,0),(240712072625131028,230707104316784126,240712072624663026,'Budget','2024-07-12 07:26:25',NULL,0),(240712072625145020,230707104335642135,240712072624663026,'Planned','2024-07-12 07:26:25',NULL,0),(240712072625158017,230707104324159089,240712072624663026,'Measurements','2024-07-12 05:26:25','2024-07-24 14:33:10',1),(240712072625169018,230707104342928093,240712072624663026,'Daily Diary','2024-07-12 07:26:25',NULL,0),(240719071211558017,230707104316784126,240719071211314089,'Budget','2024-07-19 07:12:12',NULL,0),(240719071211578024,230707104335642135,240719071211314089,'Planned','2024-07-19 07:12:12',NULL,0),(240719071211593026,230707104324159089,240719071211314089,'Measurements','2024-07-19 05:12:12','2024-07-19 07:19:55',1),(240719071211607025,230707104342928093,240719071211314089,'Daily Diary','2024-07-19 07:12:12',NULL,0),(240819064521702025,230707104316784126,240819064521665051,'Budget','2024-08-19 06:45:22',NULL,0),(240819064522136019,230707104335642135,240819064521665051,'Planned','2024-08-19 06:45:22',NULL,0),(240819064522153026,230707104324159089,240819064521665051,'Measurements','2024-08-19 04:45:22','2024-08-19 07:53:41',1),(240819064522175071,230707104342928093,240819064521665051,'Daily Diary','2024-08-19 06:45:22',NULL,0),(240819075607996019,230707104316784126,240819075607960016,'Budget','2024-08-19 07:56:08',NULL,0),(240819075608011020,230707104335642135,240819075607960016,'Planned','2024-08-19 07:56:08',NULL,0),(240819075608030027,230707104324159089,240819075607960016,'Measurements','2024-08-19 05:56:08','2024-08-19 08:06:50',1),(240819075608045028,230707104342928093,240819075607960016,'Daily Diary','2024-08-19 07:56:08',NULL,0);

--
-- Table structure for table `project_users`
--

CREATE TABLE `project_users` (
  `project_user_id` bigint NOT NULL,
  `eas_user_id` bigint NOT NULL,
  `is_active` int NOT NULL DEFAULT '1',
  `is_super` int NOT NULL DEFAULT '0',
  `project_id` bigint NOT NULL,
  PRIMARY KEY (`project_user_id`),
  KEY `project_user_id` (`project_user_id`),
  KEY `eas_user_id` (`eas_user_id`),
  KEY `project_id` (`project_id`),
  CONSTRAINT `project_users_ibfk_1` FOREIGN KEY (`eas_user_id`) REFERENCES `eas_user` (`eas_user_id`) ON DELETE RESTRICT ON UPDATE CASCADE,
  CONSTRAINT `project_users_ibfk_2` FOREIGN KEY (`project_id`) REFERENCES `projects` (`project_id`) ON DELETE RESTRICT ON UPDATE CASCADE
) ENGINE=InnoDB DEFAULT CHARSET=utf8mb4 COLLATE=utf8mb4_0900_ai_ci;

--
-- Dumping data for table `project_users`
--

INSERT INTO `project_users` VALUES (240321142814011488,240319113916038263,1,0,240321142436425957),(240529084326982311,240320101728421701,1,1,240529084255929820),(240529091157168127,240320101728421701,1,1,240529091144275920),(240529171115176111,240320101728421701,1,1,240529171015384784),(240529172109348175,240320101728421701,1,1,240529172026417961),(240529173103712129,240320101728421701,1,1,240529173049711949),(240529173743685081,240320101728421701,1,1,240529173733340695),(240529175256741101,240320101728421701,1,1,240529175244907760),(240529180030038168,240320101728421701,1,1,240529180017360889),(240529180839198118,240320101728421701,1,1,240529180825331892),(240529181741773132,240320101728421701,1,1,240529181730003904),(240529183425699373,240320101728421701,1,1,240529183417383512),(240529184102853151,240320101728421701,1,1,240529184054668420),(240529184807299126,240320101728421701,1,1,240529184739912305),(240530092344299113,240320101728421701,1,1,240530092331874182),(240530093448118055,240320101728421701,1,1,240530093433415691),(240530101227005051,240320101728421701,1,1,240530101152191562),(240530102742678064,240320101728421701,1,1,240530102728456429),(240530202235580413,240530195617786580,1,1,240529173733340695),(240530202305073106,240530195617786580,1,1,240530101152191562),(240530202334959099,240530195617786580,1,1,240529175244907760),(240530202416642084,240530195617786580,1,1,240529084255929820),(240530202438523303,240530195617786580,1,1,240529172026417961),(240530202507243101,240530195617786580,1,1,240529171015384784),(240530202554977196,240530195617786580,1,1,240529173049711949),(240530202714218285,240530195617786580,1,1,240529181730003904),(240530202826701208,240530195617786580,1,1,240529091144275920),(240530202858862061,240530195617786580,1,1,240529180825331892),(240530202931917174,240530195617786580,1,1,240530102728456429),(240530203002318119,240530195617786580,1,1,240529183417383512),(240530203205100165,240530195617786580,1,1,240529184054668420),(240530203231312235,240530195617786580,1,1,240529180017360889),(240530203258553095,240530195617786580,1,1,240529184739912305),(240530203318609112,240530195617786580,1,1,240530093433415691),(240530203341894106,240530195617786580,1,1,240530092331874182),(240605084826250523,240605084650429472,1,1,240529173733340695),(240605105037958391,240605084650429472,1,1,240530101152191562),(240605105059450068,240605084650429472,1,1,240529175244907760),(240605105137109212,240605084650429472,1,1,240529084255929820),(240605105213229207,240605084650429472,1,1,240529172026417961),(240605105232593122,240605084650429472,1,1,240529171015384784),(240605105259644078,240605084650429472,1,1,240529173049711949),(240605105322869130,240605084650429472,1,1,240529181730003904),(240605105408278050,240605084650429472,1,1,240529091144275920),(240605105455698267,240605084650429472,1,1,240529180825331892),(240605105519514096,240605084650429472,1,1,240530102728456429),(240605105548362139,240605084650429472,1,1,240529183417383512),(240605105626555068,240605084650429472,1,1,240529184054668420),(240605105657541109,240605084650429472,1,1,240529180017360889),(240605105715432354,240605084650429472,1,1,240529184739912305),(240605105739053217,240605084650429472,1,1,240530093433415691),(240605105804547086,240605084650429472,1,1,240530092331874182),(240605121136057074,240605121102397368,1,0,240529173733340695),(240605121519798386,240605121102397368,1,1,240530101152191562),(240605121609174120,240605121102397368,1,1,240529175244907760),(240605121815945351,240605121102397368,1,1,240530102728456429),(240605121855100172,240605121102397368,1,1,240530093433415691),(240605121928330114,240605121102397368,1,1,240530092331874182),(240605125854808405,240605125636086278,1,0,240529084255929820),(240605125955234183,240605125636086278,1,0,240529172026417961),(240605130037496225,240605125636086278,1,0,240529171015384784),(240605130122643151,240605125636086278,1,0,240529091144275920),(240605130159680123,240605125636086278,1,0,240529180825331892),(240605130241727071,240605125636086278,1,0,240529183417383512),(240605130355692288,240605125636086278,1,0,240529184054668420),(240606071412701382,240605121102397368,1,1,240529173049711949),(240606071508042069,240605121102397368,1,1,240529181730003904),(240606071804093352,240605121102397368,1,1,240529180017360889),(240606072621216094,240606072420575543,1,1,240529173733340695),(240606072658953139,240606072420575543,1,1,240530101152191562),(240606072726212181,240606072420575543,1,1,240529175244907760),(240606072850345193,240606072420575543,1,1,240529084255929820),(240606072914909069,240606072420575543,1,1,240529172026417961),(240606072937234512,240606072420575543,1,1,240529171015384784),(240606073006330127,240606072420575543,1,1,240529173049711949),(240606073032963098,240606072420575543,1,1,240529181730003904),(240606073101870119,240606072420575543,1,1,240529091144275920),(240606073128282056,240606072420575543,1,1,240529180825331892),(240606073152164193,240606072420575543,1,1,240530102728456429),(240606073330532277,240606072420575543,1,1,240529183417383512),(240606073415299059,240606072420575543,1,1,240529184054668420),(240606073439075180,240606072420575543,1,1,240529180017360889),(240606073504431185,240606072420575543,1,1,240530093433415691),(240606073528905098,240606072420575543,1,1,240530092331874182),(240606074340226332,240606073945493063,0,1,240529173733340695),(240606074402539083,240606073945493063,1,1,240530101152191562),(240606074422609113,240606073945493063,1,1,240529175244907760),(240606074501834122,240606072559888276,1,1,240529084255929820),(240606074626899307,240606072559888276,1,1,240529172026417961),(240606075555374480,240606072559888276,1,1,240529171015384784),(240606075628281668,240606073945493063,1,1,240529173049711949),(240606075701099132,240606073945493063,1,1,240529181730003904),(240606075728000126,240606072559888276,1,1,240529091144275920),(240606075756309044,240606072559888276,1,1,240529180825331892),(240606075852078317,240606073945493063,1,1,240530102728456429),(240606075919896130,240606072559888276,1,1,240529183417383512),(240606080032037292,240606072559888276,1,1,240529184054668420),(240606080106124325,240606073945493063,1,1,240529180017360889),(240606080232201190,240606073945493063,1,1,240530093433415691),(240606080630032355,240606073945493063,1,1,240530092331874182),(240606081140573076,240605084650429472,1,1,240606081118516097),(240606081314012217,240605121102397368,1,0,240606081118516097),(240606081422283375,240606073945493063,1,1,240606081118516097),(240612080920988074,240606072420575543,1,1,240612080857332397),(240612080943327109,240606073945493063,1,1,240612080857332397),(240612141118257392,240606072559888276,1,1,240529173733340695),(240612141336227383,240606072559888276,1,1,240529181730003904),(240612142159286077,240606073945493063,1,1,240612142118791526),(240612142220772110,240606072420575543,1,1,240612142118791526),(240612142236223180,240605121102397368,1,1,240612142118791526),(240613052506614091,240606072559888276,1,1,240613052439672410),(240613052515051087,240606072420575543,1,1,240613052439672410),(240613052523654057,240605084650429472,1,1,240613052439672410),(240613052540760150,240605125636086278,1,0,240613052439672410),(240708060042160028,240708060003251080,1,1,240530101152191562),(240708060102338018,240708060003251080,1,1,240612080857332397),(240708060129128026,240708060003251080,1,1,240529175244907760),(240708060152104020,240708060003251080,1,1,240529173049711949),(240708060219532019,240708060003251080,1,1,240529181730003904),(240708060244946018,240708060003251080,1,1,240530102728456429),(240708060304234017,240708060003251080,1,1,240612142118791526),(240708060322730025,240708060003251080,1,1,240529180017360889),(240708060424164028,240708060003251080,1,1,240530093433415691),(240708060440335041,240708060003251080,1,1,240530092331874182),(240709141402159059,240605121102397368,1,1,240709141158766033),(240709141414950030,240708060003251080,1,1,240709141158766033),(240709141426516026,240606073945493063,1,1,240709141158766033),(240709141447209023,240606072420575543,1,1,240709141158766033),(240709141850749026,240319113916038263,1,1,240709141158766033),(240709141913454045,240320101728421701,1,1,240709141158766033),(240709141927247026,240530195617786580,1,1,240709141158766033),(240712070042261052,240606072559888276,1,1,240712065644586050),(240712070051647016,240606072420575543,1,1,240712065644586050),(240712070100390017,240320101728421701,1,1,240712065644586050),(240719071232124013,240320101728421701,1,1,240719071211314089),(240719071240786013,240605121102397368,1,1,240719071211314089),(240719071249169014,240606073945493063,1,1,240719071211314089),(240719071300511018,240708060003251080,1,1,240719071211314089),(240719071312482019,240606072420575543,1,1,240719071211314089),(240724132038385024,240606072559888276,1,1,240712072624663026),(240724132048558023,240530195617786580,1,1,240712072624663026),(240819064541325015,240320101728421701,1,1,240819064521665051),(240819064548564013,240530195617786580,1,1,240819064521665051),(240819064557329017,240605084650429472,1,1,240819064521665051),(240819064605572013,240606072420575543,1,1,240819064521665051),(240819064614972021,240606073945493063,1,1,240819064521665051),(240819075725580013,240320101728421701,1,1,240819075607960016),(240819075733814019,240530195617786580,1,1,240819075607960016),(240819075743805019,240605084650429472,1,1,240819075607960016),(240819075753695018,240606073945493063,1,1,240819075607960016),(240819075801766017,240606072420575543,1,1,240819075607960016),(240820071203772079,240605121102397368,1,1,240612080857332397);

--
-- Table structure for table `projects`
--

CREATE TABLE `projects` (
  `project_id` bigint NOT NULL,
  `project_name` varchar(200) NOT NULL,
  `project_description` varchar(200) NOT NULL,
  `address` varchar(200) NOT NULL,
  `start_date` datetime NOT NULL,
  `end_date` datetime NOT NULL,
  `daily_notes` varchar(2000) DEFAULT NULL,
  `project_manager` varchar(50) DEFAULT NULL,
  `health_and_safety` varchar(50) DEFAULT NULL,
  `procurement` varchar(50) DEFAULT NULL,
  `production` varchar(50) DEFAULT NULL,
  `quality_assuarance` varchar(50) DEFAULT NULL,
  `start_of_week` varchar(10) DEFAULT NULL,
  `is_active` int NOT NULL DEFAULT '1',
  `company_id` bigint NOT NULL,
  PRIMARY KEY (`project_id`),
  KEY `project_id` (`project_id`),
  KEY `project_name` (`project_name`),
  KEY `company_id` (`company_id`),
  CONSTRAINT `projects_ibfk_1` FOREIGN KEY (`company_id`) REFERENCES `company` (`company_id`) ON DELETE RESTRICT ON UPDATE CASCADE
) ENGINE=InnoDB DEFAULT CHARSET=utf8mb4 COLLATE=utf8mb4_0900_ai_ci;

--
-- Dumping data for table `projects`
--

INSERT INTO `projects` VALUES (240321140142335372,'N3 Project','This is the N3 Project Maintenance Contract that is run over an 12 month period','N3 between Ladysmith and Newcastle','2024-02-29 22:00:00','2025-02-28 21:59:59','2 Local Sub Contractors employed','Ms P C Smith','Sanral','Road Engineers SA','Asphalt Specialists SA','QA KZN','Thursday',0,240321135421818506),(240321142436425957,'N3 Project','This is the N3 Project Maintenance Contract that is run over a 12 month period','N3 between Ladysmith and Newcastle','2024-02-29 22:00:00','2025-02-28 21:59:59','Two local subcontractors employed','Ms P C Smith','Sanral','Road Engineers SA','Asphalt Specialists SA','QA KZN','Thursday',0,240321135421818506),(240529084255929820,'A1 - Earthworks','Stage A1 - Earthworks Ramp C','Upgrading of National Route 3, Section 3 from Gladys Manzi Road (km5.9) to New England Road Interchange (km9.0)','2023-10-30 22:00:00','2027-07-31 21:59:59','','','','','','','Thursday',1,240529083601563989),(240529091144275920,'A2 - Earthworks','Stage A2 Earthworks Widening of N3 median between KM 7.00 - KM 7.80','Upgrading of National Route 3, Section 3 from Gladys Manzi Road (km5.9) to New England Road Interchange (km9.0)','2023-10-29 22:00:00','2027-07-31 21:59:59','','','','','','','Thursday',1,240529083601563989),(240529171015384784,'A3 - Earthworks','Stage A3 - Earthworks New Access Road Small Loop','Upgrading of National Route 3, Section 3 from Gladys Manzi Road (km5.9) to New England Road Interchange (km9.0)','2023-10-29 22:00:00','2027-07-31 21:59:59','','','','','','','Thursday',1,240529083601563989),(240529172026417961,'A4 - Earthworks','Stage A4 - Earthworks Widening of N3 median between 8.1 KM to 8.19 KM','Upgrading of National Route 3, Section 3 from Gladys Manzi Road (km5.9) to New England Road Interchange (km9.0)','2023-10-29 22:00:00','2027-07-31 21:59:59','','','','','','','Thursday',1,240529083601563989),(240529173049711949,'CPG - A5 Earthworks','Stage A5 - Earthworks New Link Road from Market Road KM 1.18 to KM 1.68 to Cleland Road East of Interchange','Upgrading of National Route 3, Section 3 from Gladys Manzi Road (km5.9) to New England Road Interchange (km9.0)','2023-10-28 22:00:00','2027-07-31 21:59:59','','','','','','','Thursday',1,240529083601563989),(240529173733340695,'A6 Earthworks','Stage A6 - Earthworks Ramp A + A1 + A - CBD','Upgrading of National Route 3, Section 3 from Gladys Manzi Road (km5.9) to New England Road Interchange (km9.0)','2023-09-30 22:00:00','2027-07-31 21:59:59','','','','','','','Thursday',1,240529083601563989),(240529175244907760,'CPG - A8  Earthworks','Stage A8 - Earthwork Phase 1 Market Road KM 0+000 to 0+700 WB','Upgrading of National Route 3, Section 3 from Gladys Manzi Road (km5.9) to New England Road Interchange (km9.0)','2023-10-28 22:00:00','2027-07-31 21:59:59','','','','','','','Thursday',1,240529083601563989),(240529180017360889,'CPG - A10 Earthworks','Stage A10 - Earthworks Upgrading of Cleland Road from Murray Road to Mkondeni Spruit KM','Upgrading of National Route 3, Section 3 from Gladys Manzi Road (km5.9) to New England Road Interchange (km9.0)','2023-10-28 22:00:00','2027-07-31 21:59:59','','','','','','','Thursday',1,240529083601563989),(240529180825331892,'A5 - Retaining Wall','Stage A5 - Retaining Wall New Link Road from Market Road KM 1.18 to Cleland Road East of Interchange','Upgrading of National Route 3, Section 3 from Gladys Manzi Road (km5.9) to New England Road Interchange (km9.0)','2023-10-29 22:00:00','2027-07-31 21:59:59','','','','','','','Thursday',1,240529083601563989),(240529181730003904,'CPG - B5 Earthworks','Stage B5 - Earthworks Ramp E','Upgrading of National Route 3, Section 3 from Gladys Manzi Road (km5.9) to New England Road Interchange (km9.0)','2023-10-28 22:00:00','2027-07-31 21:59:59','','','','','','','Thursday',1,240529083601563989),(240529183417383512,'B7 - Earthworks','Stage B7 - Earthworks Ramp A-CBD','Upgrading of National Route 3, Section 3 from Gladys Manzi Road (km5.9) to New England Road Interchange (km9.0)','2023-10-29 22:00:00','2027-07-31 21:59:59','','','','','','','Thursday',1,240529083601563989),(240529184054668420,'Asphalt','Asphalt Ramp E','Upgrading of National Route 3, Section 3 from Gladys Manzi Road (km5.9) to New England Road Interchange (km9.0)','2023-10-29 22:00:00','2027-07-31 21:59:59','','','','','','','Thursday',1,240529083601563989),(240529184739912305,'Delivery of G7','Afrimart','Upgrading of National Route 3, Section 3 from Gladys Manzi Road (km5.9) to New England Road Interchange (km9.0)','2023-10-29 22:00:00','2027-07-31 21:59:59','','','','','','','Thursday',0,240529083601563989),(240530092331874182,'CPG - A10 Waterline','CPG - Stage A10 Waterline Widening of N3 Southbound Slow Lane shoulder between KM7.3 - KM8.4','Upgrading of National Route 3, Section 3 from Gladys Manzi Road (km5.9) to New England Road Interchange (km9.0)','2023-10-28 22:00:00','2027-07-31 21:59:59','','','','','','','Thursday',1,240529083601563989),(240530093433415691,'CPG - A10 Prefabricated Culverts','CPG - Stage 10 Prefabricated Culverts Widening of N3 Southbound Slow Lane shoulder between KM 7.3 - KM 8.4','Upgrading of National Route 3, Section 3 from Gladys Manzi Road (km5.9) to New England Road Interchange (km9.0)','2023-10-29 22:00:00','2027-07-31 21:59:59','','','','','','','Thursday',0,240529083601563989),(240530101152191562,'CPG - A1 Prefabricated Culverts','CPG - Stage A1 - Prefabricated Culverts Widening of N3 Southbound Slow Lane shoulder between KM 7.3 - KM 8.4','Upgrading of National Route 3, Section 3 from Gladys Manzi Road (km5.9) to New England Road Interchange (km9.0)','2023-10-29 22:00:00','2027-07-31 21:59:59','','','','','','','Thursday',0,240529083601563989),(240530102728456429,'CPG - B5 Ramp E Treefelling','CPG - B5 Stage B5 Ramp E - Treefelling Market Road IC Onramp to N3-SBC KM 0.16 to KM 0.842','Upgrading of National Route 3, Section 3 from Gladys Manzi Road (km5.9) to New England Road Interchange (km9.0)','2023-10-29 22:00:00','2027-07-31 21:59:59',NULL,'',NULL,NULL,'',NULL,'Thursday',1,240529083601563989),(240606081118516097,'CPG - B2 Soil Nail Wall 6','CPG - Stage B2 Soil Nail Wall 6 Ramp C','N3, KZN','2024-04-29 22:00:00','2025-05-31 21:59:59','','','','Nokwazi Mabaso','','','Thursday',1,240529083601563989),(240612080857332397,'CPG - A5 Sewer Line','CPG - Stage A5 ','Cleland Road','2024-05-04 00:00:00','2025-02-07 21:59:59','','','','Nokwazi Mabaso','','','Thursday',1,240529083601563989),(240612142118791526,'CPG - A5 Prefabricated Culverts','CPG - A5 Market Rd Loop','N3 ','2024-04-30 22:00:00','2025-06-30 21:59:59',NULL,'',NULL,'Nokwazi Mabaso','',NULL,'Thursday',0,240529083601563989),(240613052439672410,'B1 - Earthworks','Stage B1 - Cleland Rd  0.7km - 1.192km','Upgrading of National Route 3, Section 3 from Gladys Manzi Road (km5.9) to New England Road Interchange (km9.0)','2024-06-02 22:00:00','2025-01-31 21:59:59',NULL,'',NULL,'Sipho Mahlangu','',NULL,'Thursday',1,240529083601563989),(240709141158766033,'CPG - A1,A2, A4,A5,A10 & B1 Prefab Stormwater','Cleland road Km 0.7 to Km 1.192 & N3 Median ','Upgrading of National Route 3, Section 3 from Gladys Manzi Road (km5.9) to New England Road Interchange (km9.0)','2024-05-28 22:00:00','2025-05-01 21:59:59','','','','Nokwazi Mabaso','','','Thursday',1,240529083601563989),(240712065644586050,'B2 Earthworks','N3: SBC Slow lanes incl 2.5m shoulder widening Km 8.9 to Km 8.2 incl temp link road from N3-SBC to Market road IC at Km 7.36','Upgrading of National Route 3, Section 3 from Gladys Manzi Road (km5.9) to New England Road Interchange (km9.0)','2024-04-30 22:00:00','2025-01-31 21:59:59',NULL,'',NULL,NULL,'',NULL,'Thursday',1,240529083601563989),(240712072327387013,'A6 Layerworks','Stage A6 - Earthworks Ramp A + A1 + A - CBD','Upgrading of National Route 3, Section 3 from Gladys Manzi Road (km5.9) to New England Road Interchange (km9.0)','2024-04-30 22:00:00','2025-01-31 21:59:59',NULL,'',NULL,NULL,'',NULL,'Thursday',1,240529083601563989),(240712072624663026,'Aggregate Deliveries - GLTA','All Materials coming out of the Quarry','Upgrading of National Route 3, Section 3 from Gladys Manzi Road (km5.9) to New England Road Interchange (km9.0)','2024-01-06 22:00:00','2027-02-18 21:59:59','','','','','','','Thursday',1,240529083601563989),(240719071211314089,'CPG - Aggregate Delivered','A5, A8, B1, B5','Upgrading of National Route 3, Section 3 from Gladys Manzi Road (km5.9) to New England Road Interchange (km9.0)','2023-10-31 22:00:00','2025-06-30 21:59:59',NULL,'',NULL,NULL,'',NULL,'Thursday',1,240529083601563989),(240819064521665051,'C9505 - Culvert Alan Paton ','C9505 Epworth IC Culvert 2 Extension on Alan Paton Ave Ramp D Northbound','Upgrading of National Route 3, Section 3 from Gladys Manzi Road (km5.9) to New England Road Interchange (km9.0) ','2024-04-01 00:00:00','2024-08-31 21:59:59','','','','','4 Core Group','','Thursday',1,240529083601563989),(240819075607960016,'C0731 - Culvert Cleland Road','C0731 - Cleland road culvert demolision and construction km 0.700','Upgrading of National Route 3, Section 3 from Gladys Manzi Road (km5.9) to New England Road Interchange (km9.0) ','2024-03-01 00:00:00','2024-10-31 21:59:59',NULL,'',NULL,NULL,'Tulek CC',NULL,'Thursday',1,240529083601563989);

--
-- Table structure for table `roles`
--

CREATE TABLE `roles` (
  `role_id` bigint NOT NULL,
  `role_name` varchar(100) NOT NULL,
  PRIMARY KEY (`role_id`),
  KEY `role_id` (`role_id`)
) ENGINE=InnoDB DEFAULT CHARSET=utf8mb4 COLLATE=utf8mb4_0900_ai_ci;

--
-- Dumping data for table `roles`
--

INSERT INTO `roles` VALUES (230706110918027111,'Budget_M'),(230706110922078102,'Budget_F'),(230706110927223074,'Budget_R'),(230706110941961078,'Planned_M'),(230706110947483068,'Planned_F'),(230706110957737071,'Planned_R'),(230706111009075080,'Measure_M'),(230706111013604076,'Measure_F'),(230706111017876137,'Measure_R'),(230706111027776076,'Daily_M'),(230706111031993067,'Daily_F'),(230706111036052061,'Daily_R');

--
-- Table structure for table `uom`
--

CREATE TABLE `uom` (
  `uom_id` bigint NOT NULL,
  `unit_of_measure` varchar(20) NOT NULL,
  PRIMARY KEY (`uom_id`),
  KEY `uom_id` (`uom_id`)
) ENGINE=InnoDB DEFAULT CHARSET=utf8mb4 COLLATE=utf8mb4_0900_ai_ci;

--
-- Dumping data for table `uom`
--

INSERT INTO `uom` VALUES (230710095837465124,'mm'),(230710095837465125,'cm'),(230710095837465126,'m'),(230710095837465127,'km'),(230710095837465128,'sm'),(230710095837465129,'m2'),(230710095837465130,'m3'),(230710095837465131,'mg'),(230710095837465132,'g'),(230710095837465133,'kg'),(230710095837465134,'tons'),(230710095837465135,'ml'),(230710095837465136,'L'),(230710095837465137,'kl'),(230710095837465138,'Hrs'),(230710095837465139,'Min'),(230710095837465140,'°C'),(230710095837465141,'%'),(230710095837465142,'Percentage'),(230710095837465143,'Factor'),(230710095837465144,'l/ton'),(230710095837465145,'ton/hrs'),(230710095837465146,'USD/ton'),(230710095837465147,'10/20/50'),(230710095837465148,'ton/m'),(230710095837465149,'ton/l'),(230710095837465150,'USD'),(230710095837465241,'Number');

--
-- Table structure for table `user_roles`
--

CREATE TABLE `user_roles` (
  `user_role_id` bigint NOT NULL,
  `project_user_id` bigint NOT NULL,
  `role_id` bigint NOT NULL,
  `crud` varchar(10) NOT NULL,
  PRIMARY KEY (`user_role_id`),
  KEY `user_role_id` (`user_role_id`),
  KEY `project_user_id` (`project_user_id`),
  KEY `role_id` (`role_id`),
  CONSTRAINT `user_roles_ibfk_1` FOREIGN KEY (`project_user_id`) REFERENCES `project_users` (`project_user_id`) ON DELETE RESTRICT ON UPDATE CASCADE,
  CONSTRAINT `user_roles_ibfk_2` FOREIGN KEY (`role_id`) REFERENCES `roles` (`role_id`) ON DELETE RESTRICT ON UPDATE CASCADE
) ENGINE=InnoDB DEFAULT CHARSET=utf8mb4 COLLATE=utf8mb4_0900_ai_ci;

--
-- Dumping data for table `user_roles`
--

INSERT INTO `user_roles` VALUES (240321142814110159,240321142814011488,230706110918027111,'RU'),(240321142814146279,240321142814011488,230706110922078102,'U'),(240321142814195285,240321142814011488,230706110927223074,'-'),(240321142814222679,240321142814011488,230706110941961078,'-'),(240321142814272256,240321142814011488,230706110947483068,'R'),(240321142814320427,240321142814011488,230706110957737071,'-'),(240321142814366180,240321142814011488,230706111009075080,'CD'),(240321142814407401,240321142814011488,230706111013604076,'U'),(240321142814438232,240321142814011488,230706111017876137,'-'),(240321142814466814,240321142814011488,230706111027776076,'RU'),(240321142814507393,240321142814011488,230706111031993067,'R'),(240321142814536232,240321142814011488,230706111036052061,'R'),(240529084327027180,240529084326982311,230706110918027111,'-'),(240529084327055201,240529084326982311,230706110922078102,'-'),(240529084327082169,240529084326982311,230706110927223074,'-'),(240529084327103178,240529084326982311,230706110941961078,'-'),(240529084327124144,240529084326982311,230706110947483068,'-'),(240529084327143238,240529084326982311,230706110957737071,'-'),(240529084327165229,240529084326982311,230706111009075080,'-'),(240529084327195238,240529084326982311,230706111013604076,'-'),(240529084327220226,240529084326982311,230706111017876137,'-'),(240529084327241200,240529084326982311,230706111027776076,'-'),(240529084327261138,240529084326982311,230706111031993067,'-'),(240529084327280123,240529084326982311,230706111036052061,'-'),(240529091157192159,240529091157168127,230706110918027111,'-'),(240529091157218149,240529091157168127,230706110922078102,'-'),(240529091157235150,240529091157168127,230706110927223074,'-'),(240529091157257149,240529091157168127,230706110941961078,'-'),(240529091157279176,240529091157168127,230706110947483068,'-'),(240529091157297151,240529091157168127,230706110957737071,'-'),(240529091157315148,240529091157168127,230706111009075080,'-'),(240529091157334163,240529091157168127,230706111013604076,'-'),(240529091157352214,240529091157168127,230706111017876137,'-'),(240529091157372160,240529091157168127,230706111027776076,'-'),(240529091157394147,240529091157168127,230706111031993067,'-'),(240529091157411196,240529091157168127,230706111036052061,'-'),(240529171115207139,240529171115176111,230706110918027111,'-'),(240529171115225199,240529171115176111,230706110922078102,'-'),(240529171115243185,240529171115176111,230706110927223074,'-'),(240529171115259191,240529171115176111,230706110941961078,'-'),(240529171115276175,240529171115176111,230706110947483068,'-'),(240529171115296184,240529171115176111,230706110957737071,'-'),(240529171115315199,240529171115176111,230706111009075080,'-'),(240529171115339159,240529171115176111,230706111013604076,'-'),(240529171115356193,240529171115176111,230706111017876137,'-'),(240529171115379205,240529171115176111,230706111027776076,'-'),(240529171115399222,240529171115176111,230706111031993067,'-'),(240529171115418166,240529171115176111,230706111036052061,'-'),(240529172109372106,240529172109348175,230706110918027111,'-'),(240529172109390152,240529172109348175,230706110922078102,'-'),(240529172109406171,240529172109348175,230706110927223074,'-'),(240529172109425198,240529172109348175,230706110941961078,'-'),(240529172109441132,240529172109348175,230706110947483068,'-'),(240529172109456126,240529172109348175,230706110957737071,'-'),(240529172109474190,240529172109348175,230706111009075080,'-'),(240529172109493169,240529172109348175,230706111013604076,'-'),(240529172109510152,240529172109348175,230706111017876137,'-'),(240529172109525160,240529172109348175,230706111027776076,'-'),(240529172109540122,240529172109348175,230706111031993067,'-'),(240529172109564173,240529172109348175,230706111036052061,'-'),(240529173103748148,240529173103712129,230706110918027111,'-'),(240529173103769151,240529173103712129,230706110922078102,'-'),(240529173103787182,240529173103712129,230706110927223074,'-'),(240529173103806143,240529173103712129,230706110941961078,'-'),(240529173103826180,240529173103712129,230706110947483068,'-'),(240529173103844146,240529173103712129,230706110957737071,'-'),(240529173103859125,240529173103712129,230706111009075080,'-'),(240529173103876194,240529173103712129,230706111013604076,'-'),(240529173103898223,240529173103712129,230706111017876137,'-'),(240529173103918091,240529173103712129,230706111027776076,'-'),(240529173103940173,240529173103712129,230706111031993067,'-'),(240529173103956174,240529173103712129,230706111036052061,'-'),(240529173743707147,240529173743685081,230706110918027111,'-'),(240529173743727109,240529173743685081,230706110922078102,'-'),(240529173743745122,240529173743685081,230706110927223074,'-'),(240529173743766127,240529173743685081,230706110941961078,'-'),(240529173743783134,240529173743685081,230706110947483068,'-'),(240529173743798103,240529173743685081,230706110957737071,'-'),(240529173743817112,240529173743685081,230706111009075080,'-'),(240529173743834166,240529173743685081,230706111013604076,'-'),(240529173743854131,240529173743685081,230706111017876137,'-'),(240529173743869096,240529173743685081,230706111027776076,'-'),(240529173743896106,240529173743685081,230706111031993067,'-'),(240529173743911099,240529173743685081,230706111036052061,'-'),(240529175256764107,240529175256741101,230706110918027111,'-'),(240529175256785136,240529175256741101,230706110922078102,'-'),(240529175256799103,240529175256741101,230706110927223074,'-'),(240529175256816152,240529175256741101,230706110941961078,'-'),(240529175256839220,240529175256741101,230706110947483068,'-'),(240529175256857149,240529175256741101,230706110957737071,'-'),(240529175256879137,240529175256741101,230706111009075080,'-'),(240529175256900158,240529175256741101,230706111013604076,'-'),(240529175256918156,240529175256741101,230706111017876137,'-'),(240529175256932275,240529175256741101,230706111027776076,'-'),(240529175256953310,240529175256741101,230706111031993067,'-'),(240529175256975151,240529175256741101,230706111036052061,'-'),(240529180030067114,240529180030038168,230706110918027111,'-'),(240529180030085125,240529180030038168,230706110922078102,'-'),(240529180030100145,240529180030038168,230706110927223074,'-'),(240529180030117163,240529180030038168,230706110941961078,'-'),(240529180030132115,240529180030038168,230706110947483068,'-'),(240529180030158123,240529180030038168,230706110957737071,'-'),(240529180030174180,240529180030038168,230706111009075080,'-'),(240529180030190158,240529180030038168,230706111013604076,'-'),(240529180030208120,240529180030038168,230706111017876137,'-'),(240529180030223098,240529180030038168,230706111027776076,'-'),(240529180030238102,240529180030038168,230706111031993067,'-'),(240529180030254156,240529180030038168,230706111036052061,'-'),(240529180839220110,240529180839198118,230706110918027111,'-'),(240529180839240236,240529180839198118,230706110922078102,'-'),(240529180839260120,240529180839198118,230706110927223074,'-'),(240529180839284122,240529180839198118,230706110941961078,'-'),(240529180839299151,240529180839198118,230706110947483068,'-'),(240529180839315125,240529180839198118,230706110957737071,'-'),(240529180839331112,240529180839198118,230706111009075080,'-'),(240529180839350093,240529180839198118,230706111013604076,'-'),(240529180839369094,240529180839198118,230706111017876137,'-'),(240529180839382156,240529180839198118,230706111027776076,'-'),(240529180839398110,240529180839198118,230706111031993067,'-'),(240529180839420114,240529180839198118,230706111036052061,'-'),(240529181741796114,240529181741773132,230706110918027111,'-'),(240529181741812116,240529181741773132,230706110922078102,'-'),(240529181741826156,240529181741773132,230706110927223074,'-'),(240529181741842113,240529181741773132,230706110941961078,'-'),(240529181741857105,240529181741773132,230706110947483068,'-'),(240529181741871109,240529181741773132,230706110957737071,'-'),(240529181741895132,240529181741773132,230706111009075080,'-'),(240529181741914153,240529181741773132,230706111013604076,'-'),(240529181741930153,240529181741773132,230706111017876137,'-'),(240529181741947169,240529181741773132,230706111027776076,'-'),(240529181741965141,240529181741773132,230706111031993067,'-'),(240529181741982116,240529181741773132,230706111036052061,'-'),(240529183425727111,240529183425699373,230706110918027111,'-'),(240529183425744157,240529183425699373,230706110922078102,'-'),(240529183425759130,240529183425699373,230706110927223074,'-'),(240529183425777142,240529183425699373,230706110941961078,'-'),(240529183425797267,240529183425699373,230706110947483068,'-'),(240529183425818223,240529183425699373,230706110957737071,'-'),(240529183425836221,240529183425699373,230706111009075080,'-'),(240529183425854185,240529183425699373,230706111013604076,'-'),(240529183425874086,240529183425699373,230706111017876137,'-'),(240529183425893191,240529183425699373,230706111027776076,'-'),(240529183425915089,240529183425699373,230706111031993067,'-'),(240529183425931071,240529183425699373,230706111036052061,'-'),(240529184102880109,240529184102853151,230706110918027111,'-'),(240529184102899109,240529184102853151,230706110922078102,'-'),(240529184102916106,240529184102853151,230706110927223074,'-'),(240529184102933104,240529184102853151,230706110941961078,'-'),(240529184102951160,240529184102853151,230706110947483068,'-'),(240529184102970079,240529184102853151,230706110957737071,'-'),(240529184102986107,240529184102853151,230706111009075080,'-'),(240529184103004113,240529184102853151,230706111013604076,'-'),(240529184103022098,240529184102853151,230706111017876137,'-'),(240529184103041092,240529184102853151,230706111027776076,'-'),(240529184103057085,240529184102853151,230706111031993067,'-'),(240529184103081089,240529184102853151,230706111036052061,'-'),(240529184807326092,240529184807299126,230706110918027111,'-'),(240529184807345095,240529184807299126,230706110922078102,'-'),(240529184807373646,240529184807299126,230706110927223074,'-'),(240529184807397092,240529184807299126,230706110941961078,'-'),(240529184807418149,240529184807299126,230706110947483068,'-'),(240529184807432086,240529184807299126,230706110957737071,'-'),(240529184807446079,240529184807299126,230706111009075080,'-'),(240529184807462064,240529184807299126,230706111013604076,'-'),(240529184807482076,240529184807299126,230706111017876137,'-'),(240529184807499090,240529184807299126,230706111027776076,'-'),(240529184807524088,240529184807299126,230706111031993067,'-'),(240529184807537078,240529184807299126,230706111036052061,'-'),(240530092344326075,240530092344299113,230706110918027111,'-'),(240530092344348068,240530092344299113,230706110922078102,'-'),(240530092344364085,240530092344299113,230706110927223074,'-'),(240530092344387068,240530092344299113,230706110941961078,'-'),(240530092344402071,240530092344299113,230706110947483068,'-'),(240530092344423071,240530092344299113,230706110957737071,'-'),(240530092344444093,240530092344299113,230706111009075080,'-'),(240530092344463092,240530092344299113,230706111013604076,'-'),(240530092344481133,240530092344299113,230706111017876137,'-'),(240530092344501076,240530092344299113,230706111027776076,'-'),(240530092344519094,240530092344299113,230706111031993067,'-'),(240530092344548073,240530092344299113,230706111036052061,'-'),(240530093448142079,240530093448118055,230706110918027111,'-'),(240530093448160056,240530093448118055,230706110922078102,'-'),(240530093448173080,240530093448118055,230706110927223074,'-'),(240530093448196091,240530093448118055,230706110941961078,'-'),(240530093448212059,240530093448118055,230706110947483068,'-'),(240530093448228088,240530093448118055,230706110957737071,'-'),(240530093448250102,240530093448118055,230706111009075080,'-'),(240530093448264077,240530093448118055,230706111013604076,'-'),(240530093448281086,240530093448118055,230706111017876137,'-'),(240530093448296109,240530093448118055,230706111027776076,'-'),(240530093448310082,240530093448118055,230706111031993067,'-'),(240530093448324094,240530093448118055,230706111036052061,'-'),(240530101227036090,240530101227005051,230706110918027111,'-'),(240530101227055092,240530101227005051,230706110922078102,'-'),(240530101227080087,240530101227005051,230706110927223074,'-'),(240530101227103088,240530101227005051,230706110941961078,'-'),(240530101227124141,240530101227005051,230706110947483068,'-'),(240530101227145085,240530101227005051,230706110957737071,'-'),(240530101227165091,240530101227005051,230706111009075080,'-'),(240530101227183090,240530101227005051,230706111013604076,'-'),(240530101227203081,240530101227005051,230706111017876137,'-'),(240530101227225101,240530101227005051,230706111027776076,'-'),(240530101227249086,240530101227005051,230706111031993067,'-'),(240530101227270084,240530101227005051,230706111036052061,'-'),(240530102742699074,240530102742678064,230706110918027111,'-'),(240530102742718068,240530102742678064,230706110922078102,'-'),(240530102742731087,240530102742678064,230706110927223074,'-'),(240530102742746083,240530102742678064,230706110941961078,'-'),(240530102742765078,240530102742678064,230706110947483068,'-'),(240530102742787065,240530102742678064,230706110957737071,'-'),(240530102742803078,240530102742678064,230706111009075080,'-'),(240530102742818117,240530102742678064,230706111013604076,'-'),(240530102742835076,240530102742678064,230706111017876137,'-'),(240530102742859074,240530102742678064,230706111027776076,'-'),(240530102742880075,240530102742678064,230706111031993067,'-'),(240530102742896064,240530102742678064,230706111036052061,'-'),(240530202235607077,240530202235580413,230706110918027111,'-'),(240530202235624052,240530202235580413,230706110922078102,'-'),(240530202235640081,240530202235580413,230706110927223074,'-'),(240530202235655079,240530202235580413,230706110941961078,'-'),(240530202235671067,240530202235580413,230706110947483068,'-'),(240530202235685067,240530202235580413,230706110957737071,'-'),(240530202235702114,240530202235580413,230706111009075080,'-'),(240530202235719079,240530202235580413,230706111013604076,'-'),(240530202235737064,240530202235580413,230706111017876137,'-'),(240530202235751058,240530202235580413,230706111027776076,'-'),(240530202235768084,240530202235580413,230706111031993067,'-'),(240530202235784066,240530202235580413,230706111036052061,'-'),(240530202305100087,240530202305073106,230706110918027111,'-'),(240530202305116072,240530202305073106,230706110922078102,'-'),(240530202305135071,240530202305073106,230706110927223074,'-'),(240530202305154123,240530202305073106,230706110941961078,'-'),(240530202305171082,240530202305073106,230706110947483068,'-'),(240530202305187112,240530202305073106,230706110957737071,'-'),(240530202305207097,240530202305073106,230706111009075080,'-'),(240530202305221067,240530202305073106,230706111013604076,'-'),(240530202305235071,240530202305073106,230706111017876137,'-'),(240530202305250066,240530202305073106,230706111027776076,'-'),(240530202305264057,240530202305073106,230706111031993067,'-'),(240530202305281072,240530202305073106,230706111036052061,'-'),(240530202334979085,240530202334959099,230706110918027111,'-'),(240530202334996066,240530202334959099,230706110922078102,'-'),(240530202335015083,240530202334959099,230706110927223074,'-'),(240530202335027069,240530202334959099,230706110941961078,'-'),(240530202335041089,240530202334959099,230706110947483068,'-'),(240530202335055075,240530202334959099,230706110957737071,'-'),(240530202335068087,240530202334959099,230706111009075080,'-'),(240530202335083080,240530202334959099,230706111013604076,'-'),(240530202335100054,240530202334959099,230706111017876137,'-'),(240530202335112070,240530202334959099,230706111027776076,'-'),(240530202335128064,240530202334959099,230706111031993067,'-'),(240530202335143108,240530202334959099,230706111036052061,'-'),(240530202416672090,240530202416642084,230706110918027111,'-'),(240530202416696067,240530202416642084,230706110922078102,'-'),(240530202416712069,240530202416642084,230706110927223074,'-'),(240530202416731074,240530202416642084,230706110941961078,'-'),(240530202416745078,240530202416642084,230706110947483068,'-'),(240530202416761088,240530202416642084,230706110957737071,'-'),(240530202416775092,240530202416642084,230706111009075080,'-'),(240530202416789109,240530202416642084,230706111013604076,'-'),(240530202416805083,240530202416642084,230706111017876137,'-'),(240530202416822085,240530202416642084,230706111027776076,'-'),(240530202416836074,240530202416642084,230706111031993067,'-'),(240530202416850065,240530202416642084,230706111036052061,'-'),(240530202438548063,240530202438523303,230706110918027111,'-'),(240530202438580101,240530202438523303,230706110922078102,'-'),(240530202438594066,240530202438523303,230706110927223074,'-'),(240530202438607077,240530202438523303,230706110941961078,'-'),(240530202438623076,240530202438523303,230706110947483068,'-'),(240530202438640075,240530202438523303,230706110957737071,'-'),(240530202438659072,240530202438523303,230706111009075080,'-'),(240530202438676075,240530202438523303,230706111013604076,'-'),(240530202438689078,240530202438523303,230706111017876137,'-'),(240530202438712086,240530202438523303,230706111027776076,'-'),(240530202438729083,240530202438523303,230706111031993067,'-'),(240530202438740063,240530202438523303,230706111036052061,'-'),(240530202507267070,240530202507243101,230706110918027111,'-'),(240530202507284057,240530202507243101,230706110922078102,'-'),(240530202507295082,240530202507243101,230706110927223074,'-'),(240530202507309076,240530202507243101,230706110941961078,'-'),(240530202507324066,240530202507243101,230706110947483068,'-'),(240530202507339068,240530202507243101,230706110957737071,'-'),(240530202507355056,240530202507243101,230706111009075080,'-'),(240530202507372091,240530202507243101,230706111013604076,'-'),(240530202507390062,240530202507243101,230706111017876137,'-'),(240530202507407098,240530202507243101,230706111027776076,'-'),(240530202507423082,240530202507243101,230706111031993067,'-'),(240530202507437064,240530202507243101,230706111036052061,'-'),(240530202554998061,240530202554977196,230706110918027111,'-'),(240530202555016081,240530202554977196,230706110922078102,'-'),(240530202555032069,240530202554977196,230706110927223074,'-'),(240530202555052057,240530202554977196,230706110941961078,'-'),(240530202555065087,240530202554977196,230706110947483068,'-'),(240530202555080096,240530202554977196,230706110957737071,'-'),(240530202555097079,240530202554977196,230706111009075080,'-'),(240530202555115128,240530202554977196,230706111013604076,'-'),(240530202555130082,240530202554977196,230706111017876137,'-'),(240530202555145088,240530202554977196,230706111027776076,'-'),(240530202555161082,240530202554977196,230706111031993067,'-'),(240530202555176061,240530202554977196,230706111036052061,'-'),(240530202714250064,240530202714218285,230706110918027111,'-'),(240530202714266058,240530202714218285,230706110922078102,'-'),(240530202714283094,240530202714218285,230706110927223074,'-'),(240530202714298069,240530202714218285,230706110941961078,'-'),(240530202714313092,240530202714218285,230706110947483068,'-'),(240530202714330092,240530202714218285,230706110957737071,'-'),(240530202714345091,240530202714218285,230706111009075080,'-'),(240530202714359081,240530202714218285,230706111013604076,'-'),(240530202714376095,240530202714218285,230706111017876137,'-'),(240530202714391058,240530202714218285,230706111027776076,'-'),(240530202714405065,240530202714218285,230706111031993067,'-'),(240530202714419061,240530202714218285,230706111036052061,'-'),(240530202826733074,240530202826701208,230706110918027111,'-'),(240530202826749069,240530202826701208,230706110922078102,'-'),(240530202826765075,240530202826701208,230706110927223074,'-'),(240530202826779085,240530202826701208,230706110941961078,'-'),(240530202826796070,240530202826701208,230706110947483068,'-'),(240530202826814121,240530202826701208,230706110957737071,'-'),(240530202826828074,240530202826701208,230706111009075080,'-'),(240530202826844068,240530202826701208,230706111013604076,'-'),(240530202826860078,240530202826701208,230706111017876137,'-'),(240530202826877065,240530202826701208,230706111027776076,'-'),(240530202826892105,240530202826701208,230706111031993067,'-'),(240530202826913094,240530202826701208,230706111036052061,'-'),(240530202858885081,240530202858862061,230706110918027111,'-'),(240530202858901084,240530202858862061,230706110922078102,'-'),(240530202858915080,240530202858862061,230706110927223074,'-'),(240530202858930076,240530202858862061,230706110941961078,'-'),(240530202858947102,240530202858862061,230706110947483068,'-'),(240530202858961108,240530202858862061,230706110957737071,'-'),(240530202858977084,240530202858862061,230706111009075080,'-'),(240530202858991257,240530202858862061,230706111013604076,'-'),(240530202859008164,240530202858862061,230706111017876137,'-'),(240530202859021108,240530202858862061,230706111027776076,'-'),(240530202859036090,240530202858862061,230706111031993067,'-'),(240530202859054131,240530202858862061,230706111036052061,'-'),(240530202931940075,240530202931917174,230706110918027111,'-'),(240530202931956091,240530202931917174,230706110922078102,'-'),(240530202931970089,240530202931917174,230706110927223074,'-'),(240530202931987077,240530202931917174,230706110941961078,'-'),(240530202932009103,240530202931917174,230706110947483068,'-'),(240530202932033172,240530202931917174,230706110957737071,'-'),(240530202932049080,240530202931917174,230706111009075080,'-'),(240530202932077065,240530202931917174,230706111013604076,'-'),(240530202932094277,240530202931917174,230706111017876137,'-'),(240530202932110085,240530202931917174,230706111027776076,'-'),(240530202932127109,240530202931917174,230706111031993067,'-'),(240530202932144096,240530202931917174,230706111036052061,'-'),(240530203002340070,240530203002318119,230706110918027111,'-'),(240530203002354075,240530203002318119,230706110922078102,'-'),(240530203002369073,240530203002318119,230706110927223074,'-'),(240530203002385085,240530203002318119,230706110941961078,'-'),(240530203002402131,240530203002318119,230706110947483068,'-'),(240530203002416069,240530203002318119,230706110957737071,'-'),(240530203002430064,240530203002318119,230706111009075080,'-'),(240530203002445081,240530203002318119,230706111013604076,'-'),(240530203002461062,240530203002318119,230706111017876137,'-'),(240530203002474065,240530203002318119,230706111027776076,'-'),(240530203002489070,240530203002318119,230706111031993067,'-'),(240530203002505057,240530203002318119,230706111036052061,'-'),(240530203205128084,240530203205100165,230706110918027111,'-'),(240530203205142077,240530203205100165,230706110922078102,'-'),(240530203205172087,240530203205100165,230706110927223074,'-'),(240530203205188076,240530203205100165,230706110941961078,'-'),(240530203205203077,240530203205100165,230706110947483068,'-'),(240530203205218068,240530203205100165,230706110957737071,'-'),(240530203205232081,240530203205100165,230706111009075080,'-'),(240530203205247072,240530203205100165,230706111013604076,'-'),(240530203205262071,240530203205100165,230706111017876137,'-'),(240530203205280072,240530203205100165,230706111027776076,'-'),(240530203205294103,240530203205100165,230706111031993067,'-'),(240530203205313082,240530203205100165,230706111036052061,'-'),(240530203231334071,240530203231312235,230706110918027111,'-'),(240530203231350077,240530203231312235,230706110922078102,'-'),(240530203231365069,240530203231312235,230706110927223074,'-'),(240530203231378063,240530203231312235,230706110941961078,'-'),(240530203231394072,240530203231312235,230706110947483068,'-'),(240530203231408076,240530203231312235,230706110957737071,'-'),(240530203231422086,240530203231312235,230706111009075080,'-'),(240530203231436056,240530203231312235,230706111013604076,'-'),(240530203231453093,240530203231312235,230706111017876137,'-'),(240530203231469073,240530203231312235,230706111027776076,'-'),(240530203231484110,240530203231312235,230706111031993067,'-'),(240530203231506082,240530203231312235,230706111036052061,'-'),(240530203258576077,240530203258553095,230706110918027111,'-'),(240530203258595086,240530203258553095,230706110922078102,'-'),(240530203258624078,240530203258553095,230706110927223074,'-'),(240530203258640091,240530203258553095,230706110941961078,'-'),(240530203258653056,240530203258553095,230706110947483068,'-'),(240530203258667059,240530203258553095,230706110957737071,'-'),(240530203258683060,240530203258553095,230706111009075080,'-'),(240530203258699068,240530203258553095,230706111013604076,'-'),(240530203258714068,240530203258553095,230706111017876137,'-'),(240530203258730077,240530203258553095,230706111027776076,'-'),(240530203258747082,240530203258553095,230706111031993067,'-'),(240530203258766061,240530203258553095,230706111036052061,'-'),(240530203318634081,240530203318609112,230706110918027111,'-'),(240530203318650068,240530203318609112,230706110922078102,'-'),(240530203318667099,240530203318609112,230706110927223074,'-'),(240530203318681066,240530203318609112,230706110941961078,'-'),(240530203318693070,240530203318609112,230706110947483068,'-'),(240530203318710070,240530203318609112,230706110957737071,'-'),(240530203318724109,240530203318609112,230706111009075080,'-'),(240530203318739095,240530203318609112,230706111013604076,'-'),(240530203318754078,240530203318609112,230706111017876137,'-'),(240530203318773168,240530203318609112,230706111027776076,'-'),(240530203318790086,240530203318609112,230706111031993067,'-'),(240530203318804102,240530203318609112,230706111036052061,'-'),(240530203341916072,240530203341894106,230706110918027111,'-'),(240530203341929074,240530203341894106,230706110922078102,'-'),(240530203341943078,240530203341894106,230706110927223074,'-'),(240530203341957091,240530203341894106,230706110941961078,'-'),(240530203341969074,240530203341894106,230706110947483068,'-'),(240530203341981075,240530203341894106,230706110957737071,'-'),(240530203341994107,240530203341894106,230706111009075080,'-'),(240530203342009093,240530203341894106,230706111013604076,'-'),(240530203342032106,240530203341894106,230706111017876137,'-'),(240530203342049072,240530203341894106,230706111027776076,'-'),(240530203342067155,240530203341894106,230706111031993067,'-'),(240530203342086108,240530203341894106,230706111036052061,'-'),(240605084826293104,240605084826250523,230706110918027111,'-'),(240605084826314088,240605084826250523,230706110922078102,'-'),(240605084826335119,240605084826250523,230706110927223074,'-'),(240605084826355087,240605084826250523,230706110941961078,'-'),(240605084826380093,240605084826250523,230706110947483068,'-'),(240605084826397089,240605084826250523,230706110957737071,'-'),(240605084826415087,240605084826250523,230706111009075080,'-'),(240605084826432115,240605084826250523,230706111013604076,'-'),(240605084826449094,240605084826250523,230706111017876137,'-'),(240605084826471072,240605084826250523,230706111027776076,'-'),(240605084826493086,240605084826250523,230706111031993067,'-'),(240605084826509062,240605084826250523,230706111036052061,'-'),(240605105037985088,240605105037958391,230706110918027111,'-'),(240605105038004140,240605105037958391,230706110922078102,'-'),(240605105038019072,240605105037958391,230706110927223074,'-'),(240605105038034074,240605105037958391,230706110941961078,'-'),(240605105038050066,240605105037958391,230706110947483068,'-'),(240605105038069095,240605105037958391,230706110957737071,'-'),(240605105038108086,240605105037958391,230706111009075080,'-'),(240605105038123068,240605105037958391,230706111013604076,'-'),(240605105038136067,240605105037958391,230706111017876137,'-'),(240605105038154103,240605105037958391,230706111027776076,'-'),(240605105038176084,240605105037958391,230706111031993067,'-'),(240605105038192066,240605105037958391,230706111036052061,'-'),(240605105059473065,240605105059450068,230706110918027111,'-'),(240605105059490083,240605105059450068,230706110922078102,'-'),(240605105059524071,240605105059450068,230706110927223074,'-'),(240605105059538072,240605105059450068,230706110941961078,'-'),(240605105059553071,240605105059450068,230706110947483068,'-'),(240605105059567091,240605105059450068,230706110957737071,'-'),(240605105059583083,240605105059450068,230706111009075080,'-'),(240605105059596079,240605105059450068,230706111013604076,'-'),(240605105059614088,240605105059450068,230706111017876137,'-'),(240605105059630072,240605105059450068,230706111027776076,'-'),(240605105059644063,240605105059450068,230706111031993067,'-'),(240605105059660083,240605105059450068,230706111036052061,'-'),(240605105137133060,240605105137109212,230706110918027111,'-'),(240605105137148116,240605105137109212,230706110922078102,'-'),(240605105137165065,240605105137109212,230706110927223074,'-'),(240605105137180205,240605105137109212,230706110941961078,'-'),(240605105137203065,240605105137109212,230706110947483068,'-'),(240605105137218080,240605105137109212,230706110957737071,'-'),(240605105137235084,240605105137109212,230706111009075080,'-'),(240605105137250081,240605105137109212,230706111013604076,'-'),(240605105137265078,240605105137109212,230706111017876137,'-'),(240605105137280153,240605105137109212,230706111027776076,'-'),(240605105137296120,240605105137109212,230706111031993067,'-'),(240605105137310082,240605105137109212,230706111036052061,'-'),(240605105213254066,240605105213229207,230706110918027111,'-'),(240605105213272084,240605105213229207,230706110922078102,'-'),(240605105213289063,240605105213229207,230706110927223074,'-'),(240605105213315085,240605105213229207,230706110941961078,'-'),(240605105213334076,240605105213229207,230706110947483068,'-'),(240605105213351088,240605105213229207,230706110957737071,'-'),(240605105213370095,240605105213229207,230706111009075080,'-'),(240605105213388088,240605105213229207,230706111013604076,'-'),(240605105213408090,240605105213229207,230706111017876137,'-'),(240605105213425086,240605105213229207,230706111027776076,'-'),(240605105213441067,240605105213229207,230706111031993067,'-'),(240605105213457095,240605105213229207,230706111036052061,'-'),(240605105232620087,240605105232593122,230706110918027111,'-'),(240605105232635075,240605105232593122,230706110922078102,'-'),(240605105232650081,240605105232593122,230706110927223074,'-'),(240605105232664086,240605105232593122,230706110941961078,'-'),(240605105232680124,240605105232593122,230706110947483068,'-'),(240605105232699072,240605105232593122,230706110957737071,'-'),(240605105232718058,240605105232593122,230706111009075080,'-'),(240605105232740071,240605105232593122,230706111013604076,'-'),(240605105232770071,240605105232593122,230706111017876137,'-'),(240605105232791106,240605105232593122,230706111027776076,'-'),(240605105232809082,240605105232593122,230706111031993067,'-'),(240605105232824087,240605105232593122,230706111036052061,'-'),(240605105259664075,240605105259644078,230706110918027111,'-'),(240605105259676051,240605105259644078,230706110922078102,'-'),(240605105259691076,240605105259644078,230706110927223074,'-'),(240605105259707111,240605105259644078,230706110941961078,'-'),(240605105259721081,240605105259644078,230706110947483068,'-'),(240605105259734075,240605105259644078,230706110957737071,'-'),(240605105259754077,240605105259644078,230706111009075080,'-'),(240605105259772088,240605105259644078,230706111013604076,'-'),(240605105259787068,240605105259644078,230706111017876137,'-'),(240605105259809074,240605105259644078,230706111027776076,'-'),(240605105259826091,240605105259644078,230706111031993067,'-'),(240605105259841080,240605105259644078,230706111036052061,'-'),(240605105322892115,240605105322869130,230706110918027111,'-'),(240605105322907083,240605105322869130,230706110922078102,'-'),(240605105322922096,240605105322869130,230706110927223074,'-'),(240605105322939072,240605105322869130,230706110941961078,'-'),(240605105322954082,240605105322869130,230706110947483068,'-'),(240605105322969096,240605105322869130,230706110957737071,'-'),(240605105322983093,240605105322869130,230706111009075080,'-'),(240605105322999064,240605105322869130,230706111013604076,'-'),(240605105323024059,240605105322869130,230706111017876137,'-'),(240605105323038117,240605105322869130,230706111027776076,'-'),(240605105323058083,240605105322869130,230706111031993067,'-'),(240605105323071070,240605105322869130,230706111036052061,'-'),(240605105408309092,240605105408278050,230706110918027111,'-'),(240605105408330110,240605105408278050,230706110922078102,'-'),(240605105408365097,240605105408278050,230706110927223074,'-'),(240605105408385093,240605105408278050,230706110941961078,'-'),(240605105408405092,240605105408278050,230706110947483068,'-'),(240605105408428091,240605105408278050,230706110957737071,'-'),(240605105408468080,240605105408278050,230706111009075080,'-'),(240605105408504074,240605105408278050,230706111013604076,'-'),(240605105408525097,240605105408278050,230706111017876137,'-'),(240605105408545080,240605105408278050,230706111027776076,'-'),(240605105408569104,240605105408278050,230706111031993067,'-'),(240605105408583063,240605105408278050,230706111036052061,'-'),(240605105455729073,240605105455698267,230706110918027111,'-'),(240605105455744075,240605105455698267,230706110922078102,'-'),(240605105455758053,240605105455698267,230706110927223074,'-'),(240605105455771068,240605105455698267,230706110941961078,'-'),(240605105455784057,240605105455698267,230706110947483068,'-'),(240605105455799077,240605105455698267,230706110957737071,'-'),(240605105455815080,240605105455698267,230706111009075080,'-'),(240605105455829067,240605105455698267,230706111013604076,'-'),(240605105455845056,240605105455698267,230706111017876137,'-'),(240605105455857064,240605105455698267,230706111027776076,'-'),(240605105455871064,240605105455698267,230706111031993067,'-'),(240605105455887064,240605105455698267,230706111036052061,'-'),(240605105519561081,240605105519514096,230706110918027111,'-'),(240605105519596072,240605105519514096,230706110922078102,'-'),(240605105519612076,240605105519514096,230706110927223074,'-'),(240605105519631064,240605105519514096,230706110941961078,'-'),(240605105519674100,240605105519514096,230706110947483068,'-'),(240605105519715056,240605105519514096,230706110957737071,'-'),(240605105519744075,240605105519514096,230706111009075080,'-'),(240605105519778066,240605105519514096,230706111013604076,'-'),(240605105519805066,240605105519514096,230706111017876137,'-'),(240605105519822081,240605105519514096,230706111027776076,'-'),(240605105519840080,240605105519514096,230706111031993067,'-'),(240605105519865061,240605105519514096,230706111036052061,'-'),(240605105548388116,240605105548362139,230706110918027111,'-'),(240605105548403063,240605105548362139,230706110922078102,'-'),(240605105548420099,240605105548362139,230706110927223074,'-'),(240605105548440069,240605105548362139,230706110941961078,'-'),(240605105548457067,240605105548362139,230706110947483068,'-'),(240605105548477173,240605105548362139,230706110957737071,'-'),(240605105548504091,240605105548362139,230706111009075080,'-'),(240605105548535101,240605105548362139,230706111013604076,'-'),(240605105548549055,240605105548362139,230706111017876137,'-'),(240605105548564070,240605105548362139,230706111027776076,'-'),(240605105548591216,240605105548362139,230706111031993067,'-'),(240605105548614062,240605105548362139,230706111036052061,'-'),(240605105626578070,240605105626555068,230706110918027111,'-'),(240605105626594063,240605105626555068,230706110922078102,'-'),(240605105626612104,240605105626555068,230706110927223074,'-'),(240605105626627066,240605105626555068,230706110941961078,'-'),(240605105626642064,240605105626555068,230706110947483068,'-'),(240605105626657080,240605105626555068,230706110957737071,'-'),(240605105626672072,240605105626555068,230706111009075080,'-'),(240605105626685073,240605105626555068,230706111013604076,'-'),(240605105626703069,240605105626555068,230706111017876137,'-'),(240605105626719087,240605105626555068,230706111027776076,'-'),(240605105626733074,240605105626555068,230706111031993067,'-'),(240605105626748075,240605105626555068,230706111036052061,'-'),(240605105657559077,240605105657541109,230706110918027111,'-'),(240605105657575073,240605105657541109,230706110922078102,'-'),(240605105657591060,240605105657541109,230706110927223074,'-'),(240605105657617096,240605105657541109,230706110941961078,'-'),(240605105657635074,240605105657541109,230706110947483068,'-'),(240605105657651081,240605105657541109,230706110957737071,'-'),(240605105657667101,240605105657541109,230706111009075080,'-'),(240605105657684103,240605105657541109,230706111013604076,'-'),(240605105657714110,240605105657541109,230706111017876137,'-'),(240605105657735092,240605105657541109,230706111027776076,'-'),(240605105657751091,240605105657541109,230706111031993067,'-'),(240605105657768200,240605105657541109,230706111036052061,'-'),(240605105715460132,240605105715432354,230706110918027111,'-'),(240605105715484090,240605105715432354,230706110922078102,'-'),(240605105715506088,240605105715432354,230706110927223074,'-'),(240605105715529096,240605105715432354,230706110941961078,'-'),(240605105715549082,240605105715432354,230706110947483068,'-'),(240605105715565092,240605105715432354,230706110957737071,'-'),(240605105715581072,240605105715432354,230706111009075080,'-'),(240605105715597080,240605105715432354,230706111013604076,'-'),(240605105715614076,240605105715432354,230706111017876137,'-'),(240605105715631096,240605105715432354,230706111027776076,'-'),(240605105715648082,240605105715432354,230706111031993067,'-'),(240605105715667213,240605105715432354,230706111036052061,'-'),(240605105739093077,240605105739053217,230706110918027111,'-'),(240605105739110080,240605105739053217,230706110922078102,'-'),(240605105739127064,240605105739053217,230706110927223074,'-'),(240605105739141076,240605105739053217,230706110941961078,'-'),(240605105739159052,240605105739053217,230706110947483068,'-'),(240605105739175070,240605105739053217,230706110957737071,'-'),(240605105739191127,240605105739053217,230706111009075080,'-'),(240605105739211081,240605105739053217,230706111013604076,'-'),(240605105739228098,240605105739053217,230706111017876137,'-'),(240605105739242082,240605105739053217,230706111027776076,'-'),(240605105739257087,240605105739053217,230706111031993067,'-'),(240605105739271086,240605105739053217,230706111036052061,'-'),(240605105804568056,240605105804547086,230706110918027111,'-'),(240605105804581050,240605105804547086,230706110922078102,'-'),(240605105804597065,240605105804547086,230706110927223074,'-'),(240605105804611074,240605105804547086,230706110941961078,'-'),(240605105804624064,240605105804547086,230706110947483068,'-'),(240605105804638063,240605105804547086,230706110957737071,'-'),(240605105804655071,240605105804547086,230706111009075080,'-'),(240605105804669064,240605105804547086,230706111013604076,'-'),(240605105804684074,240605105804547086,230706111017876137,'-'),(240605105804699051,240605105804547086,230706111027776076,'-'),(240605105804714079,240605105804547086,230706111031993067,'-'),(240605105804727066,240605105804547086,230706111036052061,'-'),(240605121136086077,240605121136057074,230706110918027111,'-'),(240605121136106061,240605121136057074,230706110922078102,'-'),(240605121136121072,240605121136057074,230706110927223074,'-'),(240605121136137064,240605121136057074,230706110941961078,'-'),(240605121136152071,240605121136057074,230706110947483068,'RU'),(240605121136168112,240605121136057074,230706110957737071,'R'),(240605121136188065,240605121136057074,230706111009075080,'-'),(240605121136203074,240605121136057074,230706111013604076,'RU'),(240605121136218082,240605121136057074,230706111017876137,'-'),(240605121136233065,240605121136057074,230706111027776076,'-'),(240605121136252103,240605121136057074,230706111031993067,'-'),(240605121136269158,240605121136057074,230706111036052061,'R'),(240605121519830056,240605121519798386,230706110918027111,'-'),(240605121519847070,240605121519798386,230706110922078102,'-'),(240605121519871088,240605121519798386,230706110927223074,'-'),(240605121519888086,240605121519798386,230706110941961078,'-'),(240605121519915092,240605121519798386,230706110947483068,'-'),(240605121519938092,240605121519798386,230706110957737071,'-'),(240605121519959118,240605121519798386,230706111009075080,'-'),(240605121519978080,240605121519798386,230706111013604076,'-'),(240605121519997108,240605121519798386,230706111017876137,'-'),(240605121520026064,240605121519798386,230706111027776076,'-'),(240605121520050096,240605121519798386,230706111031993067,'-'),(240605121520070096,240605121519798386,230706111036052061,'-'),(240605121609210071,240605121609174120,230706110918027111,'-'),(240605121609254140,240605121609174120,230706110922078102,'-'),(240605121609283069,240605121609174120,230706110927223074,'-'),(240605121609312072,240605121609174120,230706110941961078,'-'),(240605121609337074,240605121609174120,230706110947483068,'-'),(240605121609352065,240605121609174120,230706110957737071,'-'),(240605121609378083,240605121609174120,230706111009075080,'-'),(240605121609403096,240605121609174120,230706111013604076,'-'),(240605121609423084,240605121609174120,230706111017876137,'-'),(240605121609454067,240605121609174120,230706111027776076,'-'),(240605121609484138,240605121609174120,230706111031993067,'-'),(240605121609546084,240605121609174120,230706111036052061,'-'),(240605121815976082,240605121815945351,230706110918027111,'-'),(240605121815997060,240605121815945351,230706110922078102,'-'),(240605121816020078,240605121815945351,230706110927223074,'-'),(240605121816038081,240605121815945351,230706110941961078,'-'),(240605121816060075,240605121815945351,230706110947483068,'-'),(240605121816116101,240605121815945351,230706110957737071,'-'),(240605121816140058,240605121815945351,230706111009075080,'-'),(240605121816167075,240605121815945351,230706111013604076,'-'),(240605121816182068,240605121815945351,230706111017876137,'-'),(240605121816201070,240605121815945351,230706111027776076,'-'),(240605121816219095,240605121815945351,230706111031993067,'-'),(240605121816245074,240605121815945351,230706111036052061,'-'),(240605121855130091,240605121855100172,230706110918027111,'-'),(240605121855147103,240605121855100172,230706110922078102,'-'),(240605121855162092,240605121855100172,230706110927223074,'-'),(240605121855178074,240605121855100172,230706110941961078,'-'),(240605121855191084,240605121855100172,230706110947483068,'-'),(240605121855204091,240605121855100172,230706110957737071,'-'),(240605121855222089,240605121855100172,230706111009075080,'-'),(240605121855237074,240605121855100172,230706111013604076,'-'),(240605121855253078,240605121855100172,230706111017876137,'-'),(240605121855270110,240605121855100172,230706111027776076,'-'),(240605121855286107,240605121855100172,230706111031993067,'-'),(240605121855300089,240605121855100172,230706111036052061,'-'),(240605121928353054,240605121928330114,230706110918027111,'-'),(240605121928371153,240605121928330114,230706110922078102,'-'),(240605121928388102,240605121928330114,230706110927223074,'-'),(240605121928411117,240605121928330114,230706110941961078,'-'),(240605121928429087,240605121928330114,230706110947483068,'-'),(240605121928449086,240605121928330114,230706110957737071,'-'),(240605121928471112,240605121928330114,230706111009075080,'-'),(240605121928489114,240605121928330114,230706111013604076,'-'),(240605121928525099,240605121928330114,230706111017876137,'-'),(240605121928556118,240605121928330114,230706111027776076,'-'),(240605121928573086,240605121928330114,230706111031993067,'-'),(240605121928593078,240605121928330114,230706111036052061,'-'),(240605125854831066,240605125854808405,230706110918027111,'-'),(240605125854844066,240605125854808405,230706110922078102,'-'),(240605125854858059,240605125854808405,230706110927223074,'-'),(240605125854873058,240605125854808405,230706110941961078,'-'),(240605125854887065,240605125854808405,230706110947483068,'RU'),(240605125854903081,240605125854808405,230706110957737071,'R'),(240605125854919062,240605125854808405,230706111009075080,'-'),(240605125854931056,240605125854808405,230706111013604076,'RU'),(240605125854946110,240605125854808405,230706111017876137,'-'),(240605125854960171,240605125854808405,230706111027776076,'-'),(240605125854976082,240605125854808405,230706111031993067,'-'),(240605125854991054,240605125854808405,230706111036052061,'R'),(240605125955258068,240605125955234183,230706110918027111,'-'),(240605125955274067,240605125955234183,230706110922078102,'-'),(240605125955289070,240605125955234183,230706110927223074,'-'),(240605125955332089,240605125955234183,230706110941961078,'-'),(240605125955364097,240605125955234183,230706110947483068,'RU'),(240605125955423111,240605125955234183,230706110957737071,'R'),(240605125955469085,240605125955234183,230706111009075080,'-'),(240605125955497087,240605125955234183,230706111013604076,'RU'),(240605125955515095,240605125955234183,230706111017876137,'-'),(240605125955557088,240605125955234183,230706111027776076,'-'),(240605125955574076,240605125955234183,230706111031993067,'-'),(240605125955610066,240605125955234183,230706111036052061,'R'),(240605130037527068,240605130037496225,230706110918027111,'-'),(240605130037560068,240605130037496225,230706110922078102,'-'),(240605130037575056,240605130037496225,230706110927223074,'-'),(240605130037590098,240605130037496225,230706110941961078,'-'),(240605130037603084,240605130037496225,230706110947483068,'RU'),(240605130037617094,240605130037496225,230706110957737071,'R'),(240605130037635083,240605130037496225,230706111009075080,'-'),(240605130037653079,240605130037496225,230706111013604076,'RU'),(240605130037667095,240605130037496225,230706111017876137,'-'),(240605130037684097,240605130037496225,230706111027776076,'-'),(240605130037698085,240605130037496225,230706111031993067,'-'),(240605130037713092,240605130037496225,230706111036052061,'R'),(240605130122668077,240605130122643151,230706110918027111,'-'),(240605130122683147,240605130122643151,230706110922078102,'-'),(240605130122697080,240605130122643151,230706110927223074,'-'),(240605130122712087,240605130122643151,230706110941961078,'-'),(240605130122727086,240605130122643151,230706110947483068,'RU'),(240605130122743088,240605130122643151,230706110957737071,'R'),(240605130122759100,240605130122643151,230706111009075080,'-'),(240605130122772175,240605130122643151,230706111013604076,'RU'),(240605130122785090,240605130122643151,230706111017876137,'-'),(240605130122799097,240605130122643151,230706111027776076,'-'),(240605130122811071,240605130122643151,230706111031993067,'-'),(240605130122824079,240605130122643151,230706111036052061,'R'),(240605130159703095,240605130159680123,230706110918027111,'-'),(240605130159720067,240605130159680123,230706110922078102,'-'),(240605130159737067,240605130159680123,230706110927223074,'-'),(240605130159756079,240605130159680123,230706110941961078,'-'),(240605130159782118,240605130159680123,230706110947483068,'RU'),(240605130159800079,240605130159680123,230706110957737071,'R'),(240605130159817055,240605130159680123,230706111009075080,'-'),(240605130159834081,240605130159680123,230706111013604076,'RU'),(240605130159855097,240605130159680123,230706111017876137,'-'),(240605130159878087,240605130159680123,230706111027776076,'-'),(240605130159897081,240605130159680123,230706111031993067,'-'),(240605130159917082,240605130159680123,230706111036052061,'R'),(240605130241745053,240605130241727071,230706110918027111,'-'),(240605130241760051,240605130241727071,230706110922078102,'-'),(240605130241774067,240605130241727071,230706110927223074,'-'),(240605130241789066,240605130241727071,230706110941961078,'-'),(240605130241805073,240605130241727071,230706110947483068,'RU'),(240605130241819086,240605130241727071,230706110957737071,'R'),(240605130241838094,240605130241727071,230706111009075080,'-'),(240605130241860086,240605130241727071,230706111013604076,'RU'),(240605130241887088,240605130241727071,230706111017876137,'-'),(240605130241903066,240605130241727071,230706111027776076,'-'),(240605130241925113,240605130241727071,230706111031993067,'-'),(240605130241956106,240605130241727071,230706111036052061,'R'),(240605130355718073,240605130355692288,230706110918027111,'-'),(240605130355734057,240605130355692288,230706110922078102,'-'),(240605130355749084,240605130355692288,230706110927223074,'-'),(240605130355763058,240605130355692288,230706110941961078,'-'),(240605130355776061,240605130355692288,230706110947483068,'RU'),(240605130355797062,240605130355692288,230706110957737071,'R'),(240605130355809056,240605130355692288,230706111009075080,'-'),(240605130355823062,240605130355692288,230706111013604076,'RU'),(240605130355839067,240605130355692288,230706111017876137,'-'),(240605130355853062,240605130355692288,230706111027776076,'-'),(240605130355866087,240605130355692288,230706111031993067,'-'),(240605130355879062,240605130355692288,230706111036052061,'R'),(240606071412740076,240606071412701382,230706110918027111,'-'),(240606071412782071,240606071412701382,230706110922078102,'-'),(240606071412804065,240606071412701382,230706110927223074,'-'),(240606071412829068,240606071412701382,230706110941961078,'-'),(240606071412859057,240606071412701382,230706110947483068,'-'),(240606071412881072,240606071412701382,230706110957737071,'-'),(240606071412915062,240606071412701382,230706111009075080,'-'),(240606071412934074,240606071412701382,230706111013604076,'-'),(240606071412950052,240606071412701382,230706111017876137,'-'),(240606071412964090,240606071412701382,230706111027776076,'-'),(240606071412982075,240606071412701382,230706111031993067,'-'),(240606071413014054,240606071412701382,230706111036052061,'-'),(240606071508102070,240606071508042069,230706110918027111,'-'),(240606071508139081,240606071508042069,230706110922078102,'-'),(240606071508170065,240606071508042069,230706110927223074,'-'),(240606071508193075,240606071508042069,230706110941961078,'-'),(240606071508218071,240606071508042069,230706110947483068,'-'),(240606071508249117,240606071508042069,230706110957737071,'-'),(240606071508319102,240606071508042069,230706111009075080,'-'),(240606071508351103,240606071508042069,230706111013604076,'-'),(240606071508388085,240606071508042069,230706111017876137,'-'),(240606071508416111,240606071508042069,230706111027776076,'-'),(240606071508440111,240606071508042069,230706111031993067,'-'),(240606071508466086,240606071508042069,230706111036052061,'-'),(240606071804125055,240606071804093352,230706110918027111,'-'),(240606071804140061,240606071804093352,230706110922078102,'-'),(240606071804157052,240606071804093352,230706110927223074,'-'),(240606071804171088,240606071804093352,230706110941961078,'-'),(240606071804186064,240606071804093352,230706110947483068,'-'),(240606071804200073,240606071804093352,230706110957737071,'-'),(240606071804217068,240606071804093352,230706111009075080,'-'),(240606071804231053,240606071804093352,230706111013604076,'-'),(240606071804245056,240606071804093352,230706111017876137,'-'),(240606071804261071,240606071804093352,230706111027776076,'-'),(240606071804277068,240606071804093352,230706111031993067,'-'),(240606071804293064,240606071804093352,230706111036052061,'-'),(240606072621248087,240606072621216094,230706110918027111,'-'),(240606072621272071,240606072621216094,230706110922078102,'-'),(240606072621295080,240606072621216094,230706110927223074,'-'),(240606072621314081,240606072621216094,230706110941961078,'-'),(240606072621336070,240606072621216094,230706110947483068,'-'),(240606072621363091,240606072621216094,230706110957737071,'-'),(240606072621381076,240606072621216094,230706111009075080,'-'),(240606072621395064,240606072621216094,230706111013604076,'-'),(240606072621416125,240606072621216094,230706111017876137,'-'),(240606072621431055,240606072621216094,230706111027776076,'-'),(240606072621444059,240606072621216094,230706111031993067,'-'),(240606072621458086,240606072621216094,230706111036052061,'-'),(240606072658979050,240606072658953139,230706110918027111,'-'),(240606072658997076,240606072658953139,230706110922078102,'-'),(240606072659019066,240606072658953139,230706110927223074,'-'),(240606072659033066,240606072658953139,230706110941961078,'-'),(240606072659051058,240606072658953139,230706110947483068,'-'),(240606072659066056,240606072658953139,230706110957737071,'-'),(240606072659077053,240606072658953139,230706111009075080,'-'),(240606072659087052,240606072658953139,230706111013604076,'-'),(240606072659102066,240606072658953139,230706111017876137,'-'),(240606072659121066,240606072658953139,230706111027776076,'-'),(240606072659134132,240606072658953139,230706111031993067,'-'),(240606072659152068,240606072658953139,230706111036052061,'-'),(240606072726235057,240606072726212181,230706110918027111,'-'),(240606072726250053,240606072726212181,230706110922078102,'-'),(240606072726268086,240606072726212181,230706110927223074,'-'),(240606072726283057,240606072726212181,230706110941961078,'-'),(240606072726299065,240606072726212181,230706110947483068,'-'),(240606072726314076,240606072726212181,230706110957737071,'-'),(240606072726332047,240606072726212181,230706111009075080,'-'),(240606072726345058,240606072726212181,230706111013604076,'-'),(240606072726362064,240606072726212181,230706111017876137,'-'),(240606072726387044,240606072726212181,230706111027776076,'-'),(240606072726399067,240606072726212181,230706111031993067,'-'),(240606072726412068,240606072726212181,230706111036052061,'-'),(240606072850376097,240606072850345193,230706110918027111,'-'),(240606072850393080,240606072850345193,230706110922078102,'-'),(240606072850409073,240606072850345193,230706110927223074,'-'),(240606072850428070,240606072850345193,230706110941961078,'-'),(240606072850442078,240606072850345193,230706110947483068,'-'),(240606072850457071,240606072850345193,230706110957737071,'-'),(240606072850471093,240606072850345193,230706111009075080,'-'),(240606072850487057,240606072850345193,230706111013604076,'-'),(240606072850507079,240606072850345193,230706111017876137,'-'),(240606072850522070,240606072850345193,230706111027776076,'-'),(240606072850537092,240606072850345193,230706111031993067,'-'),(240606072850553101,240606072850345193,230706111036052061,'-'),(240606072914929062,240606072914909069,230706110918027111,'-'),(240606072914942106,240606072914909069,230706110922078102,'-'),(240606072914957064,240606072914909069,230706110927223074,'-'),(240606072914971060,240606072914909069,230706110941961078,'-'),(240606072914986067,240606072914909069,230706110947483068,'-'),(240606072914999056,240606072914909069,230706110957737071,'-'),(240606072915015061,240606072914909069,230706111009075080,'-'),(240606072915029059,240606072914909069,230706111013604076,'-'),(240606072915045072,240606072914909069,230706111017876137,'-'),(240606072915059066,240606072914909069,230706111027776076,'-'),(240606072915074063,240606072914909069,230706111031993067,'-'),(240606072915090062,240606072914909069,230706111036052061,'-'),(240606072937258064,240606072937234512,230706110918027111,'-'),(240606072937275066,240606072937234512,230706110922078102,'-'),(240606072937291073,240606072937234512,230706110927223074,'-'),(240606072937307067,240606072937234512,230706110941961078,'-'),(240606072937322074,240606072937234512,230706110947483068,'-'),(240606072937334072,240606072937234512,230706110957737071,'-'),(240606072937348085,240606072937234512,230706111009075080,'-'),(240606072937364071,240606072937234512,230706111013604076,'-'),(240606072937380089,240606072937234512,230706111017876137,'-'),(240606072937396107,240606072937234512,230706111027776076,'-'),(240606072937412094,240606072937234512,230706111031993067,'-'),(240606072937425083,240606072937234512,230706111036052061,'-'),(240606073006369078,240606073006330127,230706110918027111,'-'),(240606073006404072,240606073006330127,230706110922078102,'-'),(240606073006438057,240606073006330127,230706110927223074,'-'),(240606073006473057,240606073006330127,230706110941961078,'-'),(240606073006522072,240606073006330127,230706110947483068,'-'),(240606073006555085,240606073006330127,230706110957737071,'-'),(240606073006588064,240606073006330127,230706111009075080,'-'),(240606073006633063,240606073006330127,230706111013604076,'-'),(240606073006670071,240606073006330127,230706111017876137,'-'),(240606073006725066,240606073006330127,230706111027776076,'-'),(240606073006767059,240606073006330127,230706111031993067,'-'),(240606073006815064,240606073006330127,230706111036052061,'-'),(240606073032983057,240606073032963098,230706110918027111,'-'),(240606073032997054,240606073032963098,230706110922078102,'-'),(240606073033012065,240606073032963098,230706110927223074,'-'),(240606073033029044,240606073032963098,230706110941961078,'-'),(240606073033044074,240606073032963098,230706110947483068,'-'),(240606073033065116,240606073032963098,230706110957737071,'-'),(240606073033082062,240606073032963098,230706111009075080,'-'),(240606073033097073,240606073032963098,230706111013604076,'-'),(240606073033112112,240606073032963098,230706111017876137,'-'),(240606073033129098,240606073032963098,230706111027776076,'-'),(240606073033145071,240606073032963098,230706111031993067,'-'),(240606073033160111,240606073032963098,230706111036052061,'-'),(240606073101901079,240606073101870119,230706110918027111,'-'),(240606073101924062,240606073101870119,230706110922078102,'-'),(240606073101956119,240606073101870119,230706110927223074,'-'),(240606073101985075,240606073101870119,230706110941961078,'-'),(240606073102001090,240606073101870119,230706110947483068,'-'),(240606073102029091,240606073101870119,230706110957737071,'-'),(240606073102045069,240606073101870119,230706111009075080,'-'),(240606073102060076,240606073101870119,230706111013604076,'-'),(240606073102075082,240606073101870119,230706111017876137,'-'),(240606073102091088,240606073101870119,230706111027776076,'-'),(240606073102115071,240606073101870119,230706111031993067,'-'),(240606073102135069,240606073101870119,230706111036052061,'-'),(240606073128306060,240606073128282056,230706110918027111,'-'),(240606073128326057,240606073128282056,230706110922078102,'-'),(240606073128343048,240606073128282056,230706110927223074,'-'),(240606073128359069,240606073128282056,230706110941961078,'-'),(240606073128377053,240606073128282056,230706110947483068,'-'),(240606073128391050,240606073128282056,230706110957737071,'-'),(240606073128408065,240606073128282056,230706111009075080,'-'),(240606073128424062,240606073128282056,230706111013604076,'-'),(240606073128440113,240606073128282056,230706111017876137,'-'),(240606073128469050,240606073128282056,230706111027776076,'-'),(240606073128495064,240606073128282056,230706111031993067,'-'),(240606073128509055,240606073128282056,230706111036052061,'-'),(240606073152202055,240606073152164193,230706110918027111,'-'),(240606073152215090,240606073152164193,230706110922078102,'-'),(240606073152232082,240606073152164193,230706110927223074,'-'),(240606073152246071,240606073152164193,230706110941961078,'-'),(240606073152259064,240606073152164193,230706110947483068,'-'),(240606073152274088,240606073152164193,230706110957737071,'-'),(240606073152287067,240606073152164193,230706111009075080,'-'),(240606073152303090,240606073152164193,230706111013604076,'-'),(240606073152321082,240606073152164193,230706111017876137,'-'),(240606073152338083,240606073152164193,230706111027776076,'-'),(240606073152353065,240606073152164193,230706111031993067,'-'),(240606073152367085,240606073152164193,230706111036052061,'-'),(240606073330563060,240606073330532277,230706110918027111,'-'),(240606073330579061,240606073330532277,230706110922078102,'-'),(240606073330595067,240606073330532277,230706110927223074,'-'),(240606073330613083,240606073330532277,230706110941961078,'-'),(240606073330634077,240606073330532277,230706110947483068,'-'),(240606073330649056,240606073330532277,230706110957737071,'-'),(240606073330666072,240606073330532277,230706111009075080,'-'),(240606073330685093,240606073330532277,230706111013604076,'-'),(240606073330700096,240606073330532277,230706111017876137,'-'),(240606073330716099,240606073330532277,230706111027776076,'-'),(240606073330735073,240606073330532277,230706111031993067,'-'),(240606073330752066,240606073330532277,230706111036052061,'-'),(240606073415321058,240606073415299059,230706110918027111,'-'),(240606073415335079,240606073415299059,230706110922078102,'-'),(240606073415351047,240606073415299059,230706110927223074,'-'),(240606073415368105,240606073415299059,230706110941961078,'-'),(240606073415385078,240606073415299059,230706110947483068,'-'),(240606073415610083,240606073415299059,230706110957737071,'-'),(240606073415623067,240606073415299059,230706111009075080,'-'),(240606073415637050,240606073415299059,230706111013604076,'-'),(240606073415653071,240606073415299059,230706111017876137,'-'),(240606073415669106,240606073415299059,230706111027776076,'-'),(240606073415687100,240606073415299059,230706111031993067,'-'),(240606073415714077,240606073415299059,230706111036052061,'-'),(240606073439109073,240606073439075180,230706110918027111,'-'),(240606073439131061,240606073439075180,230706110922078102,'-'),(240606073439147061,240606073439075180,230706110927223074,'-'),(240606073439159061,240606073439075180,230706110941961078,'-'),(240606073439174068,240606073439075180,230706110947483068,'-'),(240606073439191071,240606073439075180,230706110957737071,'-'),(240606073439211059,240606073439075180,230706111009075080,'-'),(240606073439225061,240606073439075180,230706111013604076,'-'),(240606073439239056,240606073439075180,230706111017876137,'-'),(240606073439253049,240606073439075180,230706111027776076,'-'),(240606073439268106,240606073439075180,230706111031993067,'-'),(240606073439287066,240606073439075180,230706111036052061,'-'),(240606073504453052,240606073504431185,230706110918027111,'-'),(240606073504469056,240606073504431185,230706110922078102,'-'),(240606073504483068,240606073504431185,230706110927223074,'-'),(240606073504499088,240606073504431185,230706110941961078,'-'),(240606073504514075,240606073504431185,230706110947483068,'-'),(240606073504529064,240606073504431185,230706110957737071,'-'),(240606073504544077,240606073504431185,230706111009075080,'-'),(240606073504559068,240606073504431185,230706111013604076,'-'),(240606073504573068,240606073504431185,230706111017876137,'-'),(240606073504588099,240606073504431185,230706111027776076,'-'),(240606073504604090,240606073504431185,230706111031993067,'-'),(240606073504620084,240606073504431185,230706111036052061,'-'),(240606073528928072,240606073528905098,230706110918027111,'-'),(240606073528943055,240606073528905098,230706110922078102,'-'),(240606073528965059,240606073528905098,230706110927223074,'-'),(240606073528989073,240606073528905098,230706110941961078,'-'),(240606073529011054,240606073528905098,230706110947483068,'-'),(240606073529026109,240606073528905098,230706110957737071,'-'),(240606073529039054,240606073528905098,230706111009075080,'-'),(240606073529057055,240606073528905098,230706111013604076,'-'),(240606073529071053,240606073528905098,230706111017876137,'-'),(240606073529104062,240606073528905098,230706111027776076,'-'),(240606073529121045,240606073528905098,230706111031993067,'-'),(240606073529137084,240606073528905098,230706111036052061,'-'),(240606074340258059,240606074340226332,230706110918027111,'-'),(240606074340288059,240606074340226332,230706110922078102,'-'),(240606074340314062,240606074340226332,230706110927223074,'-'),(240606074340331081,240606074340226332,230706110941961078,'-'),(240606074340346056,240606074340226332,230706110947483068,'-'),(240606074340361069,240606074340226332,230706110957737071,'-'),(240606074340374063,240606074340226332,230706111009075080,'-'),(240606074340393079,240606074340226332,230706111013604076,'-'),(240606074340409096,240606074340226332,230706111017876137,'-'),(240606074340425085,240606074340226332,230706111027776076,'-'),(240606074340449081,240606074340226332,230706111031993067,'-'),(240606074340468061,240606074340226332,230706111036052061,'-'),(240606074402567075,240606074402539083,230706110918027111,'-'),(240606074402590052,240606074402539083,230706110922078102,'-'),(240606074402612099,240606074402539083,230706110927223074,'-'),(240606074402630099,240606074402539083,230706110941961078,'-'),(240606074402648063,240606074402539083,230706110947483068,'-'),(240606074402673069,240606074402539083,230706110957737071,'-'),(240606074402693101,240606074402539083,230706111009075080,'-'),(240606074402719075,240606074402539083,230706111013604076,'-'),(240606074402745070,240606074402539083,230706111017876137,'-'),(240606074402762080,240606074402539083,230706111027776076,'-'),(240606074402782093,240606074402539083,230706111031993067,'-'),(240606074402800079,240606074402539083,230706111036052061,'-'),(240606074422631061,240606074422609113,230706110918027111,'-'),(240606074422649070,240606074422609113,230706110922078102,'-'),(240606074422664053,240606074422609113,230706110927223074,'-'),(240606074422679047,240606074422609113,230706110941961078,'-'),(240606074422691068,240606074422609113,230706110947483068,'-'),(240606074422707074,240606074422609113,230706110957737071,'-'),(240606074422724089,240606074422609113,230706111009075080,'-'),(240606074422740067,240606074422609113,230706111013604076,'-'),(240606074422753096,240606074422609113,230706111017876137,'-'),(240606074422768084,240606074422609113,230706111027776076,'-'),(240606074422784086,240606074422609113,230706111031993067,'-'),(240606074422798081,240606074422609113,230706111036052061,'-'),(240606074501872066,240606074501834122,230706110918027111,'-'),(240606074501897095,240606074501834122,230706110922078102,'-'),(240606074501930105,240606074501834122,230706110927223074,'-'),(240606074501959111,240606074501834122,230706110941961078,'-'),(240606074502001093,240606074501834122,230706110947483068,'-'),(240606074502031690,240606074501834122,230706110957737071,'-'),(240606074502057099,240606074501834122,230706111009075080,'-'),(240606074502084104,240606074501834122,230706111013604076,'-'),(240606074502103105,240606074501834122,230706111017876137,'-'),(240606074502122089,240606074501834122,230706111027776076,'-'),(240606074502141069,240606074501834122,230706111031993067,'-'),(240606074502169082,240606074501834122,230706111036052061,'-'),(240606074626925057,240606074626899307,230706110918027111,'-'),(240606074626940069,240606074626899307,230706110922078102,'-'),(240606074626955046,240606074626899307,230706110927223074,'-'),(240606074626968048,240606074626899307,230706110941961078,'-'),(240606074626983061,240606074626899307,230706110947483068,'-'),(240606074626997057,240606074626899307,230706110957737071,'-'),(240606074627012051,240606074626899307,230706111009075080,'-'),(240606074627026058,240606074626899307,230706111013604076,'-'),(240606074627046058,240606074626899307,230706111017876137,'-'),(240606074627070087,240606074626899307,230706111027776076,'-'),(240606074627091067,240606074626899307,230706111031993067,'-'),(240606074627108104,240606074626899307,230706111036052061,'-'),(240606075555408055,240606075555374480,230706110918027111,'-'),(240606075555422060,240606075555374480,230706110922078102,'-'),(240606075555435066,240606075555374480,230706110927223074,'-'),(240606075555450061,240606075555374480,230706110941961078,'-'),(240606075555465068,240606075555374480,230706110947483068,'-'),(240606075555481052,240606075555374480,230706110957737071,'-'),(240606075555503078,240606075555374480,230706111009075080,'-'),(240606075555518088,240606075555374480,230706111013604076,'-'),(240606075555537080,240606075555374480,230706111017876137,'-'),(240606075555553089,240606075555374480,230706111027776076,'-'),(240606075555568085,240606075555374480,230706111031993067,'-'),(240606075555584075,240606075555374480,230706111036052061,'-'),(240606075628309079,240606075628281668,230706110918027111,'-'),(240606075628383068,240606075628281668,230706110922078102,'-'),(240606075628435071,240606075628281668,230706110927223074,'-'),(240606075628531061,240606075628281668,230706110941961078,'-'),(240606075628573073,240606075628281668,230706110947483068,'-'),(240606075628596087,240606075628281668,230706110957737071,'-'),(240606075628641067,240606075628281668,230706111009075080,'-'),(240606075628702064,240606075628281668,230706111013604076,'-'),(240606075628740141,240606075628281668,230706111017876137,'-'),(240606075628783086,240606075628281668,230706111027776076,'-'),(240606075628800077,240606075628281668,230706111031993067,'-'),(240606075628815061,240606075628281668,230706111036052061,'-'),(240606075701130074,240606075701099132,230706110918027111,'-'),(240606075701186077,240606075701099132,230706110922078102,'-'),(240606075701207072,240606075701099132,230706110927223074,'-'),(240606075701232061,240606075701099132,230706110941961078,'-'),(240606075701252063,240606075701099132,230706110947483068,'-'),(240606075701277084,240606075701099132,230706110957737071,'-'),(240606075701305063,240606075701099132,230706111009075080,'-'),(240606075701345071,240606075701099132,230706111013604076,'-'),(240606075701371093,240606075701099132,230706111017876137,'-'),(240606075701396070,240606075701099132,230706111027776076,'-'),(240606075701472094,240606075701099132,230706111031993067,'-'),(240606075701499124,240606075701099132,230706111036052061,'-'),(240606075728059072,240606075728000126,230706110918027111,'-'),(240606075728081058,240606075728000126,230706110922078102,'-'),(240606075728094048,240606075728000126,230706110927223074,'-'),(240606075728108065,240606075728000126,230706110941961078,'-'),(240606075728122093,240606075728000126,230706110947483068,'-'),(240606075728140059,240606075728000126,230706110957737071,'-'),(240606075728155085,240606075728000126,230706111009075080,'-'),(240606075728175073,240606075728000126,230706111013604076,'-'),(240606075728188066,240606075728000126,230706111017876137,'-'),(240606075728203058,240606075728000126,230706111027776076,'-'),(240606075728218045,240606075728000126,230706111031993067,'-'),(240606075728232063,240606075728000126,230706111036052061,'-'),(240606075756330080,240606075756309044,230706110918027111,'-'),(240606075756343066,240606075756309044,230706110922078102,'-'),(240606075756360068,240606075756309044,230706110927223074,'-'),(240606075756374060,240606075756309044,230706110941961078,'-'),(240606075756388055,240606075756309044,230706110947483068,'-'),(240606075756400049,240606075756309044,230706110957737071,'-'),(240606075756418096,240606075756309044,230706111009075080,'-'),(240606075756446090,240606075756309044,230706111013604076,'-'),(240606075756461052,240606075756309044,230706111017876137,'-'),(240606075756479099,240606075756309044,230706111027776076,'-'),(240606075756494071,240606075756309044,230706111031993067,'-'),(240606075756507056,240606075756309044,230706111036052061,'-'),(240606075852101056,240606075852078317,230706110918027111,'-'),(240606075852116060,240606075852078317,230706110922078102,'-'),(240606075852129093,240606075852078317,230706110927223074,'-'),(240606075852146065,240606075852078317,230706110941961078,'-'),(240606075852165099,240606075852078317,230706110947483068,'-'),(240606075852182070,240606075852078317,230706110957737071,'-'),(240606075852197080,240606075852078317,230706111009075080,'-'),(240606075852211088,240606075852078317,230706111013604076,'-'),(240606075852227078,240606075852078317,230706111017876137,'-'),(240606075852246122,240606075852078317,230706111027776076,'-'),(240606075852261051,240606075852078317,230706111031993067,'-'),(240606075852275086,240606075852078317,230706111036052061,'-'),(240606075919917086,240606075919896130,230706110918027111,'-'),(240606075919935089,240606075919896130,230706110922078102,'-'),(240606075919952078,240606075919896130,230706110927223074,'-'),(240606075919968066,240606075919896130,230706110941961078,'-'),(240606075919982063,240606075919896130,230706110947483068,'-'),(240606075919999055,240606075919896130,230706110957737071,'-'),(240606075920015107,240606075919896130,230706111009075080,'-'),(240606075920029094,240606075919896130,230706111013604076,'-'),(240606075920050070,240606075919896130,230706111017876137,'-'),(240606075920065079,240606075919896130,230706111027776076,'-'),(240606075920081299,240606075919896130,230706111031993067,'-'),(240606075920111061,240606075919896130,230706111036052061,'-'),(240606080032063074,240606080032037292,230706110918027111,'-'),(240606080032079415,240606080032037292,230706110922078102,'-'),(240606080032096187,240606080032037292,230706110927223074,'-'),(240606080032111156,240606080032037292,230706110941961078,'-'),(240606080032123075,240606080032037292,230706110947483068,'-'),(240606080032136084,240606080032037292,230706110957737071,'-'),(240606080032152099,240606080032037292,230706111009075080,'-'),(240606080032172080,240606080032037292,230706111013604076,'-'),(240606080032205078,240606080032037292,230706111017876137,'-'),(240606080032226069,240606080032037292,230706111027776076,'-'),(240606080032240080,240606080032037292,230706111031993067,'-'),(240606080032254073,240606080032037292,230706111036052061,'-'),(240606080106173068,240606080106124325,230706110918027111,'-'),(240606080106195076,240606080106124325,230706110922078102,'-'),(240606080106215354,240606080106124325,230706110927223074,'-'),(240606080106245069,240606080106124325,230706110941961078,'-'),(240606080106278158,240606080106124325,230706110947483068,'-'),(240606080106310088,240606080106124325,230706110957737071,'-'),(240606080106336076,240606080106124325,230706111009075080,'-'),(240606080106358112,240606080106124325,230706111013604076,'-'),(240606080106392079,240606080106124325,230706111017876137,'-'),(240606080106420089,240606080106124325,230706111027776076,'-'),(240606080106447099,240606080106124325,230706111031993067,'-'),(240606080106473073,240606080106124325,230706111036052061,'-'),(240606080232228067,240606080232201190,230706110918027111,'-'),(240606080232245058,240606080232201190,230706110922078102,'-'),(240606080232259068,240606080232201190,230706110927223074,'-'),(240606080232276064,240606080232201190,230706110941961078,'-'),(240606080232290059,240606080232201190,230706110947483068,'-'),(240606080232303059,240606080232201190,230706110957737071,'-'),(240606080232319085,240606080232201190,230706111009075080,'-'),(240606080232334115,240606080232201190,230706111013604076,'-'),(240606080232350105,240606080232201190,230706111017876137,'-'),(240606080232370127,240606080232201190,230706111027776076,'-'),(240606080232386089,240606080232201190,230706111031993067,'-'),(240606080232401080,240606080232201190,230706111036052061,'-'),(240606080630057098,240606080630032355,230706110918027111,'-'),(240606080630083081,240606080630032355,230706110922078102,'-'),(240606080630103080,240606080630032355,230706110927223074,'-'),(240606080630130060,240606080630032355,230706110941961078,'-'),(240606080630144087,240606080630032355,230706110947483068,'-'),(240606080630159058,240606080630032355,230706110957737071,'-'),(240606080630178069,240606080630032355,230706111009075080,'-'),(240606080630196070,240606080630032355,230706111013604076,'-'),(240606080630214085,240606080630032355,230706111017876137,'-'),(240606080630241089,240606080630032355,230706111027776076,'-'),(240606080630256057,240606080630032355,230706111031993067,'-'),(240606080630273068,240606080630032355,230706111036052061,'-'),(240606081140600056,240606081140573076,230706110918027111,'-'),(240606081140623077,240606081140573076,230706110922078102,'-'),(240606081140643088,240606081140573076,230706110927223074,'-'),(240606081140658070,240606081140573076,230706110941961078,'-'),(240606081140687107,240606081140573076,230706110947483068,'-'),(240606081140705065,240606081140573076,230706110957737071,'-'),(240606081140719060,240606081140573076,230706111009075080,'-'),(240606081140733068,240606081140573076,230706111013604076,'-'),(240606081140746067,240606081140573076,230706111017876137,'-'),(240606081140768079,240606081140573076,230706111027776076,'-'),(240606081140787071,240606081140573076,230706111031993067,'-'),(240606081140807140,240606081140573076,230706111036052061,'-'),(240606081314069052,240606081314012217,230706110918027111,'-'),(240606081314113074,240606081314012217,230706110922078102,'-'),(240606081314141060,240606081314012217,230706110927223074,'-'),(240606081314168055,240606081314012217,230706110941961078,'-'),(240606081314206071,240606081314012217,230706110947483068,'RU'),(240606081314227079,240606081314012217,230706110957737071,'R'),(240606081314267099,240606081314012217,230706111009075080,'-'),(240606081314290080,240606081314012217,230706111013604076,'RU'),(240606081314319092,240606081314012217,230706111017876137,'-'),(240606081314344073,240606081314012217,230706111027776076,'-'),(240606081314383094,240606081314012217,230706111031993067,'-'),(240606081314403080,240606081314012217,230706111036052061,'R'),(240606081422320087,240606081422283375,230706110918027111,'-'),(240606081422341071,240606081422283375,230706110922078102,'-'),(240606081422370090,240606081422283375,230706110927223074,'-'),(240606081422391132,240606081422283375,230706110941961078,'-'),(240606081422412092,240606081422283375,230706110947483068,'-'),(240606081422433095,240606081422283375,230706110957737071,'-'),(240606081422455094,240606081422283375,230706111009075080,'-'),(240606081422472087,240606081422283375,230706111013604076,'-'),(240606081422504082,240606081422283375,230706111017876137,'-'),(240606081422525120,240606081422283375,230706111027776076,'-'),(240606081422548114,240606081422283375,230706111031993067,'-'),(240606081422569079,240606081422283375,230706111036052061,'-'),(240612080921017129,240612080920988074,230706110918027111,'-'),(240612080921039109,240612080920988074,230706110922078102,'-'),(240612080921055091,240612080920988074,230706110927223074,'-'),(240612080921073134,240612080920988074,230706110941961078,'-'),(240612080921092103,240612080920988074,230706110947483068,'-'),(240612080921108128,240612080920988074,230706110957737071,'-'),(240612080921124087,240612080920988074,230706111009075080,'-'),(240612080921139101,240612080920988074,230706111013604076,'-'),(240612080921154113,240612080920988074,230706111017876137,'-'),(240612080921169114,240612080920988074,230706111027776076,'-'),(240612080921185123,240612080920988074,230706111031993067,'-'),(240612080921202137,240612080920988074,230706111036052061,'-'),(240612080943361201,240612080943327109,230706110918027111,'-'),(240612080943383085,240612080943327109,230706110922078102,'-'),(240612080943398101,240612080943327109,230706110927223074,'-'),(240612080943413095,240612080943327109,230706110941961078,'-'),(240612080943431151,240612080943327109,230706110947483068,'-'),(240612080943448107,240612080943327109,230706110957737071,'-'),(240612080943466141,240612080943327109,230706111009075080,'-'),(240612080943482143,240612080943327109,230706111013604076,'-'),(240612080943501214,240612080943327109,230706111017876137,'-'),(240612080943520104,240612080943327109,230706111027776076,'-'),(240612080943538143,240612080943327109,230706111031993067,'-'),(240612080943558103,240612080943327109,230706111036052061,'-'),(240612141118285104,240612141118257392,230706110918027111,'-'),(240612141118304123,240612141118257392,230706110922078102,'-'),(240612141118317083,240612141118257392,230706110927223074,'-'),(240612141118331076,240612141118257392,230706110941961078,'-'),(240612141118348081,240612141118257392,230706110947483068,'-'),(240612141118363108,240612141118257392,230706110957737071,'-'),(240612141118376108,240612141118257392,230706111009075080,'-'),(240612141118391110,240612141118257392,230706111013604076,'-'),(240612141118406088,240612141118257392,230706111017876137,'-'),(240612141118419085,240612141118257392,230706111027776076,'-'),(240612141118434134,240612141118257392,230706111031993067,'-'),(240612141118448138,240612141118257392,230706111036052061,'-'),(240612141336259081,240612141336227383,230706110918027111,'-'),(240612141336280115,240612141336227383,230706110922078102,'-'),(240612141336297090,240612141336227383,230706110927223074,'-'),(240612141336313077,240612141336227383,230706110941961078,'-'),(240612141336332079,240612141336227383,230706110947483068,'-'),(240612141336359127,240612141336227383,230706110957737071,'-'),(240612141336374103,240612141336227383,230706111009075080,'-'),(240612141336390093,240612141336227383,230706111013604076,'-'),(240612141336408074,240612141336227383,230706111017876137,'-'),(240612141336425069,240612141336227383,230706111027776076,'-'),(240612141336440092,240612141336227383,230706111031993067,'-'),(240612141336457077,240612141336227383,230706111036052061,'-'),(240612142159310100,240612142159286077,230706110918027111,'-'),(240612142159327085,240612142159286077,230706110922078102,'-'),(240612142159342093,240612142159286077,230706110927223074,'-'),(240612142159360082,240612142159286077,230706110941961078,'-'),(240612142159375079,240612142159286077,230706110947483068,'-'),(240612142159391085,240612142159286077,230706110957737071,'-'),(240612142159405070,240612142159286077,230706111009075080,'-'),(240612142159420095,240612142159286077,230706111013604076,'-'),(240612142159435136,240612142159286077,230706111017876137,'-'),(240612142159453113,240612142159286077,230706111027776076,'-'),(240612142159469085,240612142159286077,230706111031993067,'-'),(240612142159484090,240612142159286077,230706111036052061,'-'),(240612142220797094,240612142220772110,230706110918027111,'-'),(240612142220813115,240612142220772110,230706110922078102,'-'),(240612142220829078,240612142220772110,230706110927223074,'-'),(240612142220845094,240612142220772110,230706110941961078,'-'),(240612142220859104,240612142220772110,230706110947483068,'-'),(240612142220873087,240612142220772110,230706110957737071,'-'),(240612142220887100,240612142220772110,230706111009075080,'-'),(240612142220905088,240612142220772110,230706111013604076,'-'),(240612142220919083,240612142220772110,230706111017876137,'-'),(240612142220934097,240612142220772110,230706111027776076,'-'),(240612142220947087,240612142220772110,230706111031993067,'-'),(240612142220960070,240612142220772110,230706111036052061,'-'),(240612142236248077,240612142236223180,230706110918027111,'-'),(240612142236263111,240612142236223180,230706110922078102,'-'),(240612142236280093,240612142236223180,230706110927223074,'-'),(240612142236298073,240612142236223180,230706110941961078,'-'),(240612142236313086,240612142236223180,230706110947483068,'-'),(240612142236330119,240612142236223180,230706110957737071,'-'),(240612142236344105,240612142236223180,230706111009075080,'-'),(240612142236358081,240612142236223180,230706111013604076,'-'),(240612142236378082,240612142236223180,230706111017876137,'-'),(240612142236404111,240612142236223180,230706111027776076,'-'),(240612142236421074,240612142236223180,230706111031993067,'-'),(240612142236435090,240612142236223180,230706111036052061,'-'),(240613052506641094,240613052506614091,230706110918027111,'-'),(240613052506658079,240613052506614091,230706110922078102,'-'),(240613052506679070,240613052506614091,230706110927223074,'-'),(240613052506697076,240613052506614091,230706110941961078,'-'),(240613052506716136,240613052506614091,230706110947483068,'-'),(240613052506736078,240613052506614091,230706110957737071,'-'),(240613052506756086,240613052506614091,230706111009075080,'-'),(240613052506772074,240613052506614091,230706111013604076,'-'),(240613052506787051,240613052506614091,230706111017876137,'-'),(240613052506803058,240613052506614091,230706111027776076,'-'),(240613052506820098,240613052506614091,230706111031993067,'-'),(240613052506837064,240613052506614091,230706111036052061,'-'),(240613052515073063,240613052515051087,230706110918027111,'-'),(240613052515095101,240613052515051087,230706110922078102,'-'),(240613052515111053,240613052515051087,230706110927223074,'-'),(240613052515127125,240613052515051087,230706110941961078,'-'),(240613052515141070,240613052515051087,230706110947483068,'-'),(240613052515156066,240613052515051087,230706110957737071,'-'),(240613052515173078,240613052515051087,230706111009075080,'-'),(240613052515189064,240613052515051087,230706111013604076,'-'),(240613052515205069,240613052515051087,230706111017876137,'-'),(240613052515220054,240613052515051087,230706111027776076,'-'),(240613052515235053,240613052515051087,230706111031993067,'-'),(240613052515249049,240613052515051087,230706111036052061,'-'),(240613052523681069,240613052523654057,230706110918027111,'-'),(240613052523697054,240613052523654057,230706110922078102,'-'),(240613052523715067,240613052523654057,230706110927223074,'-'),(240613052523730060,240613052523654057,230706110941961078,'-'),(240613052523745071,240613052523654057,230706110947483068,'-'),(240613052523759095,240613052523654057,230706110957737071,'-'),(240613052523775059,240613052523654057,230706111009075080,'-'),(240613052523789079,240613052523654057,230706111013604076,'-'),(240613052523804054,240613052523654057,230706111017876137,'-'),(240613052523818056,240613052523654057,230706111027776076,'-'),(240613052523832065,240613052523654057,230706111031993067,'-'),(240613052523846070,240613052523654057,230706111036052061,'-'),(240613052540794057,240613052540760150,230706110918027111,'-'),(240613052540806062,240613052540760150,230706110922078102,'RU'),(240613052540820084,240613052540760150,230706110927223074,'-'),(240613052540832057,240613052540760150,230706110941961078,'-'),(240613052540851087,240613052540760150,230706110947483068,'RU'),(240613052540866048,240613052540760150,230706110957737071,'R'),(240613052540882063,240613052540760150,230706111009075080,'-'),(240613052540897066,240613052540760150,230706111013604076,'RU'),(240613052540915057,240613052540760150,230706111017876137,'-'),(240613052540931079,240613052540760150,230706111027776076,'-'),(240613052540943061,240613052540760150,230706111031993067,'RU'),(240613052540957064,240613052540760150,230706111036052061,'R'),(240708060042189025,240708060042160028,230706110918027111,'-'),(240708060042205042,240708060042160028,230706110922078102,'-'),(240708060042221033,240708060042160028,230706110927223074,'-'),(240708060042237034,240708060042160028,230706110941961078,'-'),(240708060042253031,240708060042160028,230706110947483068,'-'),(240708060042269031,240708060042160028,230706110957737071,'-'),(240708060042284024,240708060042160028,230706111009075080,'-'),(240708060042300031,240708060042160028,230706111013604076,'-'),(240708060042314026,240708060042160028,230706111017876137,'-'),(240708060042330032,240708060042160028,230706111027776076,'-'),(240708060042345026,240708060042160028,230706111031993067,'-'),(240708060042363029,240708060042160028,230706111036052061,'-'),(240708060102364024,240708060102338018,230706110918027111,'-'),(240708060102382024,240708060102338018,230706110922078102,'-'),(240708060102396026,240708060102338018,230706110927223074,'-'),(240708060102418033,240708060102338018,230706110941961078,'-'),(240708060102437023,240708060102338018,230706110947483068,'-'),(240708060102457033,240708060102338018,230706110957737071,'-'),(240708060102475024,240708060102338018,230706111009075080,'-'),(240708060102489043,240708060102338018,230706111013604076,'-'),(240708060102503068,240708060102338018,230706111017876137,'-'),(240708060102520024,240708060102338018,230706111027776076,'-'),(240708060102540033,240708060102338018,230706111031993067,'-'),(240708060102557025,240708060102338018,230706111036052061,'-'),(240708060129151026,240708060129128026,230706110918027111,'-'),(240708060129165025,240708060129128026,230706110922078102,'-'),(240708060129180032,240708060129128026,230706110927223074,'-'),(240708060129197034,240708060129128026,230706110941961078,'-'),(240708060129212032,240708060129128026,230706110947483068,'-'),(240708060129226040,240708060129128026,230706110957737071,'-'),(240708060129242024,240708060129128026,230706111009075080,'-'),(240708060129259033,240708060129128026,230706111013604076,'-'),(240708060129273033,240708060129128026,230706111017876137,'-'),(240708060129289033,240708060129128026,230706111027776076,'-'),(240708060129305029,240708060129128026,230706111031993067,'-'),(240708060129324038,240708060129128026,230706111036052061,'-'),(240708060152125022,240708060152104020,230706110918027111,'-'),(240708060152141027,240708060152104020,230706110922078102,'-'),(240708060152157025,240708060152104020,230706110927223074,'-'),(240708060152171030,240708060152104020,230706110941961078,'-'),(240708060152186022,240708060152104020,230706110947483068,'-'),(240708060152199039,240708060152104020,230706110957737071,'-'),(240708060152214031,240708060152104020,230706111009075080,'-'),(240708060152230034,240708060152104020,230706111013604076,'-'),(240708060152247032,240708060152104020,230706111017876137,'-'),(240708060152263023,240708060152104020,230706111027776076,'-'),(240708060152282032,240708060152104020,230706111031993067,'-'),(240708060152298039,240708060152104020,230706111036052061,'-'),(240708060219554026,240708060219532019,230706110918027111,'-'),(240708060219572038,240708060219532019,230706110922078102,'-'),(240708060219585027,240708060219532019,230706110927223074,'-'),(240708060219598032,240708060219532019,230706110941961078,'-'),(240708060219613032,240708060219532019,230706110947483068,'-'),(240708060219629031,240708060219532019,230706110957737071,'-'),(240708060219646039,240708060219532019,230706111009075080,'-'),(240708060219661032,240708060219532019,230706111013604076,'-'),(240708060219675027,240708060219532019,230706111017876137,'-'),(240708060219689031,240708060219532019,230706111027776076,'-'),(240708060219701066,240708060219532019,230706111031993067,'-'),(240708060219718026,240708060219532019,230706111036052061,'-'),(240708060244969035,240708060244946018,230706110918027111,'-'),(240708060244983031,240708060244946018,230706110922078102,'-'),(240708060244998037,240708060244946018,230706110927223074,'-'),(240708060245015038,240708060244946018,230706110941961078,'-'),(240708060245031038,240708060244946018,230706110947483068,'-'),(240708060245048031,240708060244946018,230706110957737071,'-'),(240708060245065024,240708060244946018,230706111009075080,'-'),(240708060245082032,240708060244946018,230706111013604076,'-'),(240708060245097037,240708060244946018,230706111017876137,'-'),(240708060245117023,240708060244946018,230706111027776076,'-'),(240708060245129029,240708060244946018,230706111031993067,'-'),(240708060245147025,240708060244946018,230706111036052061,'-'),(240708060304259037,240708060304234017,230706110918027111,'-'),(240708060304280025,240708060304234017,230706110922078102,'-'),(240708060304301025,240708060304234017,230706110927223074,'-'),(240708060304318025,240708060304234017,230706110941961078,'-'),(240708060304338032,240708060304234017,230706110947483068,'-'),(240708060304359046,240708060304234017,230706110957737071,'-'),(240708060304379033,240708060304234017,230706111009075080,'-'),(240708060304397021,240708060304234017,230706111013604076,'-'),(240708060304417031,240708060304234017,230706111017876137,'-'),(240708060304438032,240708060304234017,230706111027776076,'-'),(240708060304456022,240708060304234017,230706111031993067,'-'),(240708060304472024,240708060304234017,230706111036052061,'-'),(240708060322752060,240708060322730025,230706110918027111,'-'),(240708060322768023,240708060322730025,230706110922078102,'-'),(240708060322795023,240708060322730025,230706110927223074,'-'),(240708060322814022,240708060322730025,230706110941961078,'-'),(240708060322835027,240708060322730025,230706110947483068,'-'),(240708060322879036,240708060322730025,230706110957737071,'-'),(240708060322894031,240708060322730025,230706111009075080,'-'),(240708060322918033,240708060322730025,230706111013604076,'-'),(240708060322932033,240708060322730025,230706111017876137,'-'),(240708060322947032,240708060322730025,230706111027776076,'-'),(240708060322965031,240708060322730025,230706111031993067,'-'),(240708060322981022,240708060322730025,230706111036052061,'-'),(240708060424187034,240708060424164028,230706110918027111,'-'),(240708060424200033,240708060424164028,230706110922078102,'-'),(240708060424212024,240708060424164028,230706110927223074,'-'),(240708060424225030,240708060424164028,230706110941961078,'-'),(240708060424239025,240708060424164028,230706110947483068,'-'),(240708060424253022,240708060424164028,230706110957737071,'-'),(240708060424267036,240708060424164028,230706111009075080,'-'),(240708060424280023,240708060424164028,230706111013604076,'-'),(240708060424293029,240708060424164028,230706111017876137,'-'),(240708060424307030,240708060424164028,230706111027776076,'-'),(240708060424320021,240708060424164028,230706111031993067,'-'),(240708060424334031,240708060424164028,230706111036052061,'-'),(240708060440353031,240708060440335041,230706110918027111,'-'),(240708060440367032,240708060440335041,230706110922078102,'-'),(240708060440379038,240708060440335041,230706110927223074,'-'),(240708060440392026,240708060440335041,230706110941961078,'-'),(240708060440403023,240708060440335041,230706110947483068,'-'),(240708060440416035,240708060440335041,230706110957737071,'-'),(240708060440429036,240708060440335041,230706111009075080,'-'),(240708060440444032,240708060440335041,230706111013604076,'-'),(240708060440457022,240708060440335041,230706111017876137,'-'),(240708060440472028,240708060440335041,230706111027776076,'-'),(240708060440486041,240708060440335041,230706111031993067,'-'),(240708060440502032,240708060440335041,230706111036052061,'-'),(240709141402188036,240709141402159059,230706110918027111,'-'),(240709141402219032,240709141402159059,230706110922078102,'-'),(240709141402240031,240709141402159059,230706110927223074,'-'),(240709141402257030,240709141402159059,230706110941961078,'-'),(240709141402275024,240709141402159059,230706110947483068,'-'),(240709141402296029,240709141402159059,230706110957737071,'-'),(240709141402320034,240709141402159059,230706111009075080,'-'),(240709141402338022,240709141402159059,230706111013604076,'-'),(240709141402351025,240709141402159059,230706111017876137,'-'),(240709141402367031,240709141402159059,230706111027776076,'-'),(240709141402385021,240709141402159059,230706111031993067,'-'),(240709141402404028,240709141402159059,230706111036052061,'-'),(240709141414974034,240709141414950030,230706110918027111,'-'),(240709141414989028,240709141414950030,230706110922078102,'-'),(240709141415011040,240709141414950030,230706110927223074,'-'),(240709141415027036,240709141414950030,230706110941961078,'-'),(240709141415047037,240709141414950030,230706110947483068,'-'),(240709141415063035,240709141414950030,230706110957737071,'-'),(240709141415077037,240709141414950030,230706111009075080,'-'),(240709141415094030,240709141414950030,230706111013604076,'-'),(240709141415111035,240709141414950030,230706111017876137,'-'),(240709141415125031,240709141414950030,230706111027776076,'-'),(240709141415138025,240709141414950030,230706111031993067,'-'),(240709141415156025,240709141414950030,230706111036052061,'-'),(240709141426543034,240709141426516026,230706110918027111,'-'),(240709141426566027,240709141426516026,230706110922078102,'-'),(240709141426585024,240709141426516026,230706110927223074,'-'),(240709141427017024,240709141426516026,230706110941961078,'-'),(240709141427038031,240709141426516026,230706110947483068,'-'),(240709141427058036,240709141426516026,230706110957737071,'-'),(240709141427077021,240709141426516026,230706111009075080,'-'),(240709141427096029,240709141426516026,230706111013604076,'-'),(240709141427119024,240709141426516026,230706111017876137,'-'),(240709141427134022,240709141426516026,230706111027776076,'-'),(240709141427150022,240709141426516026,230706111031993067,'-'),(240709141427169023,240709141426516026,230706111036052061,'-'),(240709141447240025,240709141447209023,230706110918027111,'-'),(240709141447257105,240709141447209023,230706110922078102,'-'),(240709141447274023,240709141447209023,230706110927223074,'-'),(240709141447288032,240709141447209023,230706110941961078,'-'),(240709141447306027,240709141447209023,230706110947483068,'-'),(240709141447321106,240709141447209023,230706110957737071,'-'),(240709141447337025,240709141447209023,230706111009075080,'-'),(240709141447351045,240709141447209023,230706111013604076,'-'),(240709141447368033,240709141447209023,230706111017876137,'-'),(240709141447383035,240709141447209023,230706111027776076,'-'),(240709141447398032,240709141447209023,230706111031993067,'-'),(240709141447412050,240709141447209023,230706111036052061,'-'),(240709141850776038,240709141850749026,230706110918027111,'-'),(240709141850801038,240709141850749026,230706110922078102,'-'),(240709141850819034,240709141850749026,230706110927223074,'-'),(240709141850840061,240709141850749026,230706110941961078,'-'),(240709141850857025,240709141850749026,230706110947483068,'-'),(240709141850878034,240709141850749026,230706110957737071,'-'),(240709141850896031,240709141850749026,230706111009075080,'-'),(240709141850916032,240709141850749026,230706111013604076,'-'),(240709141850937035,240709141850749026,230706111017876137,'-'),(240709141850954033,240709141850749026,230706111027776076,'-'),(240709141850974022,240709141850749026,230706111031993067,'-'),(240709141850989030,240709141850749026,230706111036052061,'-'),(240709141913479022,240709141913454045,230706110918027111,'-'),(240709141913495034,240709141913454045,230706110922078102,'-'),(240709141913514023,240709141913454045,230706110927223074,'-'),(240709141913533031,240709141913454045,230706110941961078,'-'),(240709141913551040,240709141913454045,230706110947483068,'-'),(240709141913577031,240709141913454045,230706110957737071,'-'),(240709141913597029,240709141913454045,230706111009075080,'-'),(240709141913614032,240709141913454045,230706111013604076,'-'),(240709141913629036,240709141913454045,230706111017876137,'-'),(240709141913643037,240709141913454045,230706111027776076,'-'),(240709141913658035,240709141913454045,230706111031993067,'-'),(240709141913674027,240709141913454045,230706111036052061,'-'),(240709141927276031,240709141927247026,230706110918027111,'-'),(240709141927296031,240709141927247026,230706110922078102,'-'),(240709141927316030,240709141927247026,230706110927223074,'-'),(240709141927331038,240709141927247026,230706110941961078,'-'),(240709141927349031,240709141927247026,230706110947483068,'-'),(240709141927367030,240709141927247026,230706110957737071,'-'),(240709141927384046,240709141927247026,230706111009075080,'-'),(240709141927401031,240709141927247026,230706111013604076,'-'),(240709141927419027,240709141927247026,230706111017876137,'-'),(240709141927436026,240709141927247026,230706111027776076,'-'),(240709141927450030,240709141927247026,230706111031993067,'-'),(240709141927463022,240709141927247026,230706111036052061,'-'),(240712070042287026,240712070042261052,230706110918027111,'-'),(240712070042306017,240712070042261052,230706110922078102,'-'),(240712070042319041,240712070042261052,230706110927223074,'-'),(240712070042334025,240712070042261052,230706110941961078,'-'),(240712070042349027,240712070042261052,230706110947483068,'-'),(240712070042368025,240712070042261052,230706110957737071,'-'),(240712070042386019,240712070042261052,230706111009075080,'-'),(240712070042403075,240712070042261052,230706111013604076,'-'),(240712070042419027,240712070042261052,230706111017876137,'-'),(240712070042440026,240712070042261052,230706111027776076,'-'),(240712070042460022,240712070042261052,230706111031993067,'-'),(240712070042475020,240712070042261052,230706111036052061,'-'),(240712070051669024,240712070051647016,230706110918027111,'-'),(240712070051686038,240712070051647016,230706110922078102,'-'),(240712070051702025,240712070051647016,230706110927223074,'-'),(240712070051718023,240712070051647016,230706110941961078,'-'),(240712070051746025,240712070051647016,230706110947483068,'-'),(240712070051764183,240712070051647016,230706110957737071,'-'),(240712070051781033,240712070051647016,230706111009075080,'-'),(240712070051799078,240712070051647016,230706111013604076,'-'),(240712070051817028,240712070051647016,230706111017876137,'-'),(240712070051842018,240712070051647016,230706111027776076,'-'),(240712070051859024,240712070051647016,230706111031993067,'-'),(240712070051876021,240712070051647016,230706111036052061,'-'),(240712070100413020,240712070100390017,230706110918027111,'-'),(240712070100430028,240712070100390017,230706110922078102,'-'),(240712070100444024,240712070100390017,230706110927223074,'-'),(240712070100461026,240712070100390017,230706110941961078,'-'),(240712070100478024,240712070100390017,230706110947483068,'-'),(240712070100490025,240712070100390017,230706110957737071,'-'),(240712070100508027,240712070100390017,230706111009075080,'-'),(240712070100523024,240712070100390017,230706111013604076,'-'),(240712070100537022,240712070100390017,230706111017876137,'-'),(240712070100551015,240712070100390017,230706111027776076,'-'),(240712070100568026,240712070100390017,230706111031993067,'-'),(240712070100585016,240712070100390017,230706111036052061,'-'),(240719071232147024,240719071232124013,230706110918027111,'-'),(240719071232166025,240719071232124013,230706110922078102,'-'),(240719071232186019,240719071232124013,230706110927223074,'-'),(240719071232200035,240719071232124013,230706110941961078,'-'),(240719071232216023,240719071232124013,230706110947483068,'-'),(240719071232235019,240719071232124013,230706110957737071,'-'),(240719071232265025,240719071232124013,230706111009075080,'-'),(240719071232286024,240719071232124013,230706111013604076,'-'),(240719071232302027,240719071232124013,230706111017876137,'-'),(240719071232316026,240719071232124013,230706111027776076,'-'),(240719071232337023,240719071232124013,230706111031993067,'-'),(240719071232354018,240719071232124013,230706111036052061,'-'),(240719071240810028,240719071240786013,230706110918027111,'-'),(240719071240829020,240719071240786013,230706110922078102,'-'),(240719071240854035,240719071240786013,230706110927223074,'-'),(240719071240877027,240719071240786013,230706110941961078,'-'),(240719071240894023,240719071240786013,230706110947483068,'-'),(240719071240912029,240719071240786013,230706110957737071,'-'),(240719071240932029,240719071240786013,230706111009075080,'-'),(240719071240949028,240719071240786013,230706111013604076,'-'),(240719071240965019,240719071240786013,230706111017876137,'-'),(240719071240979016,240719071240786013,230706111027776076,'-'),(240719071240993024,240719071240786013,230706111031993067,'-'),(240719071241007018,240719071240786013,230706111036052061,'-'),(240719071249352027,240719071249169014,230706110918027111,'-'),(240719071249607025,240719071249169014,230706110922078102,'-'),(240719071249928021,240719071249169014,230706110927223074,'-'),(240719071250105018,240719071249169014,230706110941961078,'-'),(240719071250214031,240719071249169014,230706110947483068,'-'),(240719071250239032,240719071249169014,230706110957737071,'-'),(240719071250260019,240719071249169014,230706111009075080,'-'),(240719071250279043,240719071249169014,230706111013604076,'-'),(240719071250296031,240719071249169014,230706111017876137,'-'),(240719071250315019,240719071249169014,230706111027776076,'-'),(240719071250332021,240719071249169014,230706111031993067,'-'),(240719071250348020,240719071249169014,230706111036052061,'-'),(240719071300702020,240719071300511018,230706110918027111,'-'),(240719071300779025,240719071300511018,230706110922078102,'-'),(240719071300793021,240719071300511018,230706110927223074,'-'),(240719071300809028,240719071300511018,230706110941961078,'-'),(240719071300828034,240719071300511018,230706110947483068,'-'),(240719071300846020,240719071300511018,230706110957737071,'-'),(240719071300863019,240719071300511018,230706111009075080,'-'),(240719071300877025,240719071300511018,230706111013604076,'-'),(240719071300890030,240719071300511018,230706111017876137,'-'),(240719071300903022,240719071300511018,230706111027776076,'-'),(240719071300921021,240719071300511018,230706111031993067,'-'),(240719071300938027,240719071300511018,230706111036052061,'-'),(240719071312510018,240719071312482019,230706110918027111,'-'),(240719071312528027,240719071312482019,230706110922078102,'-'),(240719071312546019,240719071312482019,230706110927223074,'-'),(240719071312569025,240719071312482019,230706110941961078,'-'),(240719071312589020,240719071312482019,230706110947483068,'-'),(240719071312611018,240719071312482019,230706110957737071,'-'),(240719071312630019,240719071312482019,230706111009075080,'-'),(240719071312656026,240719071312482019,230706111013604076,'-'),(240719071312680025,240719071312482019,230706111017876137,'-'),(240719071312700028,240719071312482019,230706111027776076,'-'),(240719071312721016,240719071312482019,230706111031993067,'-'),(240719071312740017,240719071312482019,230706111036052061,'-'),(240724132038412022,240724132038385024,230706110918027111,'-'),(240724132038428026,240724132038385024,230706110922078102,'-'),(240724132038442025,240724132038385024,230706110927223074,'-'),(240724132038454032,240724132038385024,230706110941961078,'-'),(240724132038468019,240724132038385024,230706110947483068,'-'),(240724132038481018,240724132038385024,230706110957737071,'-'),(240724132038495026,240724132038385024,230706111009075080,'-'),(240724132038512026,240724132038385024,230706111013604076,'-'),(240724132038530020,240724132038385024,230706111017876137,'-'),(240724132038549026,240724132038385024,230706111027776076,'-'),(240724132038562025,240724132038385024,230706111031993067,'-'),(240724132038578032,240724132038385024,230706111036052061,'-'),(240724132048579021,240724132048558023,230706110918027111,'-'),(240724132048595027,240724132048558023,230706110922078102,'-'),(240724132048612033,240724132048558023,230706110927223074,'-'),(240724132048630023,240724132048558023,230706110941961078,'-'),(240724132048646031,240724132048558023,230706110947483068,'-'),(240724132048665019,240724132048558023,230706110957737071,'-'),(240724132048680024,240724132048558023,230706111009075080,'-'),(240724132048694018,240724132048558023,230706111013604076,'-'),(240724132048715023,240724132048558023,230706111017876137,'-'),(240724132048730029,240724132048558023,230706111027776076,'-'),(240724132048746029,240724132048558023,230706111031993067,'-'),(240724132048762020,240724132048558023,230706111036052061,'-'),(240819064541352031,240819064541325015,230706110918027111,'-'),(240819064541372028,240819064541325015,230706110922078102,'-'),(240819064541397026,240819064541325015,230706110927223074,'-'),(240819064541417032,240819064541325015,230706110941961078,'-'),(240819064541434026,240819064541325015,230706110947483068,'-'),(240819064541465027,240819064541325015,230706110957737071,'-'),(240819064541490026,240819064541325015,230706111009075080,'-'),(240819064541513025,240819064541325015,230706111013604076,'-'),(240819064541532028,240819064541325015,230706111017876137,'-'),(240819064541555027,240819064541325015,230706111027776076,'-'),(240819064541572025,240819064541325015,230706111031993067,'-'),(240819064541593030,240819064541325015,230706111036052061,'-'),(240819064548596026,240819064548564013,230706110918027111,'-'),(240819064548612022,240819064548564013,230706110922078102,'-'),(240819064548630020,240819064548564013,230706110927223074,'-'),(240819064548645017,240819064548564013,230706110941961078,'-'),(240819064548660030,240819064548564013,230706110947483068,'-'),(240819064548685027,240819064548564013,230706110957737071,'-'),(240819064548701025,240819064548564013,230706111009075080,'-'),(240819064548720019,240819064548564013,230706111013604076,'-'),(240819064548738032,240819064548564013,230706111017876137,'-'),(240819064548758027,240819064548564013,230706111027776076,'-'),(240819064548777026,240819064548564013,230706111031993067,'-'),(240819064548801017,240819064548564013,230706111036052061,'-'),(240819064557353026,240819064557329017,230706110918027111,'-'),(240819064557370019,240819064557329017,230706110922078102,'-'),(240819064557387026,240819064557329017,230706110927223074,'-'),(240819064557403030,240819064557329017,230706110941961078,'-'),(240819064557419018,240819064557329017,230706110947483068,'-'),(240819064557437025,240819064557329017,230706110957737071,'-'),(240819064557454037,240819064557329017,230706111009075080,'-'),(240819064557473026,240819064557329017,230706111013604076,'-'),(240819064557496059,240819064557329017,230706111017876137,'-'),(240819064557510025,240819064557329017,230706111027776076,'-'),(240819064557527018,240819064557329017,230706111031993067,'-'),(240819064557542024,240819064557329017,230706111036052061,'-'),(240819064605603023,240819064605572013,230706110918027111,'-'),(240819064605629025,240819064605572013,230706110922078102,'-'),(240819064605669034,240819064605572013,230706110927223074,'-'),(240819064605691034,240819064605572013,230706110941961078,'-'),(240819064605726025,240819064605572013,230706110947483068,'-'),(240819064605745020,240819064605572013,230706110957737071,'-'),(240819064605762026,240819064605572013,230706111009075080,'-'),(240819064605787026,240819064605572013,230706111013604076,'-'),(240819064605806017,240819064605572013,230706111017876137,'-'),(240819064605826018,240819064605572013,230706111027776076,'-'),(240819064605841025,240819064605572013,230706111031993067,'-'),(240819064605856021,240819064605572013,230706111036052061,'-'),(240819064614996019,240819064614972021,230706110918027111,'-'),(240819064615017024,240819064614972021,230706110922078102,'-'),(240819064615046019,240819064614972021,230706110927223074,'-'),(240819064615062028,240819064614972021,230706110941961078,'-'),(240819064615080017,240819064614972021,230706110947483068,'-'),(240819064615096017,240819064614972021,230706110957737071,'-'),(240819064615113026,240819064614972021,230706111009075080,'-'),(240819064615129026,240819064614972021,230706111013604076,'-'),(240819064615149024,240819064614972021,230706111017876137,'-'),(240819064615164026,240819064614972021,230706111027776076,'-'),(240819064615179023,240819064614972021,230706111031993067,'-'),(240819064615195023,240819064614972021,230706111036052061,'-'),(240819075725605029,240819075725580013,230706110918027111,'-'),(240819075725621024,240819075725580013,230706110922078102,'-'),(240819075725636017,240819075725580013,230706110927223074,'-'),(240819075725650019,240819075725580013,230706110941961078,'-'),(240819075725665027,240819075725580013,230706110947483068,'-'),(240819075725685018,240819075725580013,230706110957737071,'-'),(240819075725703018,240819075725580013,230706111009075080,'-'),(240819075725718018,240819075725580013,230706111013604076,'-'),(240819075725733018,240819075725580013,230706111017876137,'-'),(240819075725764020,240819075725580013,230706111027776076,'-'),(240819075725781026,240819075725580013,230706111031993067,'-'),(240819075725801026,240819075725580013,230706111036052061,'-'),(240819075733843028,240819075733814019,230706110918027111,'-'),(240819075733858029,240819075733814019,230706110922078102,'-'),(240819075733875027,240819075733814019,230706110927223074,'-'),(240819075733894038,240819075733814019,230706110941961078,'-'),(240819075733915027,240819075733814019,230706110947483068,'-'),(240819075733934020,240819075733814019,230706110957737071,'-'),(240819075733952043,240819075733814019,230706111009075080,'-'),(240819075733967026,240819075733814019,230706111013604076,'-'),(240819075733985026,240819075733814019,230706111017876137,'-'),(240819075734007026,240819075733814019,230706111027776076,'-'),(240819075734029031,240819075733814019,230706111031993067,'-'),(240819075734048025,240819075733814019,230706111036052061,'-'),(240819075743833029,240819075743805019,230706110918027111,'-'),(240819075743852025,240819075743805019,230706110922078102,'-'),(240819075743872030,240819075743805019,230706110927223074,'-'),(240819075743898020,240819075743805019,230706110941961078,'-'),(240819075743913026,240819075743805019,230706110947483068,'-'),(240819075743933019,240819075743805019,230706110957737071,'-'),(240819075743951024,240819075743805019,230706111009075080,'-'),(240819075743969020,240819075743805019,230706111013604076,'-'),(240819075743991025,240819075743805019,230706111017876137,'-'),(240819075744009048,240819075743805019,230706111027776076,'-'),(240819075744026048,240819075743805019,230706111031993067,'-'),(240819075744043019,240819075743805019,230706111036052061,'-'),(240819075753718021,240819075753695018,230706110918027111,'-'),(240819075753735027,240819075753695018,230706110922078102,'-'),(240819075753751029,240819075753695018,230706110927223074,'-'),(240819075753766018,240819075753695018,230706110941961078,'-'),(240819075753785024,240819075753695018,230706110947483068,'-'),(240819075753803020,240819075753695018,230706110957737071,'-'),(240819075753820026,240819075753695018,230706111009075080,'-'),(240819075753837026,240819075753695018,230706111013604076,'-'),(240819075753855024,240819075753695018,230706111017876137,'-'),(240819075753868020,240819075753695018,230706111027776076,'-'),(240819075753888025,240819075753695018,230706111031993067,'-'),(240819075753904027,240819075753695018,230706111036052061,'-'),(240819075801792023,240819075801766017,230706110918027111,'-'),(240819075801811028,240819075801766017,230706110922078102,'-'),(240819075801831026,240819075801766017,230706110927223074,'-'),(240819075801849025,240819075801766017,230706110941961078,'-'),(240819075801868028,240819075801766017,230706110947483068,'-'),(240819075801890027,240819075801766017,230706110957737071,'-'),(240819075801912024,240819075801766017,230706111009075080,'-'),(240819075801929030,240819075801766017,230706111013604076,'-'),(240819075801947025,240819075801766017,230706111017876137,'-'),(240819075801963028,240819075801766017,230706111027776076,'-'),(240819075801982052,240819075801766017,230706111031993067,'-'),(240819075801999026,240819075801766017,230706111036052061,'-'),(240820071203847025,240820071203772079,230706110918027111,'-'),(240820071203946019,240820071203772079,230706110922078102,'-'),(240820071203996025,240820071203772079,230706110927223074,'-'),(240820071204028023,240820071203772079,230706110941961078,'-'),(240820071204053024,240820071203772079,230706110947483068,'-'),(240820071204112021,240820071203772079,230706110957737071,'-'),(240820071204145032,240820071203772079,230706111009075080,'-'),(240820071204175024,240820071203772079,230706111013604076,'-'),(240820071204216025,240820071203772079,230706111017876137,'-'),(240820071204266026,240820071203772079,230706111027776076,'-'),(240820071204298018,240820071203772079,230706111031993067,'-'),(240820071204335057,240820071203772079,230706111036052061,'-');


